{"id":978,"date":"2019-11-18T11:57:59","date_gmt":"2019-11-18T10:57:59","guid":{"rendered":"http:\/\/5.189.168.161\/hbs-fuerth\/?page_id=978"},"modified":"2022-11-25T11:34:09","modified_gmt":"2022-11-25T10:34:09","slug":"lernen","status":"publish","type":"page","link":"https:\/\/www.xn--hbs-frth-b6a.de\/index.php\/lernen\/","title":{"rendered":"Lernen"},"content":{"rendered":"<p>[et_pb_section fb_built=&#8220;1&#8243; _builder_version=&#8220;4.0.6&#8243;][et_pb_row _builder_version=&#8220;4.0.6&#8243;][et_pb_column type=&#8220;4_4&#8243; _builder_version=&#8220;4.0.6&#8243;][et_pb_text _builder_version=&#8220;4.0.6&#8243;]<\/p>\n<h1>Links rund ums Lernen<\/h1>\n<p>[\/et_pb_text][et_pb_divider _builder_version=&#8220;4.0.6&#8243;][\/et_pb_divider][\/et_pb_column][\/et_pb_row][et_pb_row column_structure=&#8220;3_4,1_4&#8243; _builder_version=&#8220;4.0.6&#8243;][et_pb_column type=&#8220;3_4&#8243; _builder_version=&#8220;4.0.6&#8243;][et_pb_text _builder_version=&#8220;4.0.6&#8243; link_font=&#8220;||||on||||&#8220; hover_enabled=&#8220;0&#8243;]<\/p>\n<div class=\"Preview_row__3Fkye row\">\n<div class=\"Preview_componentWrapper__2i4QI\" data-id=\"D47A4541-F29F-4C03-9A66-8BD2D7DD36FD\" data-kind=\"TEXT\">\n<div class=\"Preview_component__SbiKo\" data-id=\"D47A4541-F29F-4C03-9A66-8BD2D7DD36FD\" data-kind=\"Component\" data-specific-kind=\"TEXT\">\n<div class=\"styles_contentContainer__lrPIa textnormal styles_text__3jGMu\">\u00a0<\/div>\n<\/div>\n<p class=\"textheading1\">\n<div class=\"Preview_component__SbiKo\" data-id=\"D47A4541-F29F-4C03-9A66-8BD2D7DD36FD\" data-kind=\"Component\" data-specific-kind=\"TEXT\">\n<div class=\"styles_contentContainer__lrPIa textnormal styles_text__3jGMu\">\u00a0<\/div>\n<\/div>\n<\/div>\n<\/div>\n<div class=\"Preview_row__3Fkye row\">\n<div class=\"Preview_componentWrapper__2i4QI\" data-id=\"EB9711C5-E1C8-41FA-A8F1-9B8DE9AF94D9\" data-kind=\"TABLE\">\n<div class=\"Preview_component__SbiKo\" data-id=\"EB9711C5-E1C8-41FA-A8F1-9B8DE9AF94D9\" data-kind=\"Component\" data-specific-kind=\"TABLE\">\n<table class=\"Table_texttable__2GrpI\">\n<colgroup>\n<col width=\"187\" \/>\n<col width=\"187\" \/>\n<col width=\"187\" \/>\n<col width=\"187\" \/><\/colgroup>\n<tbody>\n<tr>\n<td class=\"cellnormal\">\n<div class=\"styles_contentContainer__lrPIa textnormal styles_text__3jGMu\">\n<p>Name<\/p>\n<\/div>\n<\/td>\n<td class=\"cellnormal\">\n<div class=\"styles_contentContainer__lrPIa textnormal styles_text__3jGMu\">\n<p>Adresse<\/p>\n<\/div>\n<\/td>\n<td class=\"cellnormal\">\n<div class=\"styles_contentContainer__lrPIa textnormal styles_text__3jGMu\">\n<p>Fach<\/p>\n<\/div>\n<\/td>\n<td class=\"cellnormal\">\n<div class=\"styles_contentContainer__lrPIa textnormal styles_text__3jGMu\">\n<p>Beschreibung<\/p>\n<\/div>\n<\/td>\n<\/tr>\n<tr>\n<td class=\"cellnormal\">\n<div class=\"styles_contentContainer__lrPIa textnormal styles_text__3jGMu\">\n<p>Hessischer Bildungsserver<\/p>\n<\/div>\n<\/td>\n<td class=\"cellnormal\">\n<div class=\"styles_contentContainer__lrPIa textnormal styles_text__3jGMu\">\n<p><a class=\"link1\" href=\"http:\/\/dms.bildung.hessen.de\/news\/index.html\">dms.bildung.hessen.de\/news\/index.html<\/a><\/p>\n<\/div>\n<\/td>\n<td class=\"cellnormal\">\n<div class=\"styles_contentContainer__lrPIa textnormal styles_text__3jGMu\">\n<p>allgemein<\/p>\n<\/div>\n<\/td>\n<td class=\"cellnormal\">\n<div class=\"styles_contentContainer__lrPIa textnormal styles_text__3jGMu\">\n<p>Der Bildungsserver Hessen ist die erste Anlaufstation, wenn es um Schule in Hessen handelt.<\/p>\n<\/div>\n<\/td>\n<\/tr>\n<tr>\n<td class=\"cellnormal\">\n<div class=\"styles_contentContainer__lrPIa textnormal styles_text__3jGMu\">\n<p>Englisch-Hilfen.de<\/p>\n<\/div>\n<\/td>\n<td class=\"cellnormal\">\n<div class=\"styles_contentContainer__lrPIa textnormal styles_text__3jGMu\">\n<p><a class=\"link1\" href=\"http:\/\/www.englisch-hilfen.de\/exercises_list\/alle_grammar.htm\">http:\/\/www.englisch-hilfen.de\/exercises_list\/alle_grammar.htm<\/a><\/p>\n<\/div>\n<\/td>\n<td class=\"cellnormal\">\n<div class=\"styles_contentContainer__lrPIa textnormal styles_text__3jGMu\">\n<p>Englisch<\/p>\n<\/div>\n<\/td>\n<td class=\"cellnormal\">\n<div class=\"styles_contentContainer__lrPIa textnormal styles_text__3jGMu\">\n<p>Diese Seite bietet viele Grammatik\u00fcbungen f\u00fcr den Englischunterricht<\/p>\n<\/div>\n<\/td>\n<\/tr>\n<tr>\n<td class=\"cellnormal\">\n<div class=\"styles_contentContainer__lrPIa textnormal styles_text__3jGMu\">\n<p>grammar-horror.de<\/p>\n<\/div>\n<\/td>\n<td class=\"cellnormal\">\n<div class=\"styles_contentContainer__lrPIa textnormal styles_text__3jGMu\">\n<p><a class=\"link1\" href=\"http:\/\/www.grammar-horror.de\/index.php\">http:\/\/www.grammar-horror.de\/index.php<\/a><\/p>\n<\/div>\n<\/td>\n<td class=\"cellnormal\">\n<div class=\"styles_contentContainer__lrPIa textnormal styles_text__3jGMu\">\n<p>Englisch<\/p>\n<\/div>\n<\/td>\n<td class=\"cellnormal\">\n<div class=\"styles_contentContainer__lrPIa textnormal styles_text__3jGMu\">\n<p>Diese Seite bietet keinen Grammatik-Horror, sondern Materialien zur Pr\u00fcfungsvorbereitung zum Download und viele Spiele in und mit englischer Sprache.<\/p>\n<\/div>\n<\/td>\n<\/tr>\n<tr>\n<td class=\"cellnormal\">\n<div class=\"styles_contentContainer__lrPIa textnormal styles_text__3jGMu\">\n<p>pages.infinit<\/p>\n<\/div>\n<\/td>\n<td class=\"cellnormal\">\n<div class=\"styles_contentContainer__lrPIa textnormal styles_text__3jGMu\">\n<p><a class=\"link1\" href=\"http:\/\/pages.infinit.net\/jaser2\">pages.infinit.net\/jaser2<\/a><\/p>\n<\/div>\n<\/td>\n<td class=\"cellnormal\">\n<div class=\"styles_contentContainer__lrPIa textnormal styles_text__3jGMu\">\n<p>Franz\u00f6sisch<\/p>\n<\/div>\n<\/td>\n<td class=\"cellnormal\">\n<div class=\"styles_contentContainer__lrPIa textnormal styles_text__3jGMu\">\n<p>Diese Seite bietet verschiedene interaktive \u00dcbungen zur franz\u00f6sischen Sprache.<\/p>\n<\/div>\n<\/td>\n<\/tr>\n<tr>\n<td class=\"cellnormal\">\n<div class=\"styles_contentContainer__lrPIa textnormal styles_text__3jGMu\">\n<p>Le Conjugueur<\/p>\n<\/div>\n<\/td>\n<td class=\"cellnormal\">\n<div class=\"styles_contentContainer__lrPIa textnormal styles_text__3jGMu\">\n<p><a class=\"link1\" href=\"http:\/\/www.leconjugueur.com\/\">http:\/\/www.leconjugueur.com\/<\/a><\/p>\n<\/div>\n<\/td>\n<td class=\"cellnormal\">\n<div class=\"styles_contentContainer__lrPIa textnormal styles_text__3jGMu\">\n<p>Franz\u00f6sisch<\/p>\n<\/div>\n<\/td>\n<td class=\"cellnormal\">\n<div class=\"styles_contentContainer__lrPIa textnormal styles_text__3jGMu\">\n<p>Auf dieser Seite bekommt man Hilfe bei der Konjugation franz\u00f6sischer Verben.<\/p>\n<\/div>\n<\/td>\n<\/tr>\n<tr>\n<td class=\"cellnormal\">\n<div class=\"styles_contentContainer__lrPIa textnormal styles_text__3jGMu\">\n<p>Unkelbach, Thomas<\/p>\n<\/div>\n<\/td>\n<td class=\"cellnormal\">\n<div class=\"styles_contentContainer__lrPIa textnormal styles_text__3jGMu\">\n<p><a class=\"link1\" href=\"http:\/\/www.thomas-unkelbach.de\/m\/a10\/a10index.html\">www.thomas-unkelbach.de\/m\/a10\/a10index.html<\/a><\/p>\n<\/div>\n<\/td>\n<td class=\"cellnormal\">\n<div class=\"styles_contentContainer__lrPIa textnormal styles_text__3jGMu\">\n<p>Mathematik<\/p>\n<\/div>\n<\/td>\n<td class=\"cellnormal\">\n<div class=\"styles_contentContainer__lrPIa textnormal styles_text__3jGMu\">\n<p>Thomas Unkelbach liefert hier eine Sammlung von alten Pr\u00fcfungsaufgaben, sortiert nach den Bundesl\u00e4ndern.<\/p>\n<\/div>\n<\/td>\n<\/tr>\n<tr>\n<td class=\"cellnormal\">\n<div class=\"styles_contentContainer__lrPIa textnormal styles_text__3jGMu\">\n<p>Geogebra<\/p>\n<\/div>\n<\/td>\n<td class=\"cellnormal\">\n<div class=\"styles_contentContainer__lrPIa textnormal styles_text__3jGMu\">\n<p><a class=\"link1\" href=\"http:\/\/www.geogebra.org\/\">http:\/\/www.geogebra.org\/<\/a><\/p>\n<\/div>\n<\/td>\n<td class=\"cellnormal\">\n<div class=\"styles_contentContainer__lrPIa textnormal styles_text__3jGMu\">\n<p>Mathematik<\/p>\n<\/div>\n<\/td>\n<td class=\"cellnormal\">\n<div class=\"styles_contentContainer__lrPIa textnormal styles_text__3jGMu\">\n<p>GeoGebra ist eine kostenlose und plattformunabh\u00e4ngige dynamische Mathematik Software f\u00fcr Schulen, die Geometrie, Algebra und Analysis verbindet. Sie l\u00e4sst sich aus dem Intenet starten oder lokal installieren.<\/p>\n<\/div>\n<\/td>\n<\/tr>\n<tr>\n<td class=\"cellnormal\">\n<div class=\"styles_contentContainer__lrPIa textnormal styles_text__3jGMu\">\n<p>RealMath<\/p>\n<\/div>\n<\/td>\n<td class=\"cellnormal\">\n<div class=\"styles_contentContainer__lrPIa textnormal styles_text__3jGMu\">\n<p><a class=\"link1\" href=\"http:\/\/www.realmath.de\/\">www.realmath.de\/<\/a><\/p>\n<\/div>\n<\/td>\n<td class=\"cellnormal\">\n<div class=\"styles_contentContainer__lrPIa textnormal styles_text__3jGMu\">\n<p>Mathematik<\/p>\n<\/div>\n<\/td>\n<td class=\"cellnormal\">\n<div class=\"styles_contentContainer__lrPIa textnormal styles_text__3jGMu\">\n<p>Interaktive \u00dcbungen und Materialien auf B-Kurs-Niveau<\/p>\n<\/div>\n<\/td>\n<\/tr>\n<tr>\n<td class=\"cellnormal\">\n<div class=\"styles_contentContainer__lrPIa textnormal styles_text__3jGMu\">\n<p>Fendt, Walter<\/p>\n<\/div>\n<\/td>\n<td class=\"cellnormal\">\n<div class=\"styles_contentContainer__lrPIa textnormal styles_text__3jGMu\">\n<p><a class=\"link1\" href=\"http:\/\/www.walter-fendt.de\/ph14d\/\">http:\/\/www.walter-fendt.de\/ph14d\/<\/a><\/p>\n<\/div>\n<\/td>\n<td class=\"cellnormal\">\n<div class=\"styles_contentContainer__lrPIa textnormal styles_text__3jGMu\">\n<p>Physik<\/p>\n<\/div>\n<\/td>\n<td class=\"cellnormal\">\n<div class=\"styles_contentContainer__lrPIa textnormal styles_text__3jGMu\">\n<p>Die Seite von Walter Fendt liefert JAVA-Applets, mit deren Hilfe physikalische Versuche interaktiv simuliert werden k\u00f6nnen.<\/p>\n<\/div>\n<\/td>\n<\/tr>\n<tr>\n<td class=\"cellnormal\">\n<div class=\"styles_contentContainer__lrPIa textnormal styles_text__3jGMu\">\n<p>Unkelbach, Thomas<\/p>\n<\/div>\n<\/td>\n<td class=\"cellnormal\">\n<div class=\"styles_contentContainer__lrPIa textnormal styles_text__3jGMu\">\n<p><a class=\"link1\" href=\"http:\/\/www.thomas-unkelbach.de\/\">http:\/\/www.thomas-unkelbach.de\/<\/a><\/p>\n<\/div>\n<\/td>\n<td class=\"cellnormal\">\n<div class=\"styles_contentContainer__lrPIa textnormal styles_text__3jGMu\">\n<p>Physik<\/p>\n<\/div>\n<\/td>\n<td class=\"cellnormal\">\n<div class=\"styles_contentContainer__lrPIa textnormal styles_text__3jGMu\">\n<p>Diese Seite beitet nicht nur Erkl\u00e4rungen aus den einzelnen Teilbereichen der Physik, sondern auch Simulationen von Versuchen.<\/p>\n<\/div>\n<\/td>\n<\/tr>\n<tr>\n<td class=\"cellnormal\">\n<div class=\"styles_contentContainer__lrPIa textnormal styles_text__3jGMu\">\n<p>Schulphysik.de<\/p>\n<\/div>\n<\/td>\n<td class=\"cellnormal\">\n<div class=\"styles_contentContainer__lrPIa textnormal styles_text__3jGMu\">\n<p><a class=\"link1\" href=\"http:\/\/www.schulphysik.de\/java\/physlet\/\">http:\/\/www.schulphysik.de\/java\/physlet\/<\/a><\/p>\n<\/div>\n<\/td>\n<td class=\"cellnormal\">\n<div class=\"styles_contentContainer__lrPIa textnormal styles_text__3jGMu\">\n<p>Physik<\/p>\n<\/div>\n<\/td>\n<td class=\"cellnormal\">\n<div class=\"styles_contentContainer__lrPIa textnormal styles_text__3jGMu\">\n<p>Die Seite liefert JAVA-Applets f\u00fcr die Simulation von verschiedensten physikalischen Versuchen.<\/p>\n<\/div>\n<\/td>\n<\/tr>\n<\/tbody>\n<\/table>\n<\/div>\n<\/div>\n<\/div>\n<p>[\/et_pb_text][\/et_pb_column][et_pb_column type=&#8220;1_4&#8243; _builder_version=&#8220;4.0.6&#8243;][et_pb_blog posts_number=&#8220;3&#8243; _builder_version=&#8220;4.0.6&#8243;][\/et_pb_blog][\/et_pb_column][\/et_pb_row][\/et_pb_section]<\/p>\n","protected":false},"excerpt":{"rendered":"<p>[et_pb_section fb_built=&#8220;1&#8243; _builder_version=&#8220;4.0.6&#8243;][et_pb_row _builder_version=&#8220;4.0.6&#8243;][et_pb_column type=&#8220;4_4&#8243; _builder_version=&#8220;4.0.6&#8243;][et_pb_text _builder_version=&#8220;4.0.6&#8243;] Links rund ums Lernen [\/et_pb_text][et_pb_divider _builder_version=&#8220;4.0.6&#8243;][\/et_pb_divider][\/et_pb_column][\/et_pb_row][et_pb_row column_structure=&#8220;3_4,1_4&#8243; _builder_version=&#8220;4.0.6&#8243;][et_pb_column type=&#8220;3_4&#8243; _builder_version=&#8220;4.0.6&#8243;][et_pb_text _builder_version=&#8220;4.0.6&#8243; link_font=&#8220;||||on||||&#8220; hover_enabled=&#8220;0&#8243;] \u00a0 \u00a0 Name Adresse Fach Beschreibung Hessischer Bildungsserver dms.bildung.hessen.de\/news\/index.html allgemein Der Bildungsserver Hessen ist die erste Anlaufstation, wenn es um Schule in Hessen handelt. Englisch-Hilfen.de http:\/\/www.englisch-hilfen.de\/exercises_list\/alle_grammar.htm Englisch Diese Seite bietet viele Grammatik\u00fcbungen f\u00fcr den Englischunterricht [&hellip;]<\/p>\n","protected":false},"author":2,"featured_media":0,"parent":0,"menu_order":0,"comment_status":"closed","ping_status":"closed","template":"","meta":{"_et_pb_use_builder":"on","_et_pb_old_content":"","footnotes":""},"class_list":["post-978","page","type-page","status-publish","hentry"],"_links":{"self":[{"href":"https:\/\/www.xn--hbs-frth-b6a.de\/index.php\/wp-json\/wp\/v2\/pages\/978","targetHints":{"allow":["GET"]}}],"collection":[{"href":"https:\/\/www.xn--hbs-frth-b6a.de\/index.php\/wp-json\/wp\/v2\/pages"}],"about":[{"href":"https:\/\/www.xn--hbs-frth-b6a.de\/index.php\/wp-json\/wp\/v2\/types\/page"}],"author":[{"embeddable":true,"href":"https:\/\/www.xn--hbs-frth-b6a.de\/index.php\/wp-json\/wp\/v2\/users\/2"}],"replies":[{"embeddable":true,"href":"https:\/\/www.xn--hbs-frth-b6a.de\/index.php\/wp-json\/wp\/v2\/comments?post=978"}],"version-history":[{"count":7,"href":"https:\/\/www.xn--hbs-frth-b6a.de\/index.php\/wp-json\/wp\/v2\/pages\/978\/revisions"}],"predecessor-version":[{"id":6249,"href":"https:\/\/www.xn--hbs-frth-b6a.de\/index.php\/wp-json\/wp\/v2\/pages\/978\/revisions\/6249"}],"wp:attachment":[{"href":"https:\/\/www.xn--hbs-frth-b6a.de\/index.php\/wp-json\/wp\/v2\/media?parent=978"}],"curies":[{"name":"wp","href":"https:\/\/api.w.org\/{rel}","templated":true}]}}