{"id":6318,"date":"2022-12-07T11:26:52","date_gmt":"2022-12-07T10:26:52","guid":{"rendered":"https:\/\/www.xn--hbs-frth-b6a.de\/?page_id=6318"},"modified":"2022-12-07T11:26:54","modified_gmt":"2022-12-07T10:26:54","slug":"informatik-cansat","status":"publish","type":"page","link":"https:\/\/www.xn--hbs-frth-b6a.de\/index.php\/informatik-cansat\/","title":{"rendered":"Informatik: CanSat"},"content":{"rendered":"<p>[et_pb_section fb_built=&#8220;1&#8243; _builder_version=&#8220;4.0.6&#8243;][et_pb_row column_structure=&#8220;3_4,1_4&#8243; _builder_version=&#8220;4.0.6&#8243;][et_pb_column type=&#8220;3_4&#8243; _builder_version=&#8220;4.0.6&#8243;][et_pb_text _builder_version=&#8220;4.0.6&#8243; hover_enabled=&#8220;0&#8243;]<\/p>\n<h1 class=\"textheading1\">Informatik: CanSat<\/h1>\n<p>&nbsp;<\/p>\n<h2>Ein Wettbewerb f\u00fcr Sch\u00fclerinnen und Sch\u00fcler<\/h2>\n<p>Ein CanSat ist ein &#8222;Satellit&#8220; in der Gr\u00f6\u00dfe einer Getr\u00e4nkedose, der von Sch\u00fcler-Teams entwickelt, gebaut und programmiert wird. Dieser Mini-Satellit wird mit einer Rakete auf eine H\u00f6he von mehreren hundert Metern gebracht und sinkt dann an einem Fallschirm zu Boden. Dabei soll der Satellit Messungen durchf\u00fchren und andere Aufgaben ausf\u00fchren, f\u00fcr die er konstruiert worden ist.<\/p>\n<p>&nbsp;<\/p>\n<p>Ein CanSat dient als Modell einer echten Weltraummission, da im Wesentlichen dieselben Phasen durchlaufen werden, die auch bei einer echten Weltraummission durchlaufen werden: Planung der Mission, Konstruktion des Satelliten, Test der einzelnen Komponenten und des Gesamtsystems, Durchf\u00fchrung der Mission, Aufbereitung und Auswertung der Daten, Kommunikation der Ergebnisse. Auf diese Weise bietet der CanSat-Wettbewerb engagierten und begabten Sch\u00fclerinnen und Sch\u00fclern die M\u00f6glichkeit zu einer ersten praktischen und authentischen Erfahrung mit einem Raumfahrtprojekt.<\/p>\n<p>&nbsp;<\/p>\n<p>Der Deutsche CanSat-Wettbewerb ist in den internationalen Wettbewerb der Europ\u00e4ischen Weltraumbeh\u00f6rde (ESA) eingebunden. Die Sieger des Deutschen Wettbewerbs sind qualifiziert, am Europ\u00e4ischen Wettbewerb teilzunehmen.<\/p>\n<p>[\/et_pb_text][\/et_pb_column][et_pb_column type=&#8220;1_4&#8243; _builder_version=&#8220;4.0.6&#8243;][et_pb_blog posts_number=&#8220;3&#8243; include_categories=&#8220;24,28,10,9,7,26&#8243; _builder_version=&#8220;4.0.6&#8243;][\/et_pb_blog][\/et_pb_column][\/et_pb_row][\/et_pb_section]<\/p>\n","protected":false},"excerpt":{"rendered":"<p>[et_pb_section fb_built=&#8220;1&#8243; _builder_version=&#8220;4.0.6&#8243;][et_pb_row column_structure=&#8220;3_4,1_4&#8243; _builder_version=&#8220;4.0.6&#8243;][et_pb_column type=&#8220;3_4&#8243; _builder_version=&#8220;4.0.6&#8243;][et_pb_text _builder_version=&#8220;4.0.6&#8243; hover_enabled=&#8220;0&#8243;] Informatik: CanSat &nbsp; Ein Wettbewerb f\u00fcr Sch\u00fclerinnen und Sch\u00fcler Ein CanSat ist ein &#8222;Satellit&#8220; in der Gr\u00f6\u00dfe einer Getr\u00e4nkedose, der von Sch\u00fcler-Teams entwickelt, gebaut und programmiert wird. Dieser Mini-Satellit wird mit einer Rakete auf eine H\u00f6he von mehreren hundert Metern gebracht und sinkt dann an einem [&hellip;]<\/p>\n","protected":false},"author":1,"featured_media":0,"parent":0,"menu_order":0,"comment_status":"closed","ping_status":"closed","template":"","meta":{"_et_pb_use_builder":"on","_et_pb_old_content":"","footnotes":""},"class_list":["post-6318","page","type-page","status-publish","hentry"],"_links":{"self":[{"href":"https:\/\/www.xn--hbs-frth-b6a.de\/index.php\/wp-json\/wp\/v2\/pages\/6318","targetHints":{"allow":["GET"]}}],"collection":[{"href":"https:\/\/www.xn--hbs-frth-b6a.de\/index.php\/wp-json\/wp\/v2\/pages"}],"about":[{"href":"https:\/\/www.xn--hbs-frth-b6a.de\/index.php\/wp-json\/wp\/v2\/types\/page"}],"author":[{"embeddable":true,"href":"https:\/\/www.xn--hbs-frth-b6a.de\/index.php\/wp-json\/wp\/v2\/users\/1"}],"replies":[{"embeddable":true,"href":"https:\/\/www.xn--hbs-frth-b6a.de\/index.php\/wp-json\/wp\/v2\/comments?post=6318"}],"version-history":[{"count":2,"href":"https:\/\/www.xn--hbs-frth-b6a.de\/index.php\/wp-json\/wp\/v2\/pages\/6318\/revisions"}],"predecessor-version":[{"id":6321,"href":"https:\/\/www.xn--hbs-frth-b6a.de\/index.php\/wp-json\/wp\/v2\/pages\/6318\/revisions\/6321"}],"wp:attachment":[{"href":"https:\/\/www.xn--hbs-frth-b6a.de\/index.php\/wp-json\/wp\/v2\/media?parent=6318"}],"curies":[{"name":"wp","href":"https:\/\/api.w.org\/{rel}","templated":true}]}}