{"id":5303,"date":"2022-03-13T14:17:42","date_gmt":"2022-03-13T13:17:42","guid":{"rendered":"https:\/\/www.xn--hbs-frth-b6a.de\/?page_id=5303"},"modified":"2024-02-29T12:40:03","modified_gmt":"2024-02-29T11:40:03","slug":"barrierefreiheit-erklaerung","status":"publish","type":"page","link":"https:\/\/www.xn--hbs-frth-b6a.de\/index.php\/barrierefreiheit-erklaerung\/","title":{"rendered":"Barrierefreiheit: Erkl\u00e4rung"},"content":{"rendered":"<p>[et_pb_section fb_built=&#8220;1&#8243; _builder_version=&#8220;4.0.6&#8243;][et_pb_row column_structure=&#8220;3_4,1_4&#8243; _builder_version=&#8220;4.0.6&#8243;][et_pb_column type=&#8220;3_4&#8243; _builder_version=&#8220;4.0.6&#8243;][et_pb_text _builder_version=&#8220;4.0.6&#8243; link_font=&#8220;||||on||||&#8220; hover_enabled=&#8220;0&#8243;]<\/p>\n<h1><strong>Erkl\u00e4rung zur Barrierefreiheit<\/strong><\/h1>\n<p><strong>Herausgegeben von der\u00a0<\/strong><strong>Durchsetzungs- und \u00dcberwachungsstelle\u00a0<\/strong><strong>f\u00fcr barrierefreie IT des Landes Hessens (LBIT)<\/strong><\/p>\n<p><strong><em>Hinweis: <\/em><\/strong>Diese Erkl\u00e4rung zur digitalen Barrierefreiheit gilt f\u00fcr die unter https:\/\/www.hbs-f\u00fcrth.de und unter https:\/\/www.hbs-fuerth.de ver\u00f6ffentlichte Website der Heinrich-B\u00f6ll-Schule in F\u00fcrth\/Odw.<\/p>\n<p>Als \u00f6ffentliche Stelle im Sinne der Richtlinie (EU) 2016\/2102 sind wir bem\u00fcht,\u00a0unsere Websites und mobilen Anwendungen im Einklang mit den Bestimmungen des\u00a0Hessischen Behinderten-Gleichstellungsgesetzes (HessBGG) sowie der Hessischen Verordnung \u00fcber barrierefreie Informationstechnik (HVBIT) zur Umsetzung der Richtlinie (EU) 2016\/2102 barrierefrei zug\u00e4nglich zu machen.<\/p>\n<h2><strong>Stand der Vereinbarkeit mit den Anforderungen<\/strong><\/h2>\n<p>Die Anforderungen der Barrierefreiheit ergeben sich aus \u00a7 3 Abs\u00e4tze 1 bis 4 und \u00a7 4\u00a0der HVBIT, die auf der Grundlage von \u00a714 des HessBGG erlassen wurde.<\/p>\n<p>Die \u00dcberpr\u00fcfung der Einhaltung der Anforderungen beruht auf einer vom Landeskompetenzzentrum f\u00fcr Barrierefreie IT Durchsetzungs- und \u00dcberwachungsstelle (Regierungspr\u00e4sidium Gie\u00dfen \u00dcberwachungsstelle des Landes Hessen) im Zeitraum vom 01.03.2022 \u2013 02.03.2022 vorgenommenen Bewertung durch Vereinfachte \u00dcberwachung.<\/p>\n<p>Zus\u00e4tzlich haben wir mit dem online-Tool WAVE (https:\/\/wave.webaim.org\/) eine \u00dcberpr\u00fcfung der Seiten vorgenommen und alle gezeigten Fehler beseitigt.<\/p>\n<h2><strong>Nicht barrierefreie Inhalte<\/strong><\/h2>\n<p>Aufgrund der \u00dcberpr\u00fcfung ist die Website mit den zuvor genannten Anforderungen nicht vereinbar.<\/p>\n<h2><strong>Unvereinbarkeit mit der HVBIT<\/strong><\/h2>\n<p>Die nachstehend aufgef\u00fchrten Inhalte sind unvereinbar mit \u00a73 Absatz 1 der HVBIT und aus folgenden Gr\u00fcnden nicht barrierefrei:<\/p>\n<h3>Barriere:<\/h3>\n<h4>Beschreibung<\/h4>\n<p>Alternativtexte f\u00fcr Bedienelemente sind noch nicht fl\u00e4chendeckend umgesetzt, Alternativtexte f\u00fcr Grafiken und Objekte sind noch nicht fl\u00e4chendeckend umgesetzt, Leere alt-Attribute f\u00fcr Layoutgrafiken sind noch zu finden, HTML-Strukturelemente f\u00fcr \u00dcberschriften sind noch nicht \u00fcberall eingehalten, HTML-Strukturelemente f\u00fcr Listen sind noch zu verbessern, HTML-Strukturelemente f\u00fcr Zitate sind nicht \u00fcberall umgesetzt, Inhalte sind nicht \u00fcberall ausreichend gegliedert, sinnvolle Reihenfolge von Informationen muss noch an einigen Stellen umgesetzt werden, einige Seiten sind ohne Farben nicht nutzbar, der ausreichende Kontrast von Texten ist nicht \u00fcberall gegeben, es werden an einigen Stellen noch Schriftgrafiken eingesetzt, nicht alle eingeblendeten Inhalte sind ohne Hilfsmittel bedienbar oder ohne Maus nutzbar, Bereiche sind teilweise nicht \u00fcberspringbar, nicht alle Dokumenttitel sind sinnvoll oder als solche zu erkennen, nicht alle Links sind aussagekr\u00e4ftig oder ohne Hilfsmittel zu erkennen, der Fokus des Mauszeigers ist nicht ohne Weiteres erkennbar, nicht bei allen Formularelementen ist eine Beschriftung erkennbar, die Syntax von Programmelementen ist nicht immer korrekt (z.B. Name, Rolle, Wert erkennbar).<\/p>\n<h4>Ma\u00dfnahmen<\/h4>\n<p>Die oben genannten M\u00e4ngel werden analysiert und zeitnah abgestellt. Die \u00fcberwiegende Zahl der M\u00e4ngel betrifft Grafiken und den Kalender. Die Grafiken werden bereits aktuell \u00fcberarbeitet. Die M\u00e4ngel des Kalenders m\u00fcssen von Hersteller abgestellt werden. Mittlerweile haben wir den Kalender auf einen vom Land Hessen zur Verf\u00fcgung erstellten online-Kalender umgestellt.<\/p>\n<h4>Zeitplan<\/h4>\n<p>Wir gehen von einer sukzessiven Abstellung der gravierendsten M\u00e4ngel, insbesondere von Dokumenten. Layout-Funktionen und Grafiken bis 31.12.2022 aus.<\/p>\n<h4>Barrierefreie Alternative<\/h4>\n<p>Da die meisten M\u00e4ngel relativ kurzfristig abgestellt werden, ist eine zus\u00e4tzliche online-Information nicht geplant. Die Bereitstellung \u00fcber Information zu unserer Schule ist auch immer \u00fcber eine email-Anfrage oder telefonisch m\u00f6glich.<\/p>\n<h4><strong>Geplante Ma\u00dfnahmen <\/strong><\/h4>\n<p>Folgende Ma\u00dfnahmen zur Erreichung der Barrierefreiheit sind bis 31.12.2024 geplant:<\/p>\n<p>Strukturierung verlinkter pdf-Dokument<\/p>\n<p>Folgende Inhalte sind aufgrund der Absicht, ein h\u00f6heres Ma\u00df an digitaler Barrierefreiheit als gesetzlich gefordert umzusetzen, bereits realisiert:<\/p>\n<ul>\n<li>\u00dcberschriften werden nicht aufgeteilt (08.03.2022)<\/li>\n<li>Logo ist mit alternativem Text versehen (13.03.2022)<\/li>\n<li>Wir verwenden den Online-Kalender des Schulportals Hessen (01.08.2022)<\/li>\n<li>Grafiken sind mit Alternativtexten versehen (03.09.2022).<\/li>\n<li>Alle HTML-Seiten werden einheitlich strukturiert (\u00dcberschriften sind mit HTML-Elementen strukturiert) (16.09.2022).<\/li>\n<li>Anpassung des Layouts und der Bedienelemente (Men\u00fcs 23.09.2022).<\/li>\n<li>Der Kontrast des Men\u00fcs wurde deutlich verst\u00e4rkt. (01.10.2022)<\/li>\n<li>Listen haben grunds\u00e4tzlich mindestens zwei Items (3.11.2022)<\/li>\n<li>Links werden deutlich erkennbar als solche gekennzeichnet (alle farblich und\/oder durch Unterstreichung gekennzeichnet) (25.11.2022)<\/li>\n<\/ul>\n<p>&nbsp;<\/p>\n<p><strong>Datum der Erstellung der Erkl\u00e4rung zur Barrierefreiheit<\/strong><\/p>\n<p>Diese Erkl\u00e4rung wurde am 08.03.2022 erstellt und zuletzt am 29.02.2024 \u00fcberpr\u00fcft und aktualisiert.<\/p>\n<p><strong>\u00a0<\/strong><\/p>\n<h2><strong>Feedback und Anfragen zur digitalen Barrierefreiheit<\/strong><\/h2>\n<p>Sie m\u00f6chten uns noch bestehende Barrieren mitteilen oder nicht barrierefreie Inhalte in einem barrierefreien Format anfordern? Sprechen Sie unsere verantwortlichen Kontaktpersonen an:<\/p>\n<p>&nbsp;<\/p>\n<h3><strong>Ansprechperson Barrierefreiheit der Heinrich-B\u00f6ll-Schule, F\u00fcrth\/Odw.<\/strong><\/h3>\n<p>Alexander Hauptmann<\/p>\n<p>Telefon: +49 6253 87082 &#8211; 0<\/p>\n<p>E-Mail: <a href=\"mailto:Heinrich-Boell-Schule@kreis-bergstrasse.de\">Heinrich-Boell-Schule@kreis-bergstrasse.de<\/a><\/p>\n<p>Link zum Feedback-Mechanismus: \u201e<a href=\"mailto:Heinrich-Boell-Schule@kreis-bergstrasse.de\">Barrieren melden<\/a>\u201c. (Ein online-Formular befindet sich in Arbeit)<\/p>\n<h3><strong>Durchsetzungsverfahren <\/strong><\/h3>\n<p>Wenn auch nach Ihrem Feedback an den oben genannten Kontakt keine\u00a0zufriedenstellende L\u00f6sung gefunden wurde, k\u00f6nnen Sie die Durchsetzungs- und\u00a0\u00dcberwachungsstelle Barrierefreie Informationstechnik einschalten. Sie haben nach Ablauf einer Frist von sechs Wochen das Recht sich direkt an die Durchsetzungs- und \u00dcberwachungsstelle zu wenden. Unter Einbeziehung aller Beteiligten versucht die Ombudsstelle, die Umst\u00e4nde der fehlenden Barrierefreiheit zu ermitteln, damit der Tr\u00e4ger diese beheben kann.<\/p>\n<p><strong>\u00a0<\/strong><strong>Durchsetzungs- und \u00dcberwachungsstelle Barrierefreie Informationstechnik<\/strong><\/p>\n<p><strong>Hessisches Ministerium f\u00fcr Soziales und Integration<\/strong><\/p>\n<p><strong>Sitz: Regierungspr\u00e4sidium Gie\u00dfen<\/strong><\/p>\n<p>Prof. Dr. Erdmuthe Meyer zu Bexten<\/p>\n<p>Landesbeauftragte f\u00fcr barrierefreie IT<\/p>\n<p>Leiterin der Durchsetzungs- und \u00dcberwachungsstelle<\/p>\n<p>Landgraf-Philipp-Platz 1-7<\/p>\n<p>35390 Gie\u00dfen<\/p>\n<p>Telefon: +49 641 303 &#8211; 2901<\/p>\n<p>E-Mail: <a href=\"mailto:Durchsetzungsstelle-LBIT@rpgi.hessen.de\">Durchsetzungsstelle-LBIT@rpgi.hessen.de<\/a><\/p>\n<p>&nbsp;<\/p>\n<p><a href=\"https:\/\/lbit.hessen.de\/Durchsetzungs-und-Ueberwachungsstelle\/Durchsetzungsverfahren-beantragen\/Formular-Durchsetzungsverfahren\"><strong>Durchsetzung beantragen<\/strong><\/a><\/p>\n<p>[\/et_pb_text][\/et_pb_column][et_pb_column type=&#8220;1_4&#8243; _builder_version=&#8220;4.0.6&#8243;][et_pb_blog posts_number=&#8220;3&#8243; _builder_version=&#8220;4.0.6&#8243;][\/et_pb_blog][\/et_pb_column][\/et_pb_row][\/et_pb_section]<\/p>\n","protected":false},"excerpt":{"rendered":"<p>[et_pb_section fb_built=&#8220;1&#8243; _builder_version=&#8220;4.0.6&#8243;][et_pb_row column_structure=&#8220;3_4,1_4&#8243; _builder_version=&#8220;4.0.6&#8243;][et_pb_column type=&#8220;3_4&#8243; _builder_version=&#8220;4.0.6&#8243;][et_pb_text _builder_version=&#8220;4.0.6&#8243; link_font=&#8220;||||on||||&#8220; hover_enabled=&#8220;0&#8243;] Erkl\u00e4rung zur Barrierefreiheit Herausgegeben von der\u00a0Durchsetzungs- und \u00dcberwachungsstelle\u00a0f\u00fcr barrierefreie IT des Landes Hessens (LBIT) Hinweis: Diese Erkl\u00e4rung zur digitalen Barrierefreiheit gilt f\u00fcr die unter https:\/\/www.hbs-f\u00fcrth.de und unter https:\/\/www.hbs-fuerth.de ver\u00f6ffentlichte Website der Heinrich-B\u00f6ll-Schule in F\u00fcrth\/Odw. Als \u00f6ffentliche Stelle im Sinne der Richtlinie (EU) 2016\/2102 sind wir [&hellip;]<\/p>\n","protected":false},"author":1,"featured_media":0,"parent":0,"menu_order":0,"comment_status":"closed","ping_status":"closed","template":"","meta":{"_et_pb_use_builder":"on","_et_pb_old_content":"","footnotes":""},"class_list":["post-5303","page","type-page","status-publish","hentry"],"_links":{"self":[{"href":"https:\/\/www.xn--hbs-frth-b6a.de\/index.php\/wp-json\/wp\/v2\/pages\/5303","targetHints":{"allow":["GET"]}}],"collection":[{"href":"https:\/\/www.xn--hbs-frth-b6a.de\/index.php\/wp-json\/wp\/v2\/pages"}],"about":[{"href":"https:\/\/www.xn--hbs-frth-b6a.de\/index.php\/wp-json\/wp\/v2\/types\/page"}],"author":[{"embeddable":true,"href":"https:\/\/www.xn--hbs-frth-b6a.de\/index.php\/wp-json\/wp\/v2\/users\/1"}],"replies":[{"embeddable":true,"href":"https:\/\/www.xn--hbs-frth-b6a.de\/index.php\/wp-json\/wp\/v2\/comments?post=5303"}],"version-history":[{"count":16,"href":"https:\/\/www.xn--hbs-frth-b6a.de\/index.php\/wp-json\/wp\/v2\/pages\/5303\/revisions"}],"predecessor-version":[{"id":12184,"href":"https:\/\/www.xn--hbs-frth-b6a.de\/index.php\/wp-json\/wp\/v2\/pages\/5303\/revisions\/12184"}],"wp:attachment":[{"href":"https:\/\/www.xn--hbs-frth-b6a.de\/index.php\/wp-json\/wp\/v2\/media?parent=5303"}],"curies":[{"name":"wp","href":"https:\/\/api.w.org\/{rel}","templated":true}]}}