{"id":4315,"date":"2021-07-03T09:34:57","date_gmt":"2021-07-03T07:34:57","guid":{"rendered":"https:\/\/www.xn--hbs-frth-b6a.de\/?page_id=4315"},"modified":"2021-07-03T09:34:57","modified_gmt":"2021-07-03T07:34:57","slug":"wpu-seifenherstellung","status":"publish","type":"page","link":"https:\/\/www.xn--hbs-frth-b6a.de\/index.php\/wpu-seifenherstellung\/","title":{"rendered":"WPU-Seifenherstellung"},"content":{"rendered":"<p>[et_pb_section fb_built=&#8220;1&#8243; _builder_version=&#8220;4.0.6&#8243;][et_pb_row column_structure=&#8220;3_4,1_4&#8243; _builder_version=&#8220;4.0.6&#8243;][et_pb_column type=&#8220;3_4&#8243; _builder_version=&#8220;4.0.6&#8243;][et_pb_text _builder_version=&#8220;4.0.6&#8243;]<\/p>\n<h1 class=\"textheading1\">Erfahrungsbericht: Seifenherstellung<\/h1>\n<p>Liebe Besucherinnen und Besucher. Herzlich Willkommen auf unserer Website der HBS.<br \/> <img loading=\"lazy\" decoding=\"async\" src=\"https:\/\/www.xn--hbs-frth-b6a.de\/wp-content\/uploads\/2021\/07\/Seifen-Ausstellung1-300x188.jpg\" width=\"300\" height=\"188\" alt=\"\" class=\"wp-image-4616 aligncenter size-medium\" \/><\/p>\n<p><strong>Die Seife: Gold Wash<\/strong><\/p>\n<p>Wir, die Hersteller der Handseife \u201eGold Wash\u201c m\u00f6chten euch gerne unsere Erfahrungen, die wir bei der Herstellung der Seife gewonnen haben, mitteilen.<img loading=\"lazy\" decoding=\"async\" src=\"https:\/\/www.xn--hbs-frth-b6a.de\/wp-content\/uploads\/2021\/07\/Fertig-Gold-Wash.png\" width=\"280\" height=\"215\" alt=\"\" class=\"wp-image-4613 aligncenter size-full\" \/><\/p>\n<p>Am Anfang waren wir nerv\u00f6s, weil es f\u00fcr uns unvorstellbar war eine feste Seife herzustellen. Doch schlie\u00dflich \u00fcberwanden wir unsere Unvorstellbarkeit und fingen damit an Duftstoffe f\u00fcr unsere Seife auszuw\u00e4hlen.<\/p>\n<p>Nach einer langen Auswahl einigten wir uns auf einen Duftstoff, der im Bereich Beauty sehr vorstellbar ist, es handelt sich um den bekannten Duftstoff \u201eBlueberry\u201c. Dann bereiteten wir unsere Materialien vor und fingen sofort an zu arbeiten. Jeder bekam etwas zu tun. Zwei unserer Gruppe k\u00fcmmerten sich um den Bau der Beh\u00e4lter der Seifen, die anderen zwei k\u00fcmmerten sich um die Herstellung der Seife. Dabei hatten wir sehr viel Spa\u00df und arbeiteten als Team sehr konzentriert und genau. Anhand dieses Projekts kann man schlussendlich sagen, dass man sich w\u00e4hrend der Arbeit besser kennen lernt und man hat eine berufliche Orientierung, ob man sp\u00e4ter vielleicht einen Beruf im chemischen Bereich aus\u00fcbt. Das waren unsere besonderen Erfahrungen, beim Herstellen der Seife. Doch jetzt kommen wir zu den Besonderheiten unserer Seife:<\/p>\n<p>Unsere Seife enth\u00e4lt einen Inhaltsstoff, welcher in anderen Seifen nicht sehr oft vorhanden ist \u2013 n\u00e4mlich Ziegenmilchpulver. Au\u00dferdem ist unsere Seife f\u00fcr Beauty-Zwecke optimiert. Unsere Seife bietet den Benutzerinnen und Benutzern ein sch\u00f6nes Wascherlebnis mit leichtem Blaubeerduft.<br \/> <strong><em>Davut, Arpad, Amir, Francesca<\/em><\/strong><\/p>\n<p>[\/et_pb_text][et_pb_image src=&#8220;https:\/\/www.xn--hbs-frth-b6a.de\/wp-content\/uploads\/2021\/05\/1-Seife.png&#8220; align=&#8220;center&#8220; _builder_version=&#8220;4.0.6&#8243; width=&#8220;88.8%&#8220; custom_margin=&#8220;|172px||47px||&#8220; custom_padding=&#8220;|78px||71px||&#8220;][\/et_pb_image][et_pb_text _builder_version=&#8220;4.0.6&#8243;]<\/p>\n<p><strong>Die Seife: Blueberry Vanilla Cream<\/strong><\/p>\n<p>Wir haben uns f\u00fcr das Seifenrezept entschieden, weil wir m\u00f6glichst alle Hauttypen erreichen wollten. Wir haben uns f\u00fcr die D\u00fcfte Vanilla und Blueberry entschieden, weil sie am neutralsten riechen und ein Wohlgef\u00fchl dabei aufkommt. Die Farben der Seife sollen die D\u00fcfte repr\u00e4sentieren. Das Blau soll Blueberry repr\u00e4sentieren und das Creme den Vanilleduft. Die Seife haben wir in der Schule hergestellt mit unserem WPU-Lehrer Herr Ke\u00dfler. Die Herstellung war sehr spannend und eine neue Erfahrung f\u00fcr uns alle.<strong><img loading=\"lazy\" decoding=\"async\" src=\"https:\/\/www.xn--hbs-frth-b6a.de\/wp-content\/uploads\/2021\/07\/Fertig-Blueberry-Vanilla-Cream.png\" width=\"238\" height=\"258\" alt=\"\" class=\"wp-image-4614 aligncenter size-full\" \/><\/strong><\/p>\n<p>Hauttypen: F\u00fcr alle Hauttypen<\/p>\n<p>Seifenmanufaktur Ourewald<\/p>\n<p>Vielen Dank f\u00fcr Ihre Bestellung unserer mit Liebe hergestellten Seife. Bei den Inhaltsstoffen handelt es sich um ausgew\u00e4hlte und nat\u00fcrliche Produkte. Die Seife ist eine nat\u00fcrliche, handgemachte Seife.<\/p>\n<p>Liebe Gr\u00fc\u00dfe von:<\/p>\n<p><strong><em>Riana, Helen, Nicolas, Lucas und Sophie<\/em><\/strong><\/p>\n<p>&nbsp;<\/p>\n<p><strong>Die Seife: Dye<\/strong><\/p>\n<p>Zu Beginn der Seifenherstellung mussten wir uns f\u00fcr die Zutaten unserer Seife entscheiden. Wir mussten uns auch f\u00fcr die Farb- und Duftstoffe entscheiden.<img loading=\"lazy\" decoding=\"async\" src=\"https:\/\/www.xn--hbs-frth-b6a.de\/wp-content\/uploads\/2021\/07\/Fertig-Dye-300x196.jpg\" width=\"300\" height=\"196\" alt=\"\" class=\"wp-image-4615 aligncenter size-medium\" \/><\/p>\n<p>Wir mussten au\u00dferdem das ben\u00f6tigte Natriumhydroxid f\u00fcr die Verseifung der Zutaten ausrechnen.<\/p>\n<p>Nachdem alle Zutaten da waren, konnte die Herstellung der Seife beginnen. Wir mussten die Zutaten, die wir vorher ausgew\u00e4hlt hatten, abwiegen und erhitzen. Wir haben uns f\u00fcr Oliven-, Kokos-, Distel-, Rizinus- und Hanf\u00f6l entschieden. Zusammen mit der Seifenlauge wurden diese zum Seifenleim, welcher mit Mandelmilch verfeinert wurde. Danach wurde der Duftstoff Lemon Verbena und Sandelholz hinzugegeben, um der Seife ihren angenehmen Geruch zu geben.<\/p>\n<p>Danach wurde der Seifenleim in zwei Sch\u00fcsseln aufgeteilt, um sie f\u00fcr das Zweifarbige Aussehen der Seife mit den Farben Rot und Orange zu f\u00e4rben. Die beiden farbigen Leime wurden nacheinander in eine Form gegeben. Eine Woche sp\u00e4ter konnte die Seife in St\u00fccke geschnitten werden, die zum Reifen ausgelegt wurden.<\/p>\n<p>Danach wurden die St\u00fccke jede Woche gewogen, um die Reifung und den Wasserverlust der Seife zu verfolgen.<\/p>\n<p>Auch die Verpackung der Seife musste von uns entworfen und hergestellt werden.<\/p>\n<p><img loading=\"lazy\" decoding=\"async\" src=\"https:\/\/www.xn--hbs-frth-b6a.de\/wp-content\/uploads\/2021\/05\/2-Seife.png\" width=\"430\" height=\"577\" alt=\"\" class=\"wp-image-4329 aligncenter size-full\" \/><\/p>\n<p>&nbsp;<\/p>\n<table style=\"width: 845px; border-color: #ffffff; margin-left: auto; margin-right: auto;\">\n<tbody>\n<tr>\n<td style=\"width: 611px;\">\n<p><strong><u>Die Arbeit an den Seifen in der Gruppe: <\/u><\/strong><\/p>\n<p>Die Arbeit an dem Produkt hatte \u00fcberraschende Momente an sich. Auch konnte man zum ersten Mal wissen, was in einer Seife f\u00fcr \u00d6le oder Zutaten enthalten waren. Das Tun an ungewohnter Arbeit war lehrreich und wir konnten selbstst\u00e4ndig arbeiten.<\/p>\n<p>Das Gewicht der gewogenen Seife nahm jede Woche etwa zwei Gramm ab, da das Wasser aus ihr verschwand.<\/p>\n<p><u>Zitate zu der Arbeit an den Seifen von den Mitgliedern der Gruppe: <\/u><\/p>\n<p>Mattis: \u201eGute Gruppenarbeit, manches war schwer, aber es war gut und hat Spa\u00df gemacht.\u201c<\/p>\n<p>Dustin: \u201eDie Gruppe war gut mit Aufgaben eingeteilt und die Stimmung war entspannt.\u201c<\/p>\n<p>Sabrina: \u201eAnfangs war es schwer die Aufgaben an die Mitglieder zu vermitteln, doch mit der Zeit wusste jeder, was er zu tun hatte. Die Stimmung war entspannt.\u201c<\/p>\n<p><strong><em>Sabrina M., Mattis K., Dustin, Dervish <\/em><\/strong><\/p>\n<\/td>\n<td style=\"width: 238px;\">\n<p><strong>Zutaten: \u00d6le und Fette<\/strong><\/p>\n<p>Kokosfett\u00a0\u00a0\u00a0\u00a0\u00a0\u00a0\u00a0\u00a0\u00a0\u00a0 320g<\/p>\n<p>Oliven\u00f6l\u00a0\u00a0\u00a0\u00a0\u00a0\u00a0\u00a0\u00a0\u00a0\u00a0\u00a0\u00a0\u00a0\u00a0 350 g<\/p>\n<p>Distel\u00f6l\u00a0\u00a0\u00a0\u00a0\u00a0\u00a0\u00a0\u00a0\u00a0\u00a0\u00a0\u00a0\u00a0\u00a0\u00a0 200 g<\/p>\n<p>Rizinus\u00f6l\u00a0\u00a0\u00a0\u00a0\u00a0\u00a0\u00a0\u00a0\u00a0\u00a0\u00a0\u00a0\u00a0 80 g<\/p>\n<p>Hanf\u00f6l\u00a0\u00a0\u00a0\u00a0\u00a0\u00a0\u00a0\u00a0\u00a0\u00a0\u00a0\u00a0\u00a0\u00a0\u00a0\u00a0\u00a0 50 g<\/p>\n<p><strong>Sonstige Zutaten: <\/strong><\/p>\n<p>Mandeldrink\u00a0\u00a0\u00a0\u00a0 100 ml<\/p>\n<p>Duftstoffe\u00a0\u00a0\u00a0\u00a0\u00a0\u00a0\u00a0\u00a0\u00a0 20 ml<\/p>\n<\/td>\n<\/tr>\n<\/tbody>\n<\/table>\n<table style=\"width: 845px; border-color: #ffffff; margin-left: auto; margin-right: auto;\">\n<tbody>\n<tr>\n<td style=\"width: 627.5px;\">\n<p><strong>Durchf\u00fchrung:<\/strong><\/p>\n<ol>\n<li>Box gebaut<\/li>\n<li>Natronlauge zusammengemischt<\/li>\n<li>Natronlauge mit \u00d6len gemischt<\/li>\n<li>Duftstoffe ausgesucht<\/li>\n<li>Duftstoff zu Gemisch zugef\u00fcgt<\/li>\n<li>Farbe ausgesucht<\/li>\n<li>Gemisch in zwei Beh\u00e4lter gef\u00fcllt<\/li>\n<li>Eine Fl\u00fcssigkeit mit rot und die andere mit gr\u00fcn gemischt<\/li>\n<li>Box mit Folie ausgelegt<\/li>\n<li>Fl\u00fcssigkeit in die Box gef\u00fcllt<\/li>\n<li>Nach einer Woche Seife aus der Box holen + schneiden<\/li>\n<li>Verpackungsdesign \u00fcberlegen<\/li>\n<\/ol>\n<\/td>\n<td style=\"width: 241.5px;\">\n<p><strong>Zutaten:<\/strong><\/p>\n<ul>\n<li>Oliven\u00f6l<\/li>\n<li>Kokusnussfett<\/li>\n<li>Avocado \u00d6l<\/li>\n<li>Rizinus\u00f6l<\/li>\n<li>Wasser<\/li>\n<li>NaOH<\/li>\n<li>Duftstoff Parf\u00fcme<\/li>\n<\/ul>\n<\/td>\n<\/tr>\n<\/tbody>\n<\/table>\n<p>[\/et_pb_text][et_pb_text _builder_version=&#8220;4.0.6&#8243;]<\/p>\n<p><strong><u>Die Seife: Melon<\/u><\/strong><\/p>\n<p><img loading=\"lazy\" decoding=\"async\" class=\"wp-image-4619 aligncenter size-medium\" src=\"https:\/\/www.xn--hbs-frth-b6a.de\/wp-content\/uploads\/2021\/07\/Fertig-Melon-300x193.jpg\" alt=\"\" width=\"300\" height=\"193\" \/><\/p>\n<p>Zutaten:<\/p>\n<ul>\n<li>Oliven\u00f6l<\/li>\n<li>Kokusnussfett<\/li>\n<li>Avocado\u00f6l<\/li>\n<li>Rizinus\u00f6l<\/li>\n<li>Wasser<\/li>\n<li>NaOH<\/li>\n<li>Duftstoff Parfume<\/li>\n<\/ul>\n<p>Durchf\u00fchrung:<\/p>\n<ol>\n<li>Box gebaut<\/li>\n<li>Natronlauge zusammengemischt<\/li>\n<li>Natronlauge mit \u00d6len gemischt<\/li>\n<li>Duftstoffe ausgesucht<\/li>\n<li>Duftstoff zu Gemisch zugef\u00fcgt<\/li>\n<li>Farbe ausgesucht<\/li>\n<li>Gemisch in zwei Beh\u00e4lter gef\u00fcllt<\/li>\n<li>Eine Fl\u00fcssigkeit mit rot und die andere mit gr\u00fcn gemischt<\/li>\n<li>Box mit Folie ausgelegt<\/li>\n<li>Fl\u00fcssgkeit in die Box gef\u00fcllt<\/li>\n<li>Nach einer Woche Seife aus der Box holen + schneiden<\/li>\n<li>Verpackungsdesign \u00fcberlegen<\/li>\n<\/ol>\n<p><strong><em>Jason, Celine, Robin, Max, Vala<\/em><\/strong><\/p>\n<p>[\/et_pb_text][et_pb_image src=&#8220;https:\/\/www.xn--hbs-frth-b6a.de\/wp-content\/uploads\/2021\/05\/4-Seife.png&#8220; align=&#8220;center&#8220; _builder_version=&#8220;4.0.6&#8243; width=&#8220;100%&#8220; custom_margin=&#8220;|83px||||&#8220; custom_padding=&#8220;15px|167px|0px|169px||&#8220;][\/et_pb_image][et_pb_image src=&#8220;https:\/\/www.xn--hbs-frth-b6a.de\/wp-content\/uploads\/2021\/05\/5-Seife.png&#8220; align=&#8220;center&#8220; _builder_version=&#8220;4.0.6&#8243; custom_padding=&#8220;|206px||212px||&#8220;][\/et_pb_image][et_pb_text _builder_version=&#8220;4.0.6&#8243;]<\/p>\n<p><strong><u>Kurzbericht: Mix It<\/u><\/strong><\/p>\n<p>Bei der Verseifung werden \u00d6le und Fette mit Lauge zur Reaktion gebracht. Heraus kommt ein z\u00e4hfl\u00fcssiges, leimartiges Produkt. Nach einigen Wochen Trocknungszeit hat sich der Leim soweit verfestigt, dass ein sch\u00f6nes St\u00fcck Seife entstanden ist.<br \/>Die Seife \u201eMIX IT\u201c zeichnet sich dadurch aus, dass zu dem urspr\u00fcnglichen Seifenleim weitere Seifenst\u00fcckchen hinzugef\u00fcgt wurden. Dadurch \u00e4hnelt das Aussehen dem eines Rosinenbrots.<img loading=\"lazy\" decoding=\"async\" class=\"wp-image-4620 aligncenter size-medium\" src=\"https:\/\/www.xn--hbs-frth-b6a.de\/wp-content\/uploads\/2021\/07\/Fertig-Mix-it-242x300.jpg\" alt=\"\" width=\"242\" height=\"300\" \/><br \/>Die Basis\u00f6le f\u00fcr die Ganzk\u00f6rperseife \u201eMIX IT\u201c bilden Oliven\u00f6l, Kokos\u00f6l und Avocado\u00f6l. Ziegenmilch pflegt die Haut zus\u00e4tzlich.\u00a0<\/p>\n<p>Die Seife ist nat\u00fcrlich plastikfrei verpackt.<\/p>\n<p><strong>Herr Ke\u00dfler<\/strong><\/p>\n<p>[\/et_pb_text][et_pb_text _builder_version=&#8220;4.0.6&#8243;]<\/p>\n<h3><strong>Fertige Seifenst\u00fccke (Trocknungszeit: 10 \u2013 14 Wochen) <\/strong><\/h3>\n<p>[\/et_pb_text][et_pb_gallery gallery_ids=&#8220;4421,4422,4423,4424,4425&#8243; fullwidth=&#8220;on&#8220; _builder_version=&#8220;4.0.6&#8243; width=&#8220;50%&#8220; module_alignment=&#8220;center&#8220; hover_enabled=&#8220;0&#8243;][\/et_pb_gallery][et_pb_text _builder_version=&#8220;4.0.6&#8243;]<\/p>\n<h3><strong>So sch\u00f6n k\u00f6nnen Seifen sein<\/strong><\/h3>\n<p><strong><\/strong><\/p>\n<p><img loading=\"lazy\" decoding=\"async\" src=\"https:\/\/www.xn--hbs-frth-b6a.de\/wp-content\/uploads\/2021\/07\/Seifen-Ausstellung-2.jpg\" width=\"697\" height=\"930\" alt=\"\" class=\"wp-image-4623 aligncenter size-full\" \/><\/p>\n<p>[\/et_pb_text][et_pb_text _builder_version=&#8220;4.0.6&#8243; hover_enabled=&#8220;0&#8243;]<\/p>\n<h3><strong><\/strong><\/h3>\n<h3><strong><\/strong><\/h3>\n<h3><strong>Seifenverkauf<br \/><\/strong><\/h3>\n<p>Der Seifenverkauf war ein voller Erfolg: Am Ende hie\u00df es \u201eAusverkauft!\u201c<strong style=\"font-family: Arial, Helvetica, Arial, Lucida, sans-serif; font-size: 22px;\">\u00a0<\/strong><\/p>\n<p>[\/et_pb_text][et_pb_gallery gallery_ids=&#8220;4626,4627&#8243; fullwidth=&#8220;on&#8220; _builder_version=&#8220;4.0.6&#8243; title_text_align=&#8220;center&#8220; caption_text_align=&#8220;left&#8220; pagination_text_align=&#8220;center&#8220; text_orientation=&#8220;left&#8220; max_width=&#8220;100%&#8220; module_alignment=&#8220;center&#8220; custom_margin=&#8220;0px||||false|false&#8220; hover_enabled=&#8220;0&#8243; max_height=&#8220;1000px&#8220; custom_css_gallery_item=&#8220;.flex { ||    display: flex; ||    justify-content: center; ||    align-items: center;||}&#8220; width=&#8220;75%&#8220;][\/et_pb_gallery][\/et_pb_column][et_pb_column type=&#8220;1_4&#8243; _builder_version=&#8220;4.0.6&#8243;][et_pb_blog posts_number=&#8220;3&#8243; _builder_version=&#8220;4.0.6&#8243;][\/et_pb_blog][\/et_pb_column][\/et_pb_row][\/et_pb_section]<\/p>\n","protected":false},"excerpt":{"rendered":"<p>[et_pb_section fb_built=&#8220;1&#8243; _builder_version=&#8220;4.0.6&#8243;][et_pb_row column_structure=&#8220;3_4,1_4&#8243; _builder_version=&#8220;4.0.6&#8243;][et_pb_column type=&#8220;3_4&#8243; _builder_version=&#8220;4.0.6&#8243;][et_pb_text _builder_version=&#8220;4.0.6&#8243;] Erfahrungsbericht: Seifenherstellung Liebe Besucherinnen und Besucher. Herzlich Willkommen auf unserer Website der HBS. Die Seife: Gold Wash Wir, die Hersteller der Handseife \u201eGold Wash\u201c m\u00f6chten euch gerne unsere Erfahrungen, die wir bei der Herstellung der Seife gewonnen haben, mitteilen. Am Anfang waren wir nerv\u00f6s, weil es f\u00fcr [&hellip;]<\/p>\n","protected":false},"author":8,"featured_media":0,"parent":0,"menu_order":0,"comment_status":"closed","ping_status":"closed","template":"","meta":{"_et_pb_use_builder":"on","_et_pb_old_content":"","footnotes":""},"class_list":["post-4315","page","type-page","status-publish","hentry"],"_links":{"self":[{"href":"https:\/\/www.xn--hbs-frth-b6a.de\/index.php\/wp-json\/wp\/v2\/pages\/4315","targetHints":{"allow":["GET"]}}],"collection":[{"href":"https:\/\/www.xn--hbs-frth-b6a.de\/index.php\/wp-json\/wp\/v2\/pages"}],"about":[{"href":"https:\/\/www.xn--hbs-frth-b6a.de\/index.php\/wp-json\/wp\/v2\/types\/page"}],"author":[{"embeddable":true,"href":"https:\/\/www.xn--hbs-frth-b6a.de\/index.php\/wp-json\/wp\/v2\/users\/8"}],"replies":[{"embeddable":true,"href":"https:\/\/www.xn--hbs-frth-b6a.de\/index.php\/wp-json\/wp\/v2\/comments?post=4315"}],"version-history":[{"count":54,"href":"https:\/\/www.xn--hbs-frth-b6a.de\/index.php\/wp-json\/wp\/v2\/pages\/4315\/revisions"}],"predecessor-version":[{"id":4632,"href":"https:\/\/www.xn--hbs-frth-b6a.de\/index.php\/wp-json\/wp\/v2\/pages\/4315\/revisions\/4632"}],"wp:attachment":[{"href":"https:\/\/www.xn--hbs-frth-b6a.de\/index.php\/wp-json\/wp\/v2\/media?parent=4315"}],"curies":[{"name":"wp","href":"https:\/\/api.w.org\/{rel}","templated":true}]}}