{"id":3976,"date":"2021-03-17T13:47:02","date_gmt":"2021-03-17T12:47:02","guid":{"rendered":"https:\/\/www.xn--hbs-frth-b6a.de\/?page_id=3976"},"modified":"2026-03-08T18:21:41","modified_gmt":"2026-03-08T17:21:41","slug":"schulprofil_schwerpunkte","status":"publish","type":"page","link":"https:\/\/www.xn--hbs-frth-b6a.de\/index.php\/schulprofil_schwerpunkte\/","title":{"rendered":"Schulprofil_Schwerpunkte"},"content":{"rendered":"<p>[et_pb_section fb_built=&#8220;1&#8243; _builder_version=&#8220;4.0.6&#8243;][et_pb_row column_structure=&#8220;3_4,1_4&#8243; _builder_version=&#8220;4.0.6&#8243;][et_pb_column type=&#8220;3_4&#8243; _builder_version=&#8220;4.0.6&#8243;][et_pb_text _builder_version=&#8220;4.0.6&#8243;]<\/p>\n<h1><em>Schwerpunkte<\/em><\/h1>\n<p>An der Heinrich-B\u00f6ll-Schule haben sich zwei Schwerpunktprofile herausgebildet, die das Profil der Schule ma\u00dfgeblich beeinflussen. Diese Schwerpunktbildung schl\u00e4gt sich sowohl im Angebot des Pflicht- und Wahlpflichtunterrichts nieder als auch im Angebot der P\u00e4dagogischen Mittagsbetreuung und AGs.<\/p>\n<p>&nbsp;<\/p>\n<h2>Schwerpunkt Sport<\/h2>\n<p>Bewegung, Spiel und Sport bilden sowohl im <a href=\"https:\/\/www.xn--hbs-frth-b6a.de\/index.php\/sport\/\">Schulsport<\/a> als auch im Schulleben einen zentralen Baustein.<\/p>\n<p>&nbsp;<\/p>\n<h2>Schwerpunkt MINT:<\/h2>\n<p>&nbsp;<\/p>\n<p>Unser MINT-Beauftragter Herr Orth, der zu Beginn des Schuljahres 2021\/2022 im MINT-Schwerpunkt die koordinierende Funktion \u00fcbernommen hat, ist Ansprechpartner f\u00fcr den MINT-Bereich an unserer Schule.<br \/> E-Mail:\u00a0tobias.orth@schule.hessen.de<\/p>\n<p>&nbsp;<\/p>\n<p>[\/et_pb_text][et_pb_toggle title=&#8220;MINT-Planung f\u00fcr das Schuljahr 2025\/2026&#8243; _builder_version=&#8220;4.0.6&#8243; hover_enabled=&#8220;0&#8243;]<\/p>\n<p><span style=\"font-size: 14px;\">01. September (bis 30. November) 2025: <a href=\"https:\/\/www.xn--hbs-frth-b6a.de\/index.php\/spendenaktion-klima-bildung\/\">Spendenaktion Klima Bildung in Kooperation mit VR Digication der VoBa Weschnitzta<\/a>l<br \/> 26. September 2025:\u00a0<a href=\"https:\/\/www.xn--hbs-frth-b6a.de\/index.php\/21-suedhessische-schulen-als-umweltschulen-ausgezeichnet\/\">Auszeichnungsfeier der s\u00fcdhessischen Umweltschulen in Hanau<br \/> <\/a>04. Dezember 2025: <a href=\"https:\/\/www.xn--hbs-frth-b6a.de\/index.php\/zwischen-ehrungen-urkunden-und-aktionen\/\">Mathematikwettbewerb Jahrgang 8<\/a><br \/>19. Februar 2026: <a href=\"https:\/\/www.xn--hbs-frth-b6a.de\/index.php\/viele-schaffen-mehr-gemeinschaftliches-engagement-fuer-eine-zukunftsorientierte-mint-bildung\/\">&#8222;Viele-Schaffen-Mehr&#8220; Crowdfunding \u00dcbergabe zur Spendenaktion Klima-Bildung<\/a><br \/>Februar 2026: <a href=\"https:\/\/www.xn--hbs-frth-b6a.de\/index.php\/bis-zur-unendlichkeit-und-noch-viel-weiter\/\">Exkrusion ins Planetarium mit dem ganzen Jahrgang 5<\/a><br \/>&#8211;<\/span><\/p>\n<p>[\/et_pb_toggle][et_pb_toggle title=&#8220;MINT-Planung f\u00fcr das Schuljahr 2024\/2025&#8243; _builder_version=&#8220;4.0.6&#8243;]<\/p>\n<p>18. September 2024: <a href=\"https:\/\/www.hbs-f\u00fcrth.de\/index.php\/erneute-ehrung-mint-freundliche-schule-und-digitale-schule\/\">Ehrung zur erneuten Ernennung zur MINT-freundlichen Schule und digitalen Schule<\/a><br \/> <span style=\"font-size: 14px;\">26. Oktober 2024: <a href=\"https:\/\/www.xn--hbs-frth-b6a.de\/index.php\/landesfachtag-medienbildung-digitalisierung-2024\/\">Fachtag Medienbildung und Digitalisierung in Frankfurt<\/a><br \/> 23. Februar 2025: <a href=\"https:\/\/www.hbs-f\u00fcrth.de\/index.php\/nachwuchstalente-im-bereich-der-informatik-ausgezeichnet\/\">Wettbewerb &#8211; Informatikbiber<br \/> <\/a>23. Juni 2025: Regionaltreffen der Umweltschulen in Gernsheim<br \/>24. Juni 2025:<\/span>\u00a0<a href=\"https:\/\/www.xn--hbs-frth-b6a.de\/index.php\/nawi-tag-2025\/\">NaWi-Tag JG 8 Klima Arena Sinsheim<\/a><br \/> 30. Juni 2025: <a href=\"https:\/\/www.xn--hbs-frth-b6a.de\/index.php\/klima-forum-bergstrasse\/\">Klimaforum<\/a><\/p>\n<p>[\/et_pb_toggle][et_pb_toggle title=&#8220;MINT-Planung f\u00fcr das Schuljahr 2023\/2024&#8243; _builder_version=&#8220;4.0.6&#8243;]<\/p>\n<p>28. September 2023: <a href=\"https:\/\/www.xn--hbs-frth-b6a.de\/index.php\/landesfachtag-medienbildung-und-digitalisierung-2023\/\">Landesfachtag f\u00fcr Medien und Digitalisierung in Frankfurt am Main<\/a><br \/> 30. September\u00a02023: <a href=\"https:\/\/www.xn--hbs-frth-b6a.de\/index.php\/mit-den-bewerbungsunterlagen-zur-schule\/\">Berufsinfotag<br \/> <\/a>06.\u00a0<span style=\"font-size: 14px;\"><span>Dezember 2023: <a href=\"https:\/\/www.xn--hbs-frth-b6a.de\/wp-content\/uploads\/2024\/03\/MINT-Konferenz-Dez-2023.pdf\">MINT-Konferenz<\/a><\/span><br \/> 07. Dezember 2023: <a href=\"https:\/\/www.hbs-f\u00fcrth.de\/index.php\/siegerehrung-mal-drei\/\">Mathematikwettbewerb (Jg. 8)<\/a><br \/> <\/span><span style=\"font-size: 14px;\">Dezember 2023: Lego Robotik -Challenge<br \/> 22. Februar 2024: <a href=\"https:\/\/www.hbs-f\u00fcrth.de\/index.php\/erfolgreicher-besuch-der-berufs-und-ausbildungsmesse-job-for-future-in-mannheim\/\">Berufsmesse &#8222;Jobs for Future&#8220; (Jg. 9)<br \/><\/a>4. Juli 2024: <a href=\"https:\/\/www.hbs-f\u00fcrth.de\/index.php\/ein-zeichen-fuer-exzellente-digitale-bildung\/\" target=\"_blank\" rel=\"noopener noreferrer\">Wettbewerb Informatikbiber (Urkunden-Foto)<\/a><\/span><\/p>\n<p>&nbsp;<\/p>\n<p>[\/et_pb_toggle][et_pb_toggle title=&#8220;MINT-Planung f\u00fcr das Schuljahr 2022\/2023&#8243; _builder_version=&#8220;4.0.6&#8243;]<\/p>\n<p>16. &#8211; 19. September 2022: <a href=\"https:\/\/www.xn--hbs-frth-b6a.de\/index.php\/einblicke-in-die-berufswelt-der-metall-und-elektroindustrie-gewonnen\/\">Infomobil Metall- und Elektroindustrie<\/a><br \/> 07. &#8211; 18. November 2022: Wettbewerb <a href=\"https:\/\/www.xn--hbs-frth-b6a.de\/index.php\/kein-ausruhen-auf-den-lorbeeren\/\">&#8222;Informatik-Biber&#8220;<\/a><br \/> 01. Dezember 2022: <a href=\"https:\/\/www.hbs-f\u00fcrth.de\/index.php\/interesse-fuer-mathematik-wecken\/\">Mathematikwettbewerb (Jg. 8)<\/a><br \/> 06. Dezember 2022: <a href=\"https:\/\/www.xn--hbs-frth-b6a.de\/wp-content\/uploads\/2022\/12\/MINT-Konferenz-06.12.22.pdf\">MINT-Konferenz<\/a><br \/> 15. Dezember 2022: Wettbewerb &#8222;Chemie &#8211; mach mit!&#8220;<br \/> 07. Februar 2023: Info-Veranstaltung &#8222;MINT Schultransform&#8220;.<br \/> 09. Februar 2023: Exkursion ins BioLernlabor der TU Darmstadt (E-Phase). <br \/><a href=\"https:\/\/www.xn--hbs-frth-b6a.de\/wp-content\/uploads\/2023\/02\/Elterninfo-Exkursion-EPhase-BIO.pdf\">Elterninformation-pdf<\/a><br \/> 07. M\u00e4rz 2023: <a href=\"https:\/\/www.hbs-f\u00fcrth.de\/index.php\/naturwissenschaftstag-2023\/\">Naturwissenschafts &#8211; Exkursionstag (Jg. 8)<\/a>.\u00a0<br \/><a href=\"https:\/\/www.xn--hbs-frth-b6a.de\/wp-content\/uploads\/2023\/03\/Elterninformation-zum-NaWi-Tag-an-der-HBS-am-07-03-23.pdf\" rel=\"attachment wp-att-6578\">Elterninformation-zum-NaWi-Tag-an-der-HBS-am-07-03-23<\/a><br \/>29. M\u00e4rz 2023: Berufsinfotag an der HMS Bensheim (Jg. 8, 9, 10)<\/p>\n<p>[\/et_pb_toggle][et_pb_toggle title=&#8220;MINT-Planung f\u00fcr das Schuljahr 2021\/2022&#8243; _builder_version=&#8220;4.0.6&#8243;]<\/p>\n<p><a href=\"https:\/\/www.hbs-f\u00fcrth.de\/index.php\/dicke-informatikbretter-gebohrt\/\">08-19. November 2021: Informatik-Biber<\/a><br \/> <a href=\"https:\/\/www.hbs-f\u00fcrth.de\/index.php\/qualifiziert-fuer-den-naechsten-mathewettbewerb\/\">02. Dezember 2021: Mathematikwettbewerb \u2013 Jahrgangsstufe 8<\/a><br \/> 03. Dezember 2021: Chemie mach mit! Einsendeschluss<\/p>\n<p><a href=\"https:\/\/www.hbs-f\u00fcrth.de\/index.php\/internationaler-wettbewerb-der-naturwissenschaften\/\">Dezember bis Januar 2021\/22: Internationale Junior Science Olympiade IJSO<\/a><\/p>\n<p>Ab Anfang Januar: Jugendwettbewerb\/ Bundeswettbewerb<br \/> 19. Januar 2022: MINT-Projekt-Tag \u2013 Jahrgangsstufe 7<br \/> 20. Mai 2022; Chemie mach mit! Einsendeschluss<br \/> 21. <a href=\"https:\/\/www.hbs-f\u00fcrth.de\/index.php\/explore-science\/\">Juli 2022 MINT-Projekt-Tag- Jahrgangsstufe 8 \/ MINT-Berufsorientierung<\/a><\/p>\n<p>[\/et_pb_toggle][et_pb_toggle title=&#8220;MINT-Planung f\u00fcr das Schuljahr 2020\/2021&#8243; _builder_version=&#8220;4.0.6&#8243;]<\/p>\n<p>01.-02. September 2020 : \u00a0Infomobil der Metall- und Elektroindustrie<br \/>09.-20. November 2020: \u00a0Informatik-Biber<br \/>03. Dezember 2020: Mathematikwettbewerb \u2013 Jahrgangsstufe 8<br \/>04. Dezember 2020: Chemie mach mit! Einsendeschluss<br \/>05. Januar 2020: MINT-Projekt-Tag \u2013 Jahrgangsstufe 7 (ausgefallen, da Homeschooling)<br \/>06. Mai 2022: Chemie mach mit! Einsendeschluss<br \/>07. Juli 2021: MINT-Projekt-Tag \u2013 Jahrgangsstufe 8 (F\u00e4llt aus, da das Praktikum der 8 Jahrgangsstufe verlegt wird)<\/p>\n<p>[\/et_pb_toggle][\/et_pb_column][et_pb_column type=&#8220;1_4&#8243; _builder_version=&#8220;4.0.6&#8243;][et_pb_blog _builder_version=&#8220;4.0.6&#8243;][\/et_pb_blog][\/et_pb_column][\/et_pb_row][\/et_pb_section]<\/p>\n","protected":false},"excerpt":{"rendered":"<p>[et_pb_section fb_built=&#8220;1&#8243; _builder_version=&#8220;4.0.6&#8243;][et_pb_row column_structure=&#8220;3_4,1_4&#8243; _builder_version=&#8220;4.0.6&#8243;][et_pb_column type=&#8220;3_4&#8243; _builder_version=&#8220;4.0.6&#8243;][et_pb_text _builder_version=&#8220;4.0.6&#8243;] Schwerpunkte An der Heinrich-B\u00f6ll-Schule haben sich zwei Schwerpunktprofile herausgebildet, die das Profil der Schule ma\u00dfgeblich beeinflussen. Diese Schwerpunktbildung schl\u00e4gt sich sowohl im Angebot des Pflicht- und Wahlpflichtunterrichts nieder als auch im Angebot der P\u00e4dagogischen Mittagsbetreuung und AGs. &nbsp; Schwerpunkt Sport Bewegung, Spiel und Sport bilden sowohl im [&hellip;]<\/p>\n","protected":false},"author":1,"featured_media":0,"parent":0,"menu_order":0,"comment_status":"closed","ping_status":"closed","template":"","meta":{"_et_pb_use_builder":"on","_et_pb_old_content":"","footnotes":""},"class_list":["post-3976","page","type-page","status-publish","hentry"],"_links":{"self":[{"href":"https:\/\/www.xn--hbs-frth-b6a.de\/index.php\/wp-json\/wp\/v2\/pages\/3976","targetHints":{"allow":["GET"]}}],"collection":[{"href":"https:\/\/www.xn--hbs-frth-b6a.de\/index.php\/wp-json\/wp\/v2\/pages"}],"about":[{"href":"https:\/\/www.xn--hbs-frth-b6a.de\/index.php\/wp-json\/wp\/v2\/types\/page"}],"author":[{"embeddable":true,"href":"https:\/\/www.xn--hbs-frth-b6a.de\/index.php\/wp-json\/wp\/v2\/users\/1"}],"replies":[{"embeddable":true,"href":"https:\/\/www.xn--hbs-frth-b6a.de\/index.php\/wp-json\/wp\/v2\/comments?post=3976"}],"version-history":[{"count":64,"href":"https:\/\/www.xn--hbs-frth-b6a.de\/index.php\/wp-json\/wp\/v2\/pages\/3976\/revisions"}],"predecessor-version":[{"id":22971,"href":"https:\/\/www.xn--hbs-frth-b6a.de\/index.php\/wp-json\/wp\/v2\/pages\/3976\/revisions\/22971"}],"wp:attachment":[{"href":"https:\/\/www.xn--hbs-frth-b6a.de\/index.php\/wp-json\/wp\/v2\/media?parent=3976"}],"curies":[{"name":"wp","href":"https:\/\/api.w.org\/{rel}","templated":true}]}}

<p>[et_pb_section fb_built=&#8220;1&#8243; _builder_version=&#8220;4.0.6&#8243;][et_pb_row column_structure=&#8220;3_4,1_4&#8243; _builder_version=&#8220;4.0.6&#8243;][et_pb_column type=&#8220;3_4&#8243; _builder_version=&#8220;4.0.6&#8243;][et_pb_text _builder_version=&#8220;4.0.6&#8243;]</p>
<h1><em>Schwerpunkte</em></h1>
<p>An der Heinrich-Böll-Schule haben sich zwei Schwerpunktprofile herausgebildet, die das Profil der Schule maßgeblich beeinflussen. Diese Schwerpunktbildung schlägt sich sowohl im Angebot des Pflicht- und Wahlpflichtunterrichts nieder als auch im Angebot der Pädagogischen Mittagsbetreuung und AGs.</p>
<p>&nbsp;</p>
<h2>Schwerpunkt Sport</h2>
<p>Bewegung, Spiel und Sport bilden sowohl im <a href="https://www.xn--hbs-frth-b6a.de/index.php/sport/">Schulsport</a> als auch im Schulleben einen zentralen Baustein.</p>
<p>&nbsp;</p>
<h2>Schwerpunkt MINT:</h2>
<p>&nbsp;</p>
<p>Unser MINT-Beauftragter Herr Orth, der zu Beginn des Schuljahres 2021/2022 im MINT-Schwerpunkt die koordinierende Funktion übernommen hat, ist Ansprechpartner für den MINT-Bereich an unserer Schule.<br /> E-Mail: tobias.orth@schule.hessen.de</p>
<p>&nbsp;</p>
<p>[/et_pb_text][et_pb_toggle title=&#8220;MINT-Planung für das Schuljahr 2025/2026&#8243; _builder_version=&#8220;4.0.6&#8243; hover_enabled=&#8220;0&#8243;]</p>
<p><span style="font-size: 14px;">01. September (bis 30. November) 2025: <a href="https://www.xn--hbs-frth-b6a.de/index.php/spendenaktion-klima-bildung/">Spendenaktion Klima Bildung in Kooperation mit VR Digication der VoBa Weschnitzta</a>l<br /> 26. September 2025: <a href="https://www.xn--hbs-frth-b6a.de/index.php/21-suedhessische-schulen-als-umweltschulen-ausgezeichnet/">Auszeichnungsfeier der südhessischen Umweltschulen in Hanau<br /> </a>04. Dezember 2025: <a href="https://www.xn--hbs-frth-b6a.de/index.php/zwischen-ehrungen-urkunden-und-aktionen/">Mathematikwettbewerb Jahrgang 8</a><br />19. Februar 2026: <a href="https://www.xn--hbs-frth-b6a.de/index.php/viele-schaffen-mehr-gemeinschaftliches-engagement-fuer-eine-zukunftsorientierte-mint-bildung/">&#8222;Viele-Schaffen-Mehr&#8220; Crowdfunding Übergabe zur Spendenaktion Klima-Bildung</a><br />Februar 2026: <a href="https://www.xn--hbs-frth-b6a.de/index.php/bis-zur-unendlichkeit-und-noch-viel-weiter/">Exkrusion ins Planetarium mit dem ganzen Jahrgang 5</a><br />&#8211;</span></p>
<p>[/et_pb_toggle][et_pb_toggle title=&#8220;MINT-Planung für das Schuljahr 2024/2025&#8243; _builder_version=&#8220;4.0.6&#8243;]</p>
<p>18. September 2024: <a href="https://www.hbs-fürth.de/index.php/erneute-ehrung-mint-freundliche-schule-und-digitale-schule/">Ehrung zur erneuten Ernennung zur MINT-freundlichen Schule und digitalen Schule</a><br /> <span style="font-size: 14px;">26. Oktober 2024: <a href="https://www.xn--hbs-frth-b6a.de/index.php/landesfachtag-medienbildung-digitalisierung-2024/">Fachtag Medienbildung und Digitalisierung in Frankfurt</a><br /> 23. Februar 2025: <a href="https://www.hbs-fürth.de/index.php/nachwuchstalente-im-bereich-der-informatik-ausgezeichnet/">Wettbewerb &#8211; Informatikbiber<br /> </a>23. Juni 2025: Regionaltreffen der Umweltschulen in Gernsheim<br />24. Juni 2025:</span> <a href="https://www.xn--hbs-frth-b6a.de/index.php/nawi-tag-2025/">NaWi-Tag JG 8 Klima Arena Sinsheim</a><br /> 30. Juni 2025: <a href="https://www.xn--hbs-frth-b6a.de/index.php/klima-forum-bergstrasse/">Klimaforum</a></p>
<p>[/et_pb_toggle][et_pb_toggle title=&#8220;MINT-Planung für das Schuljahr 2023/2024&#8243; _builder_version=&#8220;4.0.6&#8243;]</p>
<p>28. September 2023: <a href="https://www.xn--hbs-frth-b6a.de/index.php/landesfachtag-medienbildung-und-digitalisierung-2023/">Landesfachtag für Medien und Digitalisierung in Frankfurt am Main</a><br /> 30. September 2023: <a href="https://www.xn--hbs-frth-b6a.de/index.php/mit-den-bewerbungsunterlagen-zur-schule/">Berufsinfotag<br /> </a>06. <span style="font-size: 14px;"><span>Dezember 2023: <a href="https://www.xn--hbs-frth-b6a.de/wp-content/uploads/2024/03/MINT-Konferenz-Dez-2023.pdf">MINT-Konferenz</a></span><br /> 07. Dezember 2023: <a href="https://www.hbs-fürth.de/index.php/siegerehrung-mal-drei/">Mathematikwettbewerb (Jg. 8)</a><br /> </span><span style="font-size: 14px;">Dezember 2023: Lego Robotik -Challenge<br /> 22. Februar 2024: <a href="https://www.hbs-fürth.de/index.php/erfolgreicher-besuch-der-berufs-und-ausbildungsmesse-job-for-future-in-mannheim/">Berufsmesse &#8222;Jobs for Future&#8220; (Jg. 9)<br /></a>4. Juli 2024: <a href="https://www.hbs-fürth.de/index.php/ein-zeichen-fuer-exzellente-digitale-bildung/" target="_blank" rel="noopener noreferrer">Wettbewerb Informatikbiber (Urkunden-Foto)</a></span></p>
<p>&nbsp;</p>
<p>[/et_pb_toggle][et_pb_toggle title=&#8220;MINT-Planung für das Schuljahr 2022/2023&#8243; _builder_version=&#8220;4.0.6&#8243;]</p>
<p>16. &#8211; 19. September 2022: <a href="https://www.xn--hbs-frth-b6a.de/index.php/einblicke-in-die-berufswelt-der-metall-und-elektroindustrie-gewonnen/">Infomobil Metall- und Elektroindustrie</a><br /> 07. &#8211; 18. November 2022: Wettbewerb <a href="https://www.xn--hbs-frth-b6a.de/index.php/kein-ausruhen-auf-den-lorbeeren/">&#8222;Informatik-Biber&#8220;</a><br /> 01. Dezember 2022: <a href="https://www.hbs-fürth.de/index.php/interesse-fuer-mathematik-wecken/">Mathematikwettbewerb (Jg. 8)</a><br /> 06. Dezember 2022: <a href="https://www.xn--hbs-frth-b6a.de/wp-content/uploads/2022/12/MINT-Konferenz-06.12.22.pdf">MINT-Konferenz</a><br /> 15. Dezember 2022: Wettbewerb &#8222;Chemie &#8211; mach mit!&#8220;<br /> 07. Februar 2023: Info-Veranstaltung &#8222;MINT Schultransform&#8220;.<br /> 09. Februar 2023: Exkursion ins BioLernlabor der TU Darmstadt (E-Phase). <br /><a href="https://www.xn--hbs-frth-b6a.de/wp-content/uploads/2023/02/Elterninfo-Exkursion-EPhase-BIO.pdf">Elterninformation-pdf</a><br /> 07. März 2023: <a href="https://www.hbs-fürth.de/index.php/naturwissenschaftstag-2023/">Naturwissenschafts &#8211; Exkursionstag (Jg. 8)</a>. <br /><a href="https://www.xn--hbs-frth-b6a.de/wp-content/uploads/2023/03/Elterninformation-zum-NaWi-Tag-an-der-HBS-am-07-03-23.pdf" rel="attachment wp-att-6578">Elterninformation-zum-NaWi-Tag-an-der-HBS-am-07-03-23</a><br />29. März 2023: Berufsinfotag an der HMS Bensheim (Jg. 8, 9, 10)</p>
<p>[/et_pb_toggle][et_pb_toggle title=&#8220;MINT-Planung für das Schuljahr 2021/2022&#8243; _builder_version=&#8220;4.0.6&#8243;]</p>
<p><a href="https://www.hbs-fürth.de/index.php/dicke-informatikbretter-gebohrt/">08-19. November 2021: Informatik-Biber</a><br /> <a href="https://www.hbs-fürth.de/index.php/qualifiziert-fuer-den-naechsten-mathewettbewerb/">02. Dezember 2021: Mathematikwettbewerb – Jahrgangsstufe 8</a><br /> 03. Dezember 2021: Chemie mach mit! Einsendeschluss</p>
<p><a href="https://www.hbs-fürth.de/index.php/internationaler-wettbewerb-der-naturwissenschaften/">Dezember bis Januar 2021/22: Internationale Junior Science Olympiade IJSO</a></p>
<p>Ab Anfang Januar: Jugendwettbewerb/ Bundeswettbewerb<br /> 19. Januar 2022: MINT-Projekt-Tag – Jahrgangsstufe 7<br /> 20. Mai 2022; Chemie mach mit! Einsendeschluss<br /> 21. <a href="https://www.hbs-fürth.de/index.php/explore-science/">Juli 2022 MINT-Projekt-Tag- Jahrgangsstufe 8 / MINT-Berufsorientierung</a></p>
<p>[/et_pb_toggle][et_pb_toggle title=&#8220;MINT-Planung für das Schuljahr 2020/2021&#8243; _builder_version=&#8220;4.0.6&#8243;]</p>
<p>01.-02. September 2020 :  Infomobil der Metall- und Elektroindustrie<br />09.-20. November 2020:  Informatik-Biber<br />03. Dezember 2020: Mathematikwettbewerb – Jahrgangsstufe 8<br />04. Dezember 2020: Chemie mach mit! Einsendeschluss<br />05. Januar 2020: MINT-Projekt-Tag – Jahrgangsstufe 7 (ausgefallen, da Homeschooling)<br />06. Mai 2022: Chemie mach mit! Einsendeschluss<br />07. Juli 2021: MINT-Projekt-Tag – Jahrgangsstufe 8 (Fällt aus, da das Praktikum der 8 Jahrgangsstufe verlegt wird)</p>
<p>[/et_pb_toggle][/et_pb_column][et_pb_column type=&#8220;1_4&#8243; _builder_version=&#8220;4.0.6&#8243;][et_pb_blog _builder_version=&#8220;4.0.6&#8243;][/et_pb_blog][/et_pb_column][/et_pb_row][/et_pb_section]</p>

<p>[et_pb_section fb_built=&#8220;1&#8243; _builder_version=&#8220;4.0.6&#8243;][et_pb_row column_structure=&#8220;3_4,1_4&#8243; _builder_version=&#8220;4.0.6&#8243;][et_pb_column type=&#8220;3_4&#8243; _builder_version=&#8220;4.0.6&#8243;][et_pb_text _builder_version=&#8220;4.0.6&#8243;] Schwerpunkte An der Heinrich-Böll-Schule haben sich zwei Schwerpunktprofile herausgebildet, die das Profil der Schule maßgeblich beeinflussen. Diese Schwerpunktbildung schlägt sich sowohl im Angebot des Pflicht- und Wahlpflichtunterrichts nieder als auch im Angebot der Pädagogischen Mittagsbetreuung und AGs. &nbsp; Schwerpunkt Sport Bewegung, Spiel und Sport bilden sowohl im [&hellip;]</p>
