{"id":3331,"date":"2020-12-09T08:51:20","date_gmt":"2020-12-09T07:51:20","guid":{"rendered":"https:\/\/www.xn--hbs-frth-b6a.de\/?page_id=3331"},"modified":"2022-11-24T16:46:56","modified_gmt":"2022-11-24T15:46:56","slug":"tdot-videokonferenzen","status":"publish","type":"page","link":"https:\/\/www.xn--hbs-frth-b6a.de\/index.php\/tdot-videokonferenzen\/","title":{"rendered":"TDOT: Videokonferenzen"},"content":{"rendered":"<p>[et_pb_section fb_built=&#8220;1&#8243; _builder_version=&#8220;4.0.6&#8243;][et_pb_row column_structure=&#8220;3_4,1_4&#8243; _builder_version=&#8220;4.0.6&#8243;][et_pb_column type=&#8220;3_4&#8243; _builder_version=&#8220;4.0.6&#8243;][et_pb_text _builder_version=&#8220;4.0.6&#8243;]<\/p>\n<h2>Videokonferenzen zum Tag der offenen T\u00fcr und Informationsveranstaltungen an der Heinrich-B\u00f6ll-Schule<\/h2>\n<hr \/>\n<p>Bei Bedarf besteht die M\u00f6glichkeit, sich auch weiterhin \u00fcber unsere Schule jenseits des Tages der offenen T\u00fcr zu erkundigen. Bitte setzen Sie sich doch einfach mit der Schulleitung zur Vereinbarung eines individuellen Termins in Verbindung.<\/p>\n<p>[\/et_pb_text][et_pb_text admin_label=&#8220;Text&#8220; _builder_version=&#8220;4.0.6&#8243; hover_enabled=&#8220;0&#8243;]<\/p>\n<p>In folgenden Konferenzr\u00e4umen k\u00f6nnen Sie sich \u00fcber das vielf\u00e4ltige Angebot der Heinrich-B\u00f6ll-Schule informieren. Bitte klicken Sie einfach auf den jeweiligen Link oder geben Sie die Zugangsdaten in der Zoom-App (<a href=\"https:\/\/www.zoom.us\/download\">Download-M\u00f6glichkeit hier<\/a>) ein.<\/p>\n<hr \/>\n<h3>Informationen zur Integrierten Gesamtschule<\/h3>\n<p><b>Informationsabend<\/b><\/p>\n<p>&nbsp;<\/p>\n<p>&nbsp;<\/p>\n<p>&nbsp;<\/p>\n<p>[\/et_pb_text][\/et_pb_column][et_pb_column type=&#8220;1_4&#8243; _builder_version=&#8220;4.0.6&#8243;][et_pb_blog posts_number=&#8220;1&#8243; show_author=&#8220;off&#8220; _builder_version=&#8220;4.0.6&#8243;][\/et_pb_blog][\/et_pb_column][\/et_pb_row][et_pb_row column_structure=&#8220;1_3,1_3,1_3&#8243; _builder_version=&#8220;4.0.6&#8243;][et_pb_column type=&#8220;1_3&#8243; _builder_version=&#8220;4.0.6&#8243;][et_pb_button button_url=&#8220;https:\/\/www.hbs-f\u00fcrth.de\/index.php\/tdot-imagefilm\/&#8220; button_text=&#8220;Image-Film&#8220; _builder_version=&#8220;4.0.6&#8243;][\/et_pb_button][\/et_pb_column][et_pb_column type=&#8220;1_3&#8243; _builder_version=&#8220;4.0.6&#8243;][et_pb_button button_url=&#8220;https:\/\/www.hbs-f\u00fcrth.de\/index.php\/tdot-videobeitraege\/&#8220; button_text=&#8220;Videobeitr\u00e4ge&#8220; _builder_version=&#8220;4.0.6&#8243;][\/et_pb_button][\/et_pb_column][et_pb_column type=&#8220;1_3&#8243; _builder_version=&#8220;4.0.6&#8243;][et_pb_button button_url=&#8220;https:\/\/www.hbs-f\u00fcrth.de\/index.php\/tdot-hbs-virtuell\/&#8220; button_text=&#8220;HBS-Virtuell&#8220; _builder_version=&#8220;4.0.6&#8243;][\/et_pb_button][\/et_pb_column][\/et_pb_row][\/et_pb_section]<\/p>\n","protected":false},"excerpt":{"rendered":"<p>[et_pb_section fb_built=&#8220;1&#8243; _builder_version=&#8220;4.0.6&#8243;][et_pb_row column_structure=&#8220;3_4,1_4&#8243; _builder_version=&#8220;4.0.6&#8243;][et_pb_column type=&#8220;3_4&#8243; _builder_version=&#8220;4.0.6&#8243;][et_pb_text _builder_version=&#8220;4.0.6&#8243;] Videokonferenzen zum Tag der offenen T\u00fcr und Informationsveranstaltungen an der Heinrich-B\u00f6ll-Schule Bei Bedarf besteht die M\u00f6glichkeit, sich auch weiterhin \u00fcber unsere Schule jenseits des Tages der offenen T\u00fcr zu erkundigen. Bitte setzen Sie sich doch einfach mit der Schulleitung zur Vereinbarung eines individuellen Termins in Verbindung. [\/et_pb_text][et_pb_text [&hellip;]<\/p>\n","protected":false},"author":1,"featured_media":0,"parent":0,"menu_order":0,"comment_status":"closed","ping_status":"closed","template":"","meta":{"_et_pb_use_builder":"on","_et_pb_old_content":"","footnotes":""},"class_list":["post-3331","page","type-page","status-publish","hentry"],"_links":{"self":[{"href":"https:\/\/www.xn--hbs-frth-b6a.de\/index.php\/wp-json\/wp\/v2\/pages\/3331","targetHints":{"allow":["GET"]}}],"collection":[{"href":"https:\/\/www.xn--hbs-frth-b6a.de\/index.php\/wp-json\/wp\/v2\/pages"}],"about":[{"href":"https:\/\/www.xn--hbs-frth-b6a.de\/index.php\/wp-json\/wp\/v2\/types\/page"}],"author":[{"embeddable":true,"href":"https:\/\/www.xn--hbs-frth-b6a.de\/index.php\/wp-json\/wp\/v2\/users\/1"}],"replies":[{"embeddable":true,"href":"https:\/\/www.xn--hbs-frth-b6a.de\/index.php\/wp-json\/wp\/v2\/comments?post=3331"}],"version-history":[{"count":71,"href":"https:\/\/www.xn--hbs-frth-b6a.de\/index.php\/wp-json\/wp\/v2\/pages\/3331\/revisions"}],"predecessor-version":[{"id":6053,"href":"https:\/\/www.xn--hbs-frth-b6a.de\/index.php\/wp-json\/wp\/v2\/pages\/3331\/revisions\/6053"}],"wp:attachment":[{"href":"https:\/\/www.xn--hbs-frth-b6a.de\/index.php\/wp-json\/wp\/v2\/media?parent=3331"}],"curies":[{"name":"wp","href":"https:\/\/api.w.org\/{rel}","templated":true}]}}