{"id":246,"date":"2019-11-09T22:19:41","date_gmt":"2019-11-09T21:19:41","guid":{"rendered":"http:\/\/5.189.168.161\/hbs-fuerth\/?page_id=246"},"modified":"2023-06-26T10:44:42","modified_gmt":"2023-06-26T08:44:42","slug":"datenschutzerklaerung-2","status":"publish","type":"page","link":"https:\/\/www.xn--hbs-frth-b6a.de\/index.php\/datenschutzerklaerung-2\/","title":{"rendered":"Datenschutzerkl\u00e4rung"},"content":{"rendered":"[et_pb_section fb_built=&#8220;1&#8243; _builder_version=&#8220;3.22&#8243;][et_pb_row column_structure=&#8220;3_4,1_4&#8243; _builder_version=&#8220;3.25&#8243; background_size=&#8220;initial&#8220; background_position=&#8220;top_left&#8220; background_repeat=&#8220;repeat&#8220;][et_pb_column type=&#8220;3_4&#8243; _builder_version=&#8220;3.25&#8243; custom_padding=&#8220;|||&#8220; custom_padding__hover=&#8220;|||&#8220;][et_pb_text _builder_version=&#8220;4.0.6&#8243; background_size=&#8220;initial&#8220; background_position=&#8220;top_left&#8220; background_repeat=&#8220;repeat&#8220; custom_padding=&#8220;10px|10px|10px|10px|true|true&#8220; hover_enabled=&#8220;0&#8243; border_width_all=&#8220;1px&#8220; border_color_all=&#8220;#000000&#8243;]<p><\/p>\n<h2 class=\"wp-block-heading\">Wer wir sind<\/h2>\n<p>Die Adresse unserer Website ist: http:\/\/www.hbs-fuerth.de<\/p>\n<h2 class=\"wp-block-heading\">Wer ist Verantwortlicher f\u00fcr die Daten\u00fcbermittlung?<\/h2>\n<p>Die Heinrich-B\u00f6ll-Schule ist Verantwortliche im Sinne von Art. 4 Nr. 7 der EU-Datenschutz-Grundverordnung (DS-GVO) und sonstiger datenschutzrechtlicher Bestimmungen.<br \/><strong>1. Anschrift des Verantwortlichen<\/strong><\/p>\n<p>Alexander Hauptmann<br \/>Heinrich-B\u00f6ll_Schule<br \/>Schulstra\u00dfe 10<br \/>64658 F\u00fcrth<\/p>\n<p>Tel.: +49 6253 87082 0<br \/>E-Mail: Heinrich-Boell-Schule@kreis-bergstrasse.de<\/p>\n<p><strong>2. Datenschutzbeauftragter:<\/strong><\/p>\n<p>E-Mail: datenschutz@hbs-fuerth.de<\/p>\n<h2>Welche personenbezogenen Daten wir sammeln und warum wir sie sammeln<\/h2>\n<h3><strong>Lehrer und Sch\u00fclerdatenbank (LUSD)<\/strong><\/h3>\n<p>Die Datenschutzhinweise zu den von der Schule erhoben Daten finden Sie <a href=\"https:\/\/www.xn--hbs-frth-b6a.de\/wp-content\/uploads\/2023\/06\/230626_Datenschutzhinweise_LUSD_fuer_Alle.pdf\">hier<\/a>.<\/p>\n<h3><strong>Website-Auftritt: www.hbs-f\u00fcrth.de<\/strong><\/h3>\n<h3>Kommentare<\/h3>\n<p>Wenn Besucher Kommentare auf der Website schreiben, sammeln wir die Daten, die im Kommentar-Formular angezeigt werden, au\u00dferdem die IP-Adresse des Besuchers und den User-Agent-String (damit wird der Browser identifiziert), um die Erkennung von Spam zu unterst\u00fctzen.<\/p>\n<p>Aus Ihrer E-Mail-Adresse kann eine anonymisierte Zeichenfolge erstellt (auch Hash genannt) und dem Gravatar-Dienst \u00fcbergeben werden, um zu pr\u00fcfen, ob Sie diesen benutzen. Die Datenschutzerkl\u00e4rung des Gravatar-Dienstes finden Sie hier: https:\/\/automattic.com\/privacy\/. Nachdem Ihr Kommentar freigegeben wurde, ist Ihr Profilbild \u00f6ffentlich im Kontext Ihres Kommentars sichtbar.<\/p>\n<h3>Medien<\/h3>\n<p>Wenn Sie ein registrierter Benutzer sind und Fotos auf diese Website laden, sollten Sie vermeiden, Fotos mit einem EXIF-GPS-Standort hochzuladen. Besucher dieser Website k\u00f6nnten Fotos, die auf dieser Website gespeichert sind, herunterladen und deren Standort-Informationen extrahieren.<\/p>\n<h3>Cookies<\/h3>\n<p>Wenn Sie einen Kommentar auf unserer Website schreiben, kann das eine Einwilligung sein, Ihren Namen, E-Mail-Adresse und Website in Cookies zu speichern. Dies ist eine Komfortfunktion, damit Sie nicht, wenn Sie einen weiteren Kommentar schreiben, all diese Daten erneut eingeben m\u00fcssen. Diese Cookies werden ein Jahr lang gespeichert.<\/p>\n<p>Falls Sie ein Konto haben und sich auf dieser Website anmelden, werden wir ein tempor\u00e4res Cookie setzen, um festzustellen, ob Ihr Browser Cookies akzeptiert. Dieses Cookie enth\u00e4lt keine personenbezogenen Daten und wird verworfen, wenn Sie Ihren Browser schlie\u00dfen.<\/p>\n<p>Wenn Sie sich anmelden, werden wir einige Cookies einrichten, um Ihre Anmeldeinformationen und Anzeigeoptionen zu speichern. Anmelde-Cookies verfallen nach zwei Tagen und Cookies f\u00fcr die Anzeigeoptionen nach einem Jahr. Falls Sie bei der Anmeldung \u201eAngemeldet bleiben\u201c ausw\u00e4hlen, wird Ihre Anmeldung zwei Wochen lang aufrechterhalten. Mit der Abmeldung aus deinem Konto werden die Anmelde-Cookies gel\u00f6scht.<\/p>\n<p>Wenn Sie einen Artikel bearbeiten oder ver\u00f6ffentlichen, wird ein zus\u00e4tzlicher Cookie in Ihrem Browser gespeichert. Dieser Cookie enth\u00e4lt keine personenbezogenen Daten und verweist nur auf die Beitrags-ID des Artikels, den Sie gerade bearbeitet haben. Der Cookie verf\u00e4llt nach einem Tag.<\/p>\n<h3>Eingebettete Inhalte von anderen Websites<\/h3>\n<p>Beitr\u00e4ge auf dieser Website k\u00f6nnen eingebettete Inhalte beinhalten (z.\u00a0B. Videos, Bilder, Beitr\u00e4ge etc.). Eingebettete Inhalte von anderen Websites verhalten sich exakt so, als ob der Besucher die andere Website besucht h\u00e4tte.<\/p>\n<p>Diese Websites k\u00f6nnen Daten \u00fcber Sie sammeln, Cookies benutzen, zus\u00e4tzliche Tracking-Dienste von Dritten einbetten und Ihre Interaktion mit diesem eingebetteten Inhalt aufzeichnen, inklusive Ihrer Interaktion mit dem eingebetteten Inhalt, falls Sie ein Konto haben und auf dieser Website angemeldet sind.<\/p>\n<h2>Wie lange wir Ihre Daten speichern<\/h2>\n<p>Wenn Sie einen Kommentar schreiben, wird dieser inklusive Metadaten zeitlich unbegrenzt gespeichert. Auf diese Art k\u00f6nnen wir Folgekommentare automatisch erkennen und freigeben, anstelle sie in einer Moderations-Warteschlange festzuhalten.<\/p>\n<p>F\u00fcr Benutzer, die sich auf unserer Website registrieren, speichern wir zus\u00e4tzlich die pers\u00f6nlichen Informationen, die sie in ihren Benutzerprofilen angeben. Alle Benutzer k\u00f6nnen jederzeit ihre pers\u00f6nlichen Informationen einsehen, ver\u00e4ndern oder l\u00f6schen (der Benutzername kann nicht ver\u00e4ndert werden). Administratoren der Website k\u00f6nnen diese Informationen ebenfalls einsehen und ver\u00e4ndern.<\/p>\n<h2>Welche Rechte Sie an Ihren Daten haben<\/h2>\n<p>Wenn Sie ein Konto auf dieser Website besitzen oder Kommentare geschrieben haben, k\u00f6nnen Sie einen Export Ihrer personenbezogenen Daten bei uns anfordern, inklusive aller Daten, die Sie uns mitgeteilt haben. Dar\u00fcber hinaus k\u00f6nnen Sie die L\u00f6schung aller personenbezogenen Daten, die wir von Ihnen gespeichert haben, anfordern. Dies umfasst nicht die Daten, die wir aufgrund administrativer, rechtlicher oder sicherheitsrelevanter Notwendigkeiten aufbewahren m\u00fcssen.<\/p>\n<h2>Wohin wir Ihre Daten senden<\/h2>\n<p>Besucher-Kommentare k\u00f6nnten von einem automatisierten Dienst zur Spam-Erkennung untersucht werden.<\/p>\n<h2>Weitere Informationen<\/h2>\n<p>Datenschutzhinweise zur Nutzung von Videokonferenzsystems<\/p>\n<p>\u201eVideokonferenzsysteme\u201c\u00a0 sind Webkonferenzsysteme, mit dem virtuelle Konferenz- oder Klassenr\u00e4ume erstellt werden k\u00f6nnen. F\u00fcr die Kommunikation mit Personen der Schulgemeinde nutzt die Heinrich-B\u00f6ll-Schule diese Konferenztools als Verantwortliche.<\/p>\n<p>Im Rahmen der Nutzung der Anwendung kommt es zu einer Verarbeitung personenbezogener Daten.<\/p>\n<p><\/p>\n<h2 class=\"wp-block-heading\"><strong>Datenverarbeitung bei der Nutzung von Videokonferenzsystemen<\/strong><\/h2>\n<p>Wenn Sie den durch die Schule zur Verf\u00fcgung gestellten Dienst f\u00fcr die Durchf\u00fchrung von Videokonferenzen oder digitalen Veranstaltungen nutzen, werden folgende personenbezogene Daten verarbeitet:<br \/>1. Angaben zum Benutzer: Vorname, Nachname, Pseudonym, Benutzerkennung<br \/>2. Meeting-Metadaten: Thema, Beschreibung (optional), Teilnehmer-IP-Adressen, Ger\u00e4te-\/Hardware-Informationen<br \/>3. Inhaltliche Meetingdaten: Audio-, Video-, ggf. Text- und Bilddaten, die w\u00e4hrend des Meetings ge\u00e4u\u00dfert\/ gezeigt werden<br \/>Eine Aufzeichnung des Meetings oder einzelner Inhalte erfolgt nicht.<\/p>\n<h2>Zwecke der Verarbeitung personenbezogener Daten:<\/h2>\n<p>Die Verarbeitung Ihrer o.g. personenbezogenen Daten dient dazu, Ihnen Konferenzsysteme als Tool f\u00fcr die Durchf\u00fchrung von Videokonferenzen und digitalen Veranstaltungen zur Verf\u00fcgung stellen und die Veranstaltungsformate abwickeln zu k\u00f6nnen.<\/p>\n<h2>Rechtsgrundlage f\u00fcr die Verarbeitung personenbezogener Daten:<\/h2>\n<p>Soweit wir f\u00fcr Verarbeitungsvorg\u00e4nge personenbezogener Daten im Rahmen der Nutzung von Konferenzsystemen Ihre Einwilligung einholen, ist die Einwilligung in Verbindung mit Art. 6 Abs. 1 Satz 1 Buchst. a) Rechtsgrundlage f\u00fcr die Verarbeitung.<\/p>\n<p>Ihre Einwilligung erfolgt freiwillig und erfolgt durch Ihre Teilnahme an der Veranstaltung in Kenntnis der vorliegenden Informationen.<\/p>\n<p>Soweit die Verarbeitung personenbezogener Daten im Rahmen von Konferenzsystemen f\u00fcr die Erf\u00fcllung eines Vertrages erforderlich ist, dessen Vertragspartei Sie sind, oder zur Durchf\u00fchrung vorvertraglicher Ma\u00dfnahmen erforderlich ist, die auf Ihre Anfrage hin erfolgen, ist der Vertrag bzw. die vorvertragliche Ma\u00dfnahme in Verbindung mit Art. 6 Abs. 1 Satz 1 Buchst. b) Rechtsgrundlage f\u00fcr die Verarbeitung.<\/p>\n<p>Soweit eine Verarbeitung personenbezogener Daten im Rahmen von Konferenzsystemen zur Erf\u00fcllung einer rechtlichen Verpflichtung erforderlich ist, der die Schule unterliegt, ist die rechtliche Verpflichtung in Verbindung mit Art. 6 Abs. 1 Satz 1 Buchst. c) DS-GVO die Rechtsgrundlage.<\/p>\n<p>Ist die Verarbeitung Ihrer personenbezogenen Daten im Rahmen der Nutzung von Konferenzsystemen f\u00fcr die Wahrnehmung einer Aufgabe erforderlich, die im \u00f6ffentlichen Interesse liegt oder in Aus\u00fcbung \u00f6ffentlicher Gewalt erfolgt, die der Schule \u00fcbertragen wurde, so ist die Norm, die die Aufgabe zuweist, in Verbindung mit Art. 6 Abs. 1 Satz 1 Buchst. e) DS-GVO Rechtsgrundlage der Verarbeitung.<\/p>\n<h2>Weitere Empf\u00e4nger Ihrer personenbezogenen Daten:<\/h2>\n<p>Ihre bei der Nutzung von Konferenzsystemen erhobenen personenbezogenen Daten werden an folgende Empf\u00e4nger innerhalb bzw. au\u00dferhalb der Schule weitergegeben:<br \/>Teilnehmer*innen der Konferenz, Schulleitung<\/p>\n<h2>Dauer der Speicherung Ihrer personenbezogenen Daten:<\/h2>\n<p>Ihre personenbezogenen Daten, die wir im Zuge des Einsatzes von Konferenzsystemen verarbeiten, werden grunds\u00e4tzlich gel\u00f6scht, sobald sie nicht mehr f\u00fcr die Zwecke, f\u00fcr die sie erhoben wurden, ben\u00f6tigt werden.<\/p>\n<p>Wenn und soweit die Verarbeitung Ihrer personenbezogenen Daten auf Ihrer Einwilligung beruht, werden die Daten nur so lange gespeichert, bis Sie Ihre Einwilligung widerrufen, es sei denn, es besteht eine andere Rechtsgrundlage f\u00fcr die Verarbeitung.<\/p>\n<h2>Ihre Rechte als Betroffene*r:<\/h2>\n<p>Nach Art. 15 DS-GVO haben Sie in Bezug auf die Verarbeitung Ihrer personenbezogenen Daten ein Recht auf Auskunft gegen\u00fcber dem Verantwortlichen. Nach den Art. 16, 17, 18, 20 und 21 DS-GVO steht Ihnen ein Recht auf Berichtigung unzutreffender Angaben, u. U. ein Recht auf L\u00f6schung, ein Recht auf Einschr\u00e4nkung der Verarbeitung, ein Recht auf Daten\u00fcbertragbarkeit und ein Widerspruchsrecht gegen die Verarbeitung aus Gr\u00fcnden Ihrer besonderen Situation zu.<br \/>Au\u00dferdem haben Sie das Recht, Beschwerde bei der zust\u00e4ndigen Aufsichtsbeh\u00f6rde einzulegen.<\/p>\n<p>F\u00fcr die Schule ist dies der<br \/>Hessische Beauftragte f\u00fcr Datenschutz und Informationsfreiheit<br \/>Prof. Dr. Michael Ronellenfitsch<br \/>Presse- und \u00d6ffentlichkeitsarbeit<br \/>Gustav-Stresemann-Ring 1<br \/>65189 Wiesbaden<br \/>Telefon: 0611-1408 0<br \/>Telefax: 0611-1408 611<br \/>E-Mail: poststelle@datenschutz.hessen.de.<\/p>\n<h3>\u00a0<\/h3>\n<p><\/p>\n[\/et_pb_text][\/et_pb_column][et_pb_column type=&#8220;1_4&#8243; _builder_version=&#8220;3.25&#8243; custom_padding=&#8220;|||&#8220; custom_padding__hover=&#8220;|||&#8220;][et_pb_blog _builder_version=&#8220;4.0.6&#8243; custom_padding=&#8220;0px|0px|0px|0px|true|true&#8220; border_color_all_fullwidth=&#8220;#000000&#8243;][\/et_pb_blog][\/et_pb_column][\/et_pb_row][\/et_pb_section]","protected":false},"excerpt":{"rendered":"<p>[et_pb_section fb_built=&#8220;1&#8243; _builder_version=&#8220;3.22&#8243;][et_pb_row column_structure=&#8220;3_4,1_4&#8243; _builder_version=&#8220;3.25&#8243; background_size=&#8220;initial&#8220; background_position=&#8220;top_left&#8220; background_repeat=&#8220;repeat&#8220;][et_pb_column type=&#8220;3_4&#8243; _builder_version=&#8220;3.25&#8243; custom_padding=&#8220;|||&#8220; custom_padding__hover=&#8220;|||&#8220;][et_pb_text _builder_version=&#8220;4.0.6&#8243; background_size=&#8220;initial&#8220; background_position=&#8220;top_left&#8220; background_repeat=&#8220;repeat&#8220; custom_padding=&#8220;10px|10px|10px|10px|true|true&#8220; hover_enabled=&#8220;0&#8243; border_width_all=&#8220;1px&#8220; border_color_all=&#8220;#000000&#8243;] Wer wir sind Die Adresse unserer Website ist: http:\/\/www.hbs-fuerth.de Wer ist Verantwortlicher f\u00fcr die Daten\u00fcbermittlung? Die Heinrich-B\u00f6ll-Schule ist Verantwortliche im Sinne von Art. 4 Nr. 7 der EU-Datenschutz-Grundverordnung (DS-GVO) und sonstiger datenschutzrechtlicher Bestimmungen.1. Anschrift des [&hellip;]<\/p>\n","protected":false},"author":1,"featured_media":0,"parent":0,"menu_order":0,"comment_status":"closed","ping_status":"closed","template":"","meta":{"_et_pb_use_builder":"on","_et_pb_old_content":"<!-- wp:heading -->\r\n<h2>Wer wir sind<\/h2>\r\n<!-- \/wp:heading --><!-- wp:paragraph -->\r\n<p>Die Adresse unserer Website ist: http:\/\/www.hbs-fuerth.de<\/p>\r\n<!-- \/wp:paragraph --><!-- wp:heading -->\r\n<h2>Welche personenbezogenen Daten wir sammeln und warum wir sie sammeln<\/h2>\r\n<!-- \/wp:heading --><!-- wp:heading {\"level\":3} -->\r\n<h3>Kommentare<\/h3>\r\n<!-- \/wp:heading --><!-- wp:paragraph -->\r\n<p>Wenn Besucher Kommentare auf der Website schreiben, sammeln wir die Daten, die im Kommentar-Formular angezeigt werden, au\u00dferdem die IP-Adresse des Besuchers und den User-Agent-String (damit wird der Browser identifiziert), um die Erkennung von Spam zu unterst\u00fctzen.<\/p>\r\n<!-- \/wp:paragraph --><!-- wp:paragraph -->\r\n<p>Aus Ihrer E-Mail-Adresse kann eine anonymisierte Zeichenfolge erstellt (auch Hash genannt) und dem Gravatar-Dienst \u00fcbergeben werden, um zu pr\u00fcfen, ob Sie diesen benutzen. Die Datenschutzerkl\u00e4rung des Gravatar-Dienstes finden Sie hier: https:\/\/automattic.com\/privacy\/. Nachdem Ihr Kommentar freigegeben wurde, ist Ihr Profilbild \u00f6ffentlich im Kontext Ihres Kommentars sichtbar.<\/p>\r\n<!-- \/wp:paragraph --><!-- wp:heading {\"level\":3} -->\r\n<h3>Medien<\/h3>\r\n<!-- \/wp:heading --><!-- wp:paragraph -->\r\n<p>Wenn Sie ein registrierter Benutzer sind und Fotos auf diese Website laden, sollten Sie vermeiden, Fotos mit einem EXIF-GPS-Standort hochzuladen. Besucher dieser Website k\u00f6nnten Fotos, die auf dieser Website gespeichert sind, herunterladen und deren Standort-Informationen extrahieren.<\/p>\r\n<!-- \/wp:paragraph --><!-- wp:heading {\"level\":3} -->\r\n<h3>Kontaktformulare<\/h3>\r\n<!-- \/wp:heading --><!-- wp:heading {\"level\":3} -->\r\n<h3>Cookies<\/h3>\r\n<!-- \/wp:heading --><!-- wp:paragraph -->\r\n<p>Wenn Sie einen Kommentar auf unserer Website schreiben, kann das eine Einwilligung sein, Ihren Namen, E-Mail-Adresse und Website in Cookies zu speichern. Dies ist eine Komfortfunktion, damit Sie nicht, wenn Sie einen weiteren Kommentar schreiben, all diese Daten erneut eingeben m\u00fcssen. Diese Cookies werden ein Jahr lang gespeichert.<\/p>\r\n<!-- \/wp:paragraph --><!-- wp:paragraph -->\r\n<p>Falls Sie ein Konto haben und sich auf dieser Website anmelden, werden wir ein tempor\u00e4res Cookie setzen, um festzustellen, ob Ihr Browser Cookies akzeptiert. Dieses Cookie enth\u00e4lt keine personenbezogenen Daten und wird verworfen, wenn Sie Ihren Browser schlie\u00dfen.<\/p>\r\n<!-- \/wp:paragraph --><!-- wp:paragraph -->\r\n<p>Wenn Sie sich anmelden, werden wir einige Cookies einrichten, um Ihre Anmeldeinformationen und Anzeigeoptionen zu speichern. Anmelde-Cookies verfallen nach zwei Tagen und Cookies f\u00fcr die Anzeigeoptionen nach einem Jahr. Falls Sie bei der Anmeldung \u201eAngemeldet bleiben\u201c ausw\u00e4hlen, wird Ihre Anmeldung zwei Wochen lang aufrechterhalten. Mit der Abmeldung aus deinem Konto werden die Anmelde-Cookies gel\u00f6scht.<\/p>\r\n<!-- \/wp:paragraph --><!-- wp:paragraph -->\r\n<p>Wenn Sie einen Artikel bearbeiten oder ver\u00f6ffentlichen, wird ein zus\u00e4tzlicher Cookie in Ihrem Browser gespeichert. Dieser Cookie enth\u00e4lt keine personenbezogenen Daten und verweist nur auf die Beitrags-ID des Artikels, den Sie gerade bearbeitet haben. Der Cookie verf\u00e4llt nach einem Tag.<\/p>\r\n<!-- \/wp:paragraph --><!-- wp:heading {\"level\":3} -->\r\n<h3>Eingebettete Inhalte von anderen Websites<\/h3>\r\n<!-- \/wp:heading --><!-- wp:paragraph -->\r\n<p>Beitr\u00e4ge auf dieser Website k\u00f6nnen eingebettete Inhalte beinhalten (z.\u00a0B. Videos, Bilder, Beitr\u00e4ge etc.). Eingebettete Inhalte von anderen Websites verhalten sich exakt so, als ob der Besucher die andere Website besucht h\u00e4tte.<\/p>\r\n<!-- \/wp:paragraph --><!-- wp:paragraph -->\r\n<p>Diese Websites k\u00f6nnen Daten \u00fcber Sie sammeln, Cookies benutzen, zus\u00e4tzliche Tracking-Dienste von Dritten einbetten und Ihre Interaktion mit diesem eingebetteten Inhalt aufzeichnen, inklusive Ihrer Interaktion mit dem eingebetteten Inhalt, falls Sie ein Konto haben und auf dieser Website angemeldet sind.<\/p>\r\n<!-- \/wp:paragraph --><!-- wp:heading {\"level\":3} -->\r\n<h3>Analysedienste<\/h3>\r\n<!-- \/wp:heading --><!-- wp:heading -->\r\n<h2>Mit wem wir Ihre Daten teilen<\/h2>\r\n<!-- \/wp:heading --><!-- wp:heading -->\r\n<h2>Wie lange wir Ihre Daten speichern<\/h2>\r\n<!-- \/wp:heading --><!-- wp:paragraph -->\r\n<p>Wenn Sie einen Kommentar schreiben, wird dieser inklusive Metadaten zeitlich unbegrenzt gespeichert. Auf diese Art k\u00f6nnen wir Folgekommentare automatisch erkennen und freigeben, anstelle sie in einer Moderations-Warteschlange festzuhalten.<\/p>\r\n<!-- \/wp:paragraph --><!-- wp:paragraph -->\r\n<p>F\u00fcr Benutzer, die sich auf unserer Website registrieren, speichern wir zus\u00e4tzlich die pers\u00f6nlichen Informationen, die sie in ihren Benutzerprofilen angeben. Alle Benutzer k\u00f6nnen jederzeit ihre pers\u00f6nlichen Informationen einsehen, ver\u00e4ndern oder l\u00f6schen (der Benutzername kann nicht ver\u00e4ndert werden). Administratoren der Website k\u00f6nnen diese Informationen ebenfalls einsehen und ver\u00e4ndern.<\/p>\r\n<!-- \/wp:paragraph --><!-- wp:heading -->\r\n<h2>Welche Rechte Sie an Ihren Daten haben<\/h2>\r\n<!-- \/wp:heading --><!-- wp:paragraph -->\r\n<p>Wenn Sie ein Konto auf dieser Website besitzen oder Kommentare geschrieben haben, k\u00f6nnen Sie einen Export Ihrer personenbezogenen Daten bei uns anfordern, inklusive aller Daten, die Sie uns mitgeteilt haben. Dar\u00fcber hinaus k\u00f6nnen Sie die L\u00f6schung aller personenbezogenen Daten, die wir von Ihnen gespeichert haben, anfordern. Dies umfasst nicht die Daten, die wir aufgrund administrativer, rechtlicher oder sicherheitsrelevanter Notwendigkeiten aufbewahren m\u00fcssen.<\/p>\r\n<!-- \/wp:paragraph --><!-- wp:heading -->\r\n<h2>Wohin wir Ihre Daten senden<\/h2>\r\n<!-- \/wp:heading --><!-- wp:paragraph -->\r\n<p>Besucher-Kommentare k\u00f6nnten von einem automatisierten Dienst zur Spam-Erkennung untersucht werden.<\/p>\r\n<!-- \/wp:paragraph --><!-- wp:heading -->\r\n<h2>Ihre Kontakt-Informationen<\/h2>\r\n<!-- \/wp:heading --><!-- wp:heading -->\r\n<h2>Weitere Informationen<\/h2>\r\n<!-- \/wp:heading --><!-- wp:heading {\"level\":3} -->\r\n<h3>Wie wir Ihre Daten sch\u00fctzen<\/h3>\r\n<!-- \/wp:heading --><!-- wp:heading {\"level\":3} -->\r\n<h3>Welche Ma\u00dfnahmen wir bei Datenschutzverletzungen anbieten<\/h3>\r\n<!-- \/wp:heading --><!-- wp:heading {\"level\":3} -->\r\n<h3>Von welchen Drittanbietern wir Daten erhalten<\/h3>\r\n<!-- \/wp:heading --><!-- wp:heading {\"level\":3} -->\r\n<h3>Welche automatisierte Entscheidungsfindung und\/oder Profilerstellung wir mit Benutzerdaten durchf\u00fchren<\/h3>\r\n<!-- \/wp:heading --><!-- wp:heading {\"level\":3} -->\r\n<h3>Industrielle aufsichtsrechtliche Regulierungsanforderungen<\/h3>\r\n<!-- \/wp:heading -->","footnotes":""},"class_list":["post-246","page","type-page","status-publish","hentry"],"_links":{"self":[{"href":"https:\/\/www.xn--hbs-frth-b6a.de\/index.php\/wp-json\/wp\/v2\/pages\/246","targetHints":{"allow":["GET"]}}],"collection":[{"href":"https:\/\/www.xn--hbs-frth-b6a.de\/index.php\/wp-json\/wp\/v2\/pages"}],"about":[{"href":"https:\/\/www.xn--hbs-frth-b6a.de\/index.php\/wp-json\/wp\/v2\/types\/page"}],"author":[{"embeddable":true,"href":"https:\/\/www.xn--hbs-frth-b6a.de\/index.php\/wp-json\/wp\/v2\/users\/1"}],"replies":[{"embeddable":true,"href":"https:\/\/www.xn--hbs-frth-b6a.de\/index.php\/wp-json\/wp\/v2\/comments?post=246"}],"version-history":[{"count":19,"href":"https:\/\/www.xn--hbs-frth-b6a.de\/index.php\/wp-json\/wp\/v2\/pages\/246\/revisions"}],"predecessor-version":[{"id":6681,"href":"https:\/\/www.xn--hbs-frth-b6a.de\/index.php\/wp-json\/wp\/v2\/pages\/246\/revisions\/6681"}],"wp:attachment":[{"href":"https:\/\/www.xn--hbs-frth-b6a.de\/index.php\/wp-json\/wp\/v2\/media?parent=246"}],"curies":[{"name":"wp","href":"https:\/\/api.w.org\/{rel}","templated":true}]}}