{"id":241,"date":"2019-11-09T22:16:59","date_gmt":"2019-11-09T21:16:59","guid":{"rendered":"http:\/\/5.189.168.161\/hbs-fuerth\/?page_id=241"},"modified":"2019-11-16T18:13:55","modified_gmt":"2019-11-16T17:13:55","slug":"impressum","status":"publish","type":"page","link":"https:\/\/www.xn--hbs-frth-b6a.de\/index.php\/impressum\/","title":{"rendered":"Impressum"},"content":{"rendered":"[et_pb_section fb_built=&#8220;1&#8243; _builder_version=&#8220;3.22&#8243;][et_pb_row column_structure=&#8220;3_4,1_4&#8243; _builder_version=&#8220;3.25&#8243; background_size=&#8220;initial&#8220; background_position=&#8220;top_left&#8220; background_repeat=&#8220;repeat&#8220;][et_pb_column type=&#8220;3_4&#8243; _builder_version=&#8220;3.25&#8243; custom_padding=&#8220;|||&#8220; custom_padding__hover=&#8220;|||&#8220;][et_pb_text _builder_version=&#8220;4.0.6&#8243; background_size=&#8220;initial&#8220; background_position=&#8220;top_left&#8220; background_repeat=&#8220;repeat&#8220; custom_padding=&#8220;15px|15px|15px|15px|true|true&#8220; hover_enabled=&#8220;0&#8243; border_radii=&#8220;on|10px|10px|10px|10px&#8220; box_shadow_style=&#8220;preset2&#8243;]<h2><strong>Herausgeber:<\/strong><\/h2>\n<p>Heinrich-B\u00f6ll-Schule<\/p>\n<p><\/p>\n<h2><strong>Leitung:<\/strong><\/h2>\n<p>Alexander Hauptmann<\/p>\n<h2>\u00a0<\/h2>\n<h2><strong>Schulanschrift:<\/strong><\/h2>\n<p>Heinrich-B\u00f6ll-Schule<\/p>\n<p>Integrierte Gesamtschule des Kreises Bergstra\u00dfe<\/p>\n<p>Schulstra\u00dfe 10<\/p>\n<p>64658 F\u00fcrth<\/p>\n<h2>\u00a0<\/h2>\n<h2><strong>Kontakt:<\/strong><\/h2>\n<p>Telefon: 06253 \/ 870820<\/p>\n<p>Fax: 06253 \/ 8708299<\/p>\n<p>E-Mail:\u00a0<a href=\"mailto:heinrich-boell-schule@kreis-bergstrasse.de\">heinrich-boell-schule@kreis-bergstrasse.de<\/a><\/p>\n<h2>\u00a0<\/h2>\n<h2><strong>Webmaster:<\/strong><\/h2>\n<p>Alexander Hauptmann<\/p>\n<p>E-Mail: <a href=\"mailto:heinrich-boell-schule@kreis-bergstrasse.de\">heinrich-boell-schule@kreis-bergstrasse.de<\/a><\/p>\n<h2>\u00a0<\/h2>\n<h2><strong>Copyright:<\/strong><\/h2>\n<p>Alle Seiten sind geistiges Eigentum der\u00a0<strong>Heinrich-B\u00f6ll-Schule<\/strong>\u00a0und d\u00fcrfen ohne ausdr\u00fcckliche Genehmigung weder ganz noch auszugsweise \u00fcbernommen werden.<\/p>\n<h2>\u00a0<\/h2>\n<h2><strong>Haftungsausschluss:<\/strong><\/h2>\n<p>Mit Urteil vom 12. Mai 1998 &#8211; 312 O 85\/98 &#8211; &#8222;Haftung f\u00fcr Links&#8220; hat das Landgericht (LG) Hamburg entschieden, dass man durch die Anbringung eines Links, die Inhalte der gelinkten Seite mit zu verantworten hat. Wir weisen in diesem Zusammenhang darauf hin, dass die inhaltliche Verantwortung f\u00fcr die im Rahmen unseres Internetangebotes verlinkten Inhalte unterhalb dieser Domain bei den jeweiligen Betreibern der Seiten liegt. Gleiches gilt f\u00fcr die im Rahmen von Artikeln vorhandenen externen Links, deren Inhalt sich unter Umst\u00e4nden \u00e4ndern kann.<\/p>\n<p>Selbstverst\u00e4ndlich pr\u00fcft die\u00a0<strong>Heinrich-B\u00f6ll-Schule<\/strong>\u00a0als Betreiber ihres Internetangebotes kontinuierlich, ob sich hinter den externen und internen Links m\u00f6glicherweise beleidigende, verfassungsfeindliche oder in sonstiger Form anst\u00f6\u00dfige Inhalte befinden. Entsprechende Links werden unverz\u00fcglich entfernt.<\/p>\n<p><\/p>\n[\/et_pb_text][\/et_pb_column][et_pb_column type=&#8220;1_4&#8243; _builder_version=&#8220;3.25&#8243; custom_padding=&#8220;|||&#8220; custom_padding__hover=&#8220;|||&#8220;][et_pb_blog _builder_version=&#8220;4.0.6&#8243;][\/et_pb_blog][\/et_pb_column][\/et_pb_row][\/et_pb_section]","protected":false},"excerpt":{"rendered":"<p>[et_pb_section fb_built=&#8220;1&#8243; _builder_version=&#8220;3.22&#8243;][et_pb_row column_structure=&#8220;3_4,1_4&#8243; _builder_version=&#8220;3.25&#8243; background_size=&#8220;initial&#8220; background_position=&#8220;top_left&#8220; background_repeat=&#8220;repeat&#8220;][et_pb_column type=&#8220;3_4&#8243; _builder_version=&#8220;3.25&#8243; custom_padding=&#8220;|||&#8220; custom_padding__hover=&#8220;|||&#8220;][et_pb_text _builder_version=&#8220;4.0.6&#8243; background_size=&#8220;initial&#8220; background_position=&#8220;top_left&#8220; background_repeat=&#8220;repeat&#8220; custom_padding=&#8220;15px|15px|15px|15px|true|true&#8220; hover_enabled=&#8220;0&#8243; border_radii=&#8220;on|10px|10px|10px|10px&#8220; box_shadow_style=&#8220;preset2&#8243;] Herausgeber: Heinrich-B\u00f6ll-Schule Leitung: Alexander Hauptmann \u00a0 Schulanschrift: Heinrich-B\u00f6ll-Schule Integrierte Gesamtschule des Kreises Bergstra\u00dfe Schulstra\u00dfe 10 64658 F\u00fcrth \u00a0 Kontakt: Telefon: 06253 \/ 870820 Fax: 06253 \/ 8708299 E-Mail:\u00a0heinrich-boell-schule@kreis-bergstrasse.de \u00a0 Webmaster: Alexander Hauptmann E-Mail: heinrich-boell-schule@kreis-bergstrasse.de \u00a0 [&hellip;]<\/p>\n","protected":false},"author":1,"featured_media":0,"parent":0,"menu_order":0,"comment_status":"closed","ping_status":"closed","template":"","meta":{"_et_pb_use_builder":"on","_et_pb_old_content":"<!-- wp:paragraph -->\r\n<p><strong>Herausgeber:<\/strong><\/p>\r\n<!-- \/wp:paragraph --><!-- wp:paragraph -->\r\n<p>Heinrich-B\u00f6ll-Schule<\/p>\r\n<!-- \/wp:paragraph --><!-- wp:paragraph -->\r\n<p><strong>Leitung:<\/strong><\/p>\r\n<!-- \/wp:paragraph --><!-- wp:paragraph -->\r\n<p>Alexander Hauptmann<\/p>\r\n<!-- \/wp:paragraph --><!-- wp:paragraph -->\r\n<p><strong>Schulanschrift:<\/strong><\/p>\r\n<!-- \/wp:paragraph --><!-- wp:paragraph -->\r\n<p>Heinrich-B\u00f6ll-Schule<\/p>\r\n<!-- \/wp:paragraph --><!-- wp:paragraph -->\r\n<p>Integrierte Gesamtschule des Kreises Bergstra\u00dfe<\/p>\r\n<!-- \/wp:paragraph --><!-- wp:paragraph -->\r\n<p>Schulstra\u00dfe 10<\/p>\r\n<!-- \/wp:paragraph --><!-- wp:paragraph -->\r\n<p>64658 F\u00fcrth<\/p>\r\n<!-- \/wp:paragraph --><!-- wp:paragraph -->\r\n<p><strong>Kontakt:<\/strong><\/p>\r\n<!-- \/wp:paragraph --><!-- wp:paragraph -->\r\n<p>Telefon: 06253 \/ 870820<\/p>\r\n<!-- \/wp:paragraph --><!-- wp:paragraph -->\r\n<p>Fax: 06253 \/ 8708299<\/p>\r\n<!-- \/wp:paragraph --><!-- wp:paragraph -->\r\n<p>E-Mail:\u00a0<a href=\"mailto:heinrich-boell-schule@kreis-bergstrasse.de\">heinrich-boell-schule@kreis-bergstrasse.de<\/a><\/p>\r\n<!-- \/wp:paragraph --><!-- wp:paragraph -->\r\n<p><strong>Webmaster:<\/strong>\u00a0Christian Eckes<\/p>\r\n<!-- \/wp:paragraph --><!-- wp:paragraph -->\r\n<p>E-Mail:\u00a0<a href=\"mailto:schule@christianeckes.de\">schule@christianeckes.de<\/a><\/p>\r\n<!-- \/wp:paragraph --><!-- wp:paragraph -->\r\n<p><strong>Copyright:<\/strong>\u00a0Alle Seiten sind geistiges Eigentum der\u00a0<strong>Heinrich-B\u00f6ll-Schule<\/strong>\u00a0und d\u00fcrfen ohne ausdr\u00fcckliche Genehmigung weder ganz noch auszugsweise \u00fcbernommen werden.<\/p>\r\n<!-- \/wp:paragraph --><!-- wp:paragraph -->\r\n<p><strong>Haftungsausschluss:<\/strong>\u00a0Mit Urteil vom 12. Mai 1998 - 312 O 85\/98 - \"Haftung f\u00fcr Links\" hat das Landgericht (LG) Hamburg entschieden, dass man durch die Anbringung eines Links, die Inhalte der gelinkten Seite mit zu verantworten hat. Wir weisen in diesem Zusammenhang darauf hin, dass die inhaltliche Verantwortung f\u00fcr die im Rahmen unseres Internetangebotes verlinkten Inhalte unterhalb dieser Domain bei den jeweiligen Betreibern der Seiten liegt. Gleiches gilt f\u00fcr die im Rahmen von Artikeln vorhandenen externen Links, deren Inhalt sich unter Umst\u00e4nden \u00e4ndern kann.<\/p>\r\n<!-- \/wp:paragraph --><!-- wp:paragraph -->\r\n<p>Selbstverst\u00e4ndlich pr\u00fcft die\u00a0<strong>Heinrich-B\u00f6ll-Schule<\/strong>\u00a0als Betreiber ihres Internetangebotes kontinuierlich, ob sich hinter den externen und internen Links m\u00f6glicherweise beleidigende, verfassungsfeindliche oder in sonstiger Form anst\u00f6\u00dfige Inhalte befinden. Entsprechende Links werden unverz\u00fcglich entfernt.<\/p>\r\n<!-- \/wp:paragraph -->","footnotes":""},"class_list":["post-241","page","type-page","status-publish","hentry"],"_links":{"self":[{"href":"https:\/\/www.xn--hbs-frth-b6a.de\/index.php\/wp-json\/wp\/v2\/pages\/241","targetHints":{"allow":["GET"]}}],"collection":[{"href":"https:\/\/www.xn--hbs-frth-b6a.de\/index.php\/wp-json\/wp\/v2\/pages"}],"about":[{"href":"https:\/\/www.xn--hbs-frth-b6a.de\/index.php\/wp-json\/wp\/v2\/types\/page"}],"author":[{"embeddable":true,"href":"https:\/\/www.xn--hbs-frth-b6a.de\/index.php\/wp-json\/wp\/v2\/users\/1"}],"replies":[{"embeddable":true,"href":"https:\/\/www.xn--hbs-frth-b6a.de\/index.php\/wp-json\/wp\/v2\/comments?post=241"}],"version-history":[{"count":9,"href":"https:\/\/www.xn--hbs-frth-b6a.de\/index.php\/wp-json\/wp\/v2\/pages\/241\/revisions"}],"predecessor-version":[{"id":793,"href":"https:\/\/www.xn--hbs-frth-b6a.de\/index.php\/wp-json\/wp\/v2\/pages\/241\/revisions\/793"}],"wp:attachment":[{"href":"https:\/\/www.xn--hbs-frth-b6a.de\/index.php\/wp-json\/wp\/v2\/media?parent=241"}],"curies":[{"name":"wp","href":"https:\/\/api.w.org\/{rel}","templated":true}]}}

[et_pb_section fb_built=&#8220;1&#8243; _builder_version=&#8220;3.22&#8243;][et_pb_row column_structure=&#8220;3_4,1_4&#8243; _builder_version=&#8220;3.25&#8243; background_size=&#8220;initial&#8220; background_position=&#8220;top_left&#8220; background_repeat=&#8220;repeat&#8220;][et_pb_column type=&#8220;3_4&#8243; _builder_version=&#8220;3.25&#8243; custom_padding=&#8220;|||&#8220; custom_padding__hover=&#8220;|||&#8220;][et_pb_text _builder_version=&#8220;4.0.6&#8243; background_size=&#8220;initial&#8220; background_position=&#8220;top_left&#8220; background_repeat=&#8220;repeat&#8220; custom_padding=&#8220;15px|15px|15px|15px|true|true&#8220; hover_enabled=&#8220;0&#8243; border_radii=&#8220;on|10px|10px|10px|10px&#8220; box_shadow_style=&#8220;preset2&#8243;]<h2><strong>Herausgeber:</strong></h2>
<p>Heinrich-Böll-Schule</p>
<p></p>
<h2><strong>Leitung:</strong></h2>
<p>Alexander Hauptmann</p>
<h2> </h2>
<h2><strong>Schulanschrift:</strong></h2>
<p>Heinrich-Böll-Schule</p>
<p>Integrierte Gesamtschule des Kreises Bergstraße</p>
<p>Schulstraße 10</p>
<p>64658 Fürth</p>
<h2> </h2>
<h2><strong>Kontakt:</strong></h2>
<p>Telefon: 06253 / 870820</p>
<p>Fax: 06253 / 8708299</p>
<p>E-Mail: <a href="mailto:heinrich-boell-schule@kreis-bergstrasse.de">heinrich-boell-schule@kreis-bergstrasse.de</a></p>
<h2> </h2>
<h2><strong>Webmaster:</strong></h2>
<p>Alexander Hauptmann</p>
<p>E-Mail: <a href="mailto:heinrich-boell-schule@kreis-bergstrasse.de">heinrich-boell-schule@kreis-bergstrasse.de</a></p>
<h2> </h2>
<h2><strong>Copyright:</strong></h2>
<p>Alle Seiten sind geistiges Eigentum der <strong>Heinrich-Böll-Schule</strong> und dürfen ohne ausdrückliche Genehmigung weder ganz noch auszugsweise übernommen werden.</p>
<h2> </h2>
<h2><strong>Haftungsausschluss:</strong></h2>
<p>Mit Urteil vom 12. Mai 1998 &#8211; 312 O 85/98 &#8211; &#8222;Haftung für Links&#8220; hat das Landgericht (LG) Hamburg entschieden, dass man durch die Anbringung eines Links, die Inhalte der gelinkten Seite mit zu verantworten hat. Wir weisen in diesem Zusammenhang darauf hin, dass die inhaltliche Verantwortung für die im Rahmen unseres Internetangebotes verlinkten Inhalte unterhalb dieser Domain bei den jeweiligen Betreibern der Seiten liegt. Gleiches gilt für die im Rahmen von Artikeln vorhandenen externen Links, deren Inhalt sich unter Umständen ändern kann.</p>
<p>Selbstverständlich prüft die <strong>Heinrich-Böll-Schule</strong> als Betreiber ihres Internetangebotes kontinuierlich, ob sich hinter den externen und internen Links möglicherweise beleidigende, verfassungsfeindliche oder in sonstiger Form anstößige Inhalte befinden. Entsprechende Links werden unverzüglich entfernt.</p>
<p></p>
[/et_pb_text][/et_pb_column][et_pb_column type=&#8220;1_4&#8243; _builder_version=&#8220;3.25&#8243; custom_padding=&#8220;|||&#8220; custom_padding__hover=&#8220;|||&#8220;][et_pb_blog _builder_version=&#8220;4.0.6&#8243;][/et_pb_blog][/et_pb_column][/et_pb_row][/et_pb_section]

<p>[et_pb_section fb_built=&#8220;1&#8243; _builder_version=&#8220;3.22&#8243;][et_pb_row column_structure=&#8220;3_4,1_4&#8243; _builder_version=&#8220;3.25&#8243; background_size=&#8220;initial&#8220; background_position=&#8220;top_left&#8220; background_repeat=&#8220;repeat&#8220;][et_pb_column type=&#8220;3_4&#8243; _builder_version=&#8220;3.25&#8243; custom_padding=&#8220;|||&#8220; custom_padding__hover=&#8220;|||&#8220;][et_pb_text _builder_version=&#8220;4.0.6&#8243; background_size=&#8220;initial&#8220; background_position=&#8220;top_left&#8220; background_repeat=&#8220;repeat&#8220; custom_padding=&#8220;15px|15px|15px|15px|true|true&#8220; hover_enabled=&#8220;0&#8243; border_radii=&#8220;on|10px|10px|10px|10px&#8220; box_shadow_style=&#8220;preset2&#8243;] Herausgeber: Heinrich-Böll-Schule Leitung: Alexander Hauptmann   Schulanschrift: Heinrich-Böll-Schule Integrierte Gesamtschule des Kreises Bergstraße Schulstraße 10 64658 Fürth   Kontakt: Telefon: 06253 / 870820 Fax: 06253 / 8708299 E-Mail: heinrich-boell-schule@kreis-bergstrasse.de   Webmaster: Alexander Hauptmann E-Mail: heinrich-boell-schule@kreis-bergstrasse.de   [&hellip;]</p>

<!-- wp:paragraph -->
<p><strong>Herausgeber:</strong></p>
<!-- /wp:paragraph --><!-- wp:paragraph -->
<p>Heinrich-Böll-Schule</p>
<!-- /wp:paragraph --><!-- wp:paragraph -->
<p><strong>Leitung:</strong></p>
<!-- /wp:paragraph --><!-- wp:paragraph -->
<p>Alexander Hauptmann</p>
<!-- /wp:paragraph --><!-- wp:paragraph -->
<p><strong>Schulanschrift:</strong></p>
<!-- /wp:paragraph --><!-- wp:paragraph -->
<p>Heinrich-Böll-Schule</p>
<!-- /wp:paragraph --><!-- wp:paragraph -->
<p>Integrierte Gesamtschule des Kreises Bergstraße</p>
<!-- /wp:paragraph --><!-- wp:paragraph -->
<p>Schulstraße 10</p>
<!-- /wp:paragraph --><!-- wp:paragraph -->
<p>64658 Fürth</p>
<!-- /wp:paragraph --><!-- wp:paragraph -->
<p><strong>Kontakt:</strong></p>
<!-- /wp:paragraph --><!-- wp:paragraph -->
<p>Telefon: 06253 / 870820</p>
<!-- /wp:paragraph --><!-- wp:paragraph -->
<p>Fax: 06253 / 8708299</p>
<!-- /wp:paragraph --><!-- wp:paragraph -->
<p>E-Mail: <a href="mailto:heinrich-boell-schule@kreis-bergstrasse.de">heinrich-boell-schule@kreis-bergstrasse.de</a></p>
<!-- /wp:paragraph --><!-- wp:paragraph -->
<p><strong>Webmaster:</strong> Christian Eckes</p>
<!-- /wp:paragraph --><!-- wp:paragraph -->
<p>E-Mail: <a href="mailto:schule@christianeckes.de">schule@christianeckes.de</a></p>
<!-- /wp:paragraph --><!-- wp:paragraph -->
<p><strong>Copyright:</strong> Alle Seiten sind geistiges Eigentum der <strong>Heinrich-Böll-Schule</strong> und dürfen ohne ausdrückliche Genehmigung weder ganz noch auszugsweise übernommen werden.</p>
<!-- /wp:paragraph --><!-- wp:paragraph -->
<p><strong>Haftungsausschluss:</strong> Mit Urteil vom 12. Mai 1998 - 312 O 85/98 - "Haftung für Links" hat das Landgericht (LG) Hamburg entschieden, dass man durch die Anbringung eines Links, die Inhalte der gelinkten Seite mit zu verantworten hat. Wir weisen in diesem Zusammenhang darauf hin, dass die inhaltliche Verantwortung für die im Rahmen unseres Internetangebotes verlinkten Inhalte unterhalb dieser Domain bei den jeweiligen Betreibern der Seiten liegt. Gleiches gilt für die im Rahmen von Artikeln vorhandenen externen Links, deren Inhalt sich unter Umständen ändern kann.</p>
<!-- /wp:paragraph --><!-- wp:paragraph -->
<p>Selbstverständlich prüft die <strong>Heinrich-Böll-Schule</strong> als Betreiber ihres Internetangebotes kontinuierlich, ob sich hinter den externen und internen Links möglicherweise beleidigende, verfassungsfeindliche oder in sonstiger Form anstößige Inhalte befinden. Entsprechende Links werden unverzüglich entfernt.</p>
<!-- /wp:paragraph -->
