{"id":16421,"date":"2024-09-11T19:28:34","date_gmt":"2024-09-11T17:28:34","guid":{"rendered":"https:\/\/www.xn--hbs-frth-b6a.de\/?page_id=16421"},"modified":"2024-10-04T22:00:33","modified_gmt":"2024-10-04T20:00:33","slug":"allgemeines","status":"publish","type":"page","link":"https:\/\/www.xn--hbs-frth-b6a.de\/index.php\/digitale-welt\/allgemeines\/","title":{"rendered":"Allgemeines"},"content":{"rendered":"<p>[et_pb_section fb_built=&#8220;1&#8243; _builder_version=&#8220;4.0.6&#8243;][et_pb_row column_structure=&#8220;3_4,1_4&#8243; _builder_version=&#8220;4.0.6&#8243;][et_pb_column type=&#8220;3_4&#8243; _builder_version=&#8220;4.0.6&#8243;][et_pb_text _builder_version=&#8220;4.0.6&#8243; hover_enabled=&#8220;0&#8243;]<\/p>\n<h1>Allgemeines<\/h1>\n<p>Das Fach Digitale Welt ist in vier Themenfelder unterteilt: <a href=\"https:\/\/www.xn--hbs-frth-b6a.de\/index.php\/digitale-welt\/computer-ueberall\/\">Computer \u00fcberall<\/a>,\u00a0<a href=\"https:\/\/www.xn--hbs-frth-b6a.de\/index.php\/digitale-welt\/information-daten\/\">Information &amp; Daten<\/a>,\u00a0<a href=\"https:\/\/www.xn--hbs-frth-b6a.de\/index.php\/digitale-welt\/grundlagen-der-programmierung\/\">Grundlagen der Programmierung<\/a> und\u00a0<a href=\"https:\/\/www.xn--hbs-frth-b6a.de\/index.php\/digitale-welt\/vernetzung\/\">Vernetzung<\/a>. Dieser Auftritt folgt dieser Struktur und pr\u00e4sentiert Inhalte und beispielhafte Unterrichtsplanungen inklusive Materialien aus diesen. Zudem gibt es einen weiteren Themenbereich f\u00fcr <a href=\"https:\/\/www.xn--hbs-frth-b6a.de\/index.php\/digitale-welt\/themenuebergreifende-projekte\/\">themen\u00fcbergreifende Projekte<\/a>, welche verschiedene Bereiche verbinden und eher gegen Ende der sechsten Klasse verortet sind.\u00a0\u00c4hnlich wie diese Seite befindet sich das Fach &#8222;Digitale Welt&#8220; noch im Aufbau. Wir hoffen, dass Ihnen der Auftritt gef\u00e4llt und Sie einige Materialien nutzen k\u00f6nnen. Falls Sie Anregungen, Kritik, Hinweise oder eine generelle Kontaktaufnahme w\u00fcnschen, melden sie sich gerne per <a href=\"mailto:florian.schnell@hb.kbs.schule\" target=\"_blank\" rel=\"noopener\">e-Mail<\/a>.<\/p>\n<p>Weitere Informationen:<\/p>\n<ul>\n<li><a href=\"https:\/\/www.hbs-f\u00fcrth.de\/index.php\/digitale-welt\/allgemeines\/digitale-welt-an-der-hbs\/\">Generelle Informationen zum Fach Digitale Welt an der HBS<\/a><\/li>\n<li><a href=\"https:\/\/www.hbs-f\u00fcrth.de\/index.php\/digitale-welt\/allgemeines\/erfahrungen\/\">Unsere Erfahrungen im Unterrichten von DW<\/a><\/li>\n<\/ul>\n<p>Weitere gute Materialien f\u00fcr Anregungen in DW finden sie auch bei:<\/p>\n<ul>\n<li><a href=\"https:\/\/inf-schule.de\/\">Inf-Schule<\/a><\/li>\n<li><a href=\"https:\/\/bwinf.de\/informatik-biber\/aufgaben\/\">Alten Aufgaben des Informatik Biber<\/a><\/li>\n<li><a href=\"https:\/\/www.csunplugged.org\/de\/\">CS-Unplugged<\/a><\/li>\n<\/ul>\n<p>[\/et_pb_text][\/et_pb_column][et_pb_column type=&#8220;1_4&#8243; _builder_version=&#8220;4.0.6&#8243;][et_pb_blog include_categories=&#8220;10&#8243; _builder_version=&#8220;4.0.6&#8243;][\/et_pb_blog][\/et_pb_column][\/et_pb_row][\/et_pb_section]<\/p>\n","protected":false},"excerpt":{"rendered":"<p>[et_pb_section fb_built=&#8220;1&#8243; _builder_version=&#8220;4.0.6&#8243;][et_pb_row column_structure=&#8220;3_4,1_4&#8243; _builder_version=&#8220;4.0.6&#8243;][et_pb_column type=&#8220;3_4&#8243; _builder_version=&#8220;4.0.6&#8243;][et_pb_text _builder_version=&#8220;4.0.6&#8243; hover_enabled=&#8220;0&#8243;] Allgemeines Das Fach Digitale Welt ist in vier Themenfelder unterteilt: Computer \u00fcberall,\u00a0Information &amp; Daten,\u00a0Grundlagen der Programmierung und\u00a0Vernetzung. Dieser Auftritt folgt dieser Struktur und pr\u00e4sentiert Inhalte und beispielhafte Unterrichtsplanungen inklusive Materialien aus diesen. Zudem gibt es einen weiteren Themenbereich f\u00fcr themen\u00fcbergreifende Projekte, welche verschiedene Bereiche verbinden und [&hellip;]<\/p>\n","protected":false},"author":12,"featured_media":0,"parent":16408,"menu_order":0,"comment_status":"closed","ping_status":"closed","template":"","meta":{"_et_pb_use_builder":"on","_et_pb_old_content":"","footnotes":""},"class_list":["post-16421","page","type-page","status-publish","hentry"],"_links":{"self":[{"href":"https:\/\/www.xn--hbs-frth-b6a.de\/index.php\/wp-json\/wp\/v2\/pages\/16421","targetHints":{"allow":["GET"]}}],"collection":[{"href":"https:\/\/www.xn--hbs-frth-b6a.de\/index.php\/wp-json\/wp\/v2\/pages"}],"about":[{"href":"https:\/\/www.xn--hbs-frth-b6a.de\/index.php\/wp-json\/wp\/v2\/types\/page"}],"author":[{"embeddable":true,"href":"https:\/\/www.xn--hbs-frth-b6a.de\/index.php\/wp-json\/wp\/v2\/users\/12"}],"replies":[{"embeddable":true,"href":"https:\/\/www.xn--hbs-frth-b6a.de\/index.php\/wp-json\/wp\/v2\/comments?post=16421"}],"version-history":[{"count":18,"href":"https:\/\/www.xn--hbs-frth-b6a.de\/index.php\/wp-json\/wp\/v2\/pages\/16421\/revisions"}],"predecessor-version":[{"id":17168,"href":"https:\/\/www.xn--hbs-frth-b6a.de\/index.php\/wp-json\/wp\/v2\/pages\/16421\/revisions\/17168"}],"up":[{"embeddable":true,"href":"https:\/\/www.xn--hbs-frth-b6a.de\/index.php\/wp-json\/wp\/v2\/pages\/16408"}],"wp:attachment":[{"href":"https:\/\/www.xn--hbs-frth-b6a.de\/index.php\/wp-json\/wp\/v2\/media?parent=16421"}],"curies":[{"name":"wp","href":"https:\/\/api.w.org\/{rel}","templated":true}]}}