{"id":16408,"date":"2024-09-11T19:11:14","date_gmt":"2024-09-11T17:11:14","guid":{"rendered":"https:\/\/www.xn--hbs-frth-b6a.de\/?page_id=16408"},"modified":"2024-09-25T09:07:53","modified_gmt":"2024-09-25T07:07:53","slug":"digitale-welt","status":"publish","type":"page","link":"https:\/\/www.xn--hbs-frth-b6a.de\/index.php\/digitale-welt\/","title":{"rendered":"Digitale Welt"},"content":{"rendered":"<p>[et_pb_section fb_built=&#8220;1&#8243; _builder_version=&#8220;4.0.6&#8243;][et_pb_row admin_label=&#8220;Zeile&#8220; _builder_version=&#8220;4.0.6&#8243;][et_pb_column type=&#8220;4_4&#8243; _builder_version=&#8220;4.0.6&#8243;][et_pb_text _builder_version=&#8220;4.0.6&#8243; hover_enabled=&#8220;0&#8243;]<\/p>\n<h1><img loading=\"lazy\" decoding=\"async\" class=\"alignright wp-image-16898 size-medium\" src=\"https:\/\/www.xn--hbs-frth-b6a.de\/wp-content\/uploads\/2024\/09\/HBS-Digitale-Welt-300x257.jpg\" alt=\"\" width=\"300\" height=\"257\" \/>Digitale Welt<\/h1>\n<p>Hier entsteht der neue Auftritt f\u00fcr das Unterrichtsfach &#8222;Digitale Welt&#8220;, an dem wir \u00fcber das Fach informieren, \u00fcber unsere Erfahrungen als Pilotschule der ersten Stunde berichten und eine Reihe unserer Unterrichtsbeispiele inklusive Materialien als OER (Open Educational Resources) pr\u00e4sentieren. Als digitale Schule, die sich auch der Nachhaltigkeit verpflichtet, k\u00f6nnen wir so viele unserer Materialien wiederverwenden und f\u00fcr aktuellste Versionen immer auf diese Webseite erweisen. Auf diese Weise leben wir vor, was wir im Unterrichtsfach auch vermitteln wollen. Viele der Unterseiten sind noch leer und werden erst langsam im Lauf des Schuljahres mit Inhalten versehen. Wir bitten dies zu entschuldigen.<\/p>\n<p>Das Fach \u201eDigitale Welt\u201c verbindet grundlegende Kompetenzen der Informatik mit der \u2013 in der Berufswelt immer mehr eine Schl\u00fcsselrolle einnehmenden \u2013 \u00f6konomischen und \u00f6kologischen Bildung. Die Sch\u00fclerinnen und Sch\u00fcler lernen im Unterricht, wie digitale Technologien zur L\u00f6sung sozialer, \u00f6konomischer und \u00f6kologischer Problemstellungen beitragen k\u00f6nnen. \u201eVor dem Hintergrund der gro\u00dfen Herausforderungen von Globalisierung, dem Schutz unserer nat\u00fcrlichen Lebensgrundlagen sowie der Auswirkungen der Digitalisierung sind diese Kompetenzen erforderlich, damit junge Menschen gut ger\u00fcstet in die Arbeitswelt der Zukunft starten k\u00f6nnen. Mit der Einf\u00fchrung dieses neuen Schulversuchs sind wir bundesweit Vorreiter\u201c, unterstrich Minister Lorz.<\/p>\n<p>Kreisweit kann sich die Heinrich-B\u00f6ll-Schule als Vorreiter auf diesem Gebiet mit Fug und Recht bezeichnen. Als zertifizierte digitale Schule und Mint-Schule sind wir geradezu pr\u00e4destiniert als Pilotschule f\u00fcr das neue Fach.<\/p>\n<p>Bei dem neuen Pilot-Schulfach, das ab September 2022 ein Schuljahr lang in zw\u00f6lf weiterf\u00fchrenden Schulen mit rund 70 Klassen der Jahrgangsstufe 5 erprobt wird, steht die direkte Anwendung im Vordergrund. Im folgenden Schuljahr 2023\/24 erweiterte sich dieser Kreis um 50 weitere Schulen, w\u00e4hrend wir mit unseren Sch\u00fclerinnen und Sch\u00fclern digitale Welt in der Jahrgangsstufe 6 erprobten. Im aktuellen Schuljahr 2024\/25 erreichten nun erstmalig Sch\u00fclerinnen und Sch\u00fcler mit zwei Jahren Vorbildung in Digitale Welt den Anfang des Wahlpflichtunterrichts.<\/p>\n<p>Die Sch\u00fclerinnen und Sch\u00fcler lernen in zwei zus\u00e4tzlichen Schulstunden je Woche anhand konkreter Aufgaben unter anderem aus den Bereichen \u00d6konomie und \u00d6kologie informatische Grundlagen wie Programmieren oder die Funktionsweise von Algorithmen kennen. Zudem greift das Fach wichtige Themen wie Datenschutz, Cyberkriminalit\u00e4t und verantwortungsbewusste Mediennutzung auf.<\/p>\n<p>Weitere Informationen:<\/p>\n<ul>\n<li><a href=\"https:\/\/www.hbs-f\u00fcrth.de\/index.php\/digitale-welt\/allgemeines\/\">Allgemeines &#8211; Grundlegende Informationen zum Unterrichtsfach Digitale Welt<\/a><\/li>\n<li><a href=\"https:\/\/www.hbs-f\u00fcrth.de\/index.php\/digitale-welt\/computer-ueberall\/\">Themenfeld 1: Computer \u00fcberall<\/a><\/li>\n<li><a href=\"https:\/\/www.hbs-f\u00fcrth.de\/index.php\/digitale-welt\/information-daten\/\">Themenfeld 2: Information &amp; Daten<\/a><\/li>\n<li><a href=\"https:\/\/www.hbs-f\u00fcrth.de\/index.php\/digitale-welt\/grundlagen-der-programmierung\/\">Themenfeld 3: Grundlagen der Programmierung<\/a><\/li>\n<li><a href=\"https:\/\/www.hbs-f\u00fcrth.de\/index.php\/digitale-welt\/vernetzung\/\">Themenfeld 4: Vernetzung<\/a><\/li>\n<li><a href=\"https:\/\/www.hbs-f\u00fcrth.de\/index.php\/digitale-welt\/themenuebergreifende-projekte\/\">Themen\u00fcbergreifende Projekte<\/a><\/li>\n<li><a href=\"https:\/\/www.hbs-f\u00fcrth.de\/index.php\/digitale-welt\/wettbewerbe\/\">Wettbewerbe<\/a><\/li>\n<\/ul>\n<p>[\/et_pb_text][\/et_pb_column][\/et_pb_row][\/et_pb_section]<\/p>\n","protected":false},"excerpt":{"rendered":"<p>[et_pb_section fb_built=&#8220;1&#8243; _builder_version=&#8220;4.0.6&#8243;][et_pb_row admin_label=&#8220;Zeile&#8220; _builder_version=&#8220;4.0.6&#8243;][et_pb_column type=&#8220;4_4&#8243; _builder_version=&#8220;4.0.6&#8243;][et_pb_text _builder_version=&#8220;4.0.6&#8243; hover_enabled=&#8220;0&#8243;] Digitale Welt Hier entsteht der neue Auftritt f\u00fcr das Unterrichtsfach &#8222;Digitale Welt&#8220;, an dem wir \u00fcber das Fach informieren, \u00fcber unsere Erfahrungen als Pilotschule der ersten Stunde berichten und eine Reihe unserer Unterrichtsbeispiele inklusive Materialien als OER (Open Educational Resources) pr\u00e4sentieren. Als digitale Schule, die sich [&hellip;]<\/p>\n","protected":false},"author":12,"featured_media":0,"parent":0,"menu_order":0,"comment_status":"closed","ping_status":"closed","template":"","meta":{"_et_pb_use_builder":"on","_et_pb_old_content":"<p>Hier entstehen\u00a0<\/p>","footnotes":""},"class_list":["post-16408","page","type-page","status-publish","hentry"],"_links":{"self":[{"href":"https:\/\/www.xn--hbs-frth-b6a.de\/index.php\/wp-json\/wp\/v2\/pages\/16408","targetHints":{"allow":["GET"]}}],"collection":[{"href":"https:\/\/www.xn--hbs-frth-b6a.de\/index.php\/wp-json\/wp\/v2\/pages"}],"about":[{"href":"https:\/\/www.xn--hbs-frth-b6a.de\/index.php\/wp-json\/wp\/v2\/types\/page"}],"author":[{"embeddable":true,"href":"https:\/\/www.xn--hbs-frth-b6a.de\/index.php\/wp-json\/wp\/v2\/users\/12"}],"replies":[{"embeddable":true,"href":"https:\/\/www.xn--hbs-frth-b6a.de\/index.php\/wp-json\/wp\/v2\/comments?post=16408"}],"version-history":[{"count":14,"href":"https:\/\/www.xn--hbs-frth-b6a.de\/index.php\/wp-json\/wp\/v2\/pages\/16408\/revisions"}],"predecessor-version":[{"id":16943,"href":"https:\/\/www.xn--hbs-frth-b6a.de\/index.php\/wp-json\/wp\/v2\/pages\/16408\/revisions\/16943"}],"wp:attachment":[{"href":"https:\/\/www.xn--hbs-frth-b6a.de\/index.php\/wp-json\/wp\/v2\/media?parent=16408"}],"curies":[{"name":"wp","href":"https:\/\/api.w.org\/{rel}","templated":true}]}}