{"id":1053,"date":"2019-11-18T14:03:09","date_gmt":"2019-11-18T13:03:09","guid":{"rendered":"http:\/\/5.189.168.161\/hbs-fuerth\/?page_id=1053"},"modified":"2022-11-24T17:28:54","modified_gmt":"2022-11-24T16:28:54","slug":"technik","status":"publish","type":"page","link":"https:\/\/www.xn--hbs-frth-b6a.de\/index.php\/technik\/","title":{"rendered":"Technik"},"content":{"rendered":"<p>[et_pb_section fb_built=&#8220;1&#8243; _builder_version=&#8220;4.0.6&#8243;][et_pb_row column_structure=&#8220;3_4,1_4&#8243; _builder_version=&#8220;4.0.6&#8243;][et_pb_column type=&#8220;3_4&#8243; _builder_version=&#8220;4.0.6&#8243;][et_pb_text _builder_version=&#8220;4.0.6&#8243; hover_enabled=&#8220;0&#8243;]<\/p>\n<h1 class=\"textheading1\">Fachbereich Technik<\/h1>\n<p>&nbsp;<\/p>\n<p>Die Heinrich-B\u00f6ll-Schule hat es sich zur Aufgabe gemacht, die Sch\u00fcler und Sch\u00fclerinnen auf unterschiedlichste Weise auf das Berufsleben vorzubereiten. Neben den obligaten Praktika spielt der Wahlpflichtunterricht in dieser Hinsicht eine wichtige Rolle.<\/p>\n<p>Die Rahmenbedingungen im Technikbereich sind daf\u00fcr optimal.<\/p>\n<p>Es stehen R\u00e4ume zur Holz- und Metallbearbeitung, T\u00f6pfern sowie der CAD\/CNC Raum mit 18 Computerarbeitspl\u00e4tzen und 3 CNC-Fr\u00e4sen zur Verf\u00fcgung.<\/p>\n<p><img loading=\"lazy\" decoding=\"async\" class=\"alignnone wp-image-4073 size-large\" src=\"https:\/\/www.xn--hbs-frth-b6a.de\/wp-content\/uploads\/2021\/03\/cnsfraese-1024x313.png\" alt=\"Bild einer Fr\u00e4se\" width=\"1024\" height=\"313\" \/><\/p>\n<p>Zur Arbeitsvorbereitung steht ein sehr gut ausgestatteter Maschinenraum zur Verf\u00fcgung.<\/p>\n<p><img loading=\"lazy\" decoding=\"async\" class=\"alignnone wp-image-4069 size-large\" src=\"https:\/\/www.xn--hbs-frth-b6a.de\/wp-content\/uploads\/2021\/03\/maschinenraum-1024x307.png\" alt=\"Bild einer Absaugeinrichtung \" width=\"1024\" height=\"307\" \/><\/p>\n<p>Die Sch\u00fcler und Sch\u00fclerinnen haben die M\u00f6glichkeit, im 5. und 6. Jahrgang an Technikkursen (Holzbearbeitung) und der Kreativ-AG teilzunehmen.<\/p>\n<p><img loading=\"lazy\" decoding=\"async\" class=\"alignnone wp-image-4070 size-large\" src=\"https:\/\/www.xn--hbs-frth-b6a.de\/wp-content\/uploads\/2021\/03\/werkraum-1024x288.png\" alt=\"Bild eines Werkraums\" width=\"1024\" height=\"288\" \/><\/p>\n<p>Ab dem 7. Jahrgang werden im Rahmen des Wahlpflichtunterrichts Kurse in T\u00f6pfern, Technischem Zeichnen, Holzbearbeitung, Metallbearbeitung sowie CAD\/CNC angeboten.<\/p>\n<p><img loading=\"lazy\" decoding=\"async\" class=\"alignnone wp-image-4050 size-large\" src=\"https:\/\/www.xn--hbs-frth-b6a.de\/wp-content\/uploads\/2021\/03\/wpu_technik_angebot-1024x313.png\" alt=\"Bild: Tabellarische Auflistung von Wahlpflichtthemen\" width=\"1024\" height=\"313\" \/><\/p>\n<p>Im Laufe des Unterrichts werden grundlegende Arbeitstechniken sowie Grundkenntnisse im Umgang mit Werkzeugen und einfachen Maschinen, der Materialkunde, dem Verhalten an Arbeitspl\u00e4tzen und der Arbeitssicherheit vermittelt.<\/p>\n<p>Die hergestellten Werkst\u00fccke reichen von einfachen Gebrauchs- und Dekogegenst\u00e4nden bis hin zu M\u00f6beln.<\/p>\n<p>Im 10. Jahrgang werden zur Zeit Kurse zum Thema Upcycling und M\u00f6belbau angeboten. Hier k\u00f6nnen die Sch\u00fcler und Sch\u00fclerinnen mit ihren erworbenen Kenntnissen eigene Projekte umsetzen. Unterst\u00fctzt werden sie durch erfahrene Handwerksmeister.<\/p>\n<p>Die Ausstattung des Technikbereichs und das Kursangebot ist wohl einmalig in der Bergstr\u00e4\u00dfer Schullandschaft.<\/p>\n<p>[\/et_pb_text][\/et_pb_column][et_pb_column type=&#8220;1_4&#8243; _builder_version=&#8220;4.0.6&#8243;][et_pb_blog posts_number=&#8220;3&#8243; _builder_version=&#8220;4.0.6&#8243;][\/et_pb_blog][\/et_pb_column][\/et_pb_row][\/et_pb_section]<\/p>\n","protected":false},"excerpt":{"rendered":"<p>[et_pb_section fb_built=&#8220;1&#8243; _builder_version=&#8220;4.0.6&#8243;][et_pb_row column_structure=&#8220;3_4,1_4&#8243; _builder_version=&#8220;4.0.6&#8243;][et_pb_column type=&#8220;3_4&#8243; _builder_version=&#8220;4.0.6&#8243;][et_pb_text _builder_version=&#8220;4.0.6&#8243; hover_enabled=&#8220;0&#8243;] Fachbereich Technik &nbsp; Die Heinrich-B\u00f6ll-Schule hat es sich zur Aufgabe gemacht, die Sch\u00fcler und Sch\u00fclerinnen auf unterschiedlichste Weise auf das Berufsleben vorzubereiten. Neben den obligaten Praktika spielt der Wahlpflichtunterricht in dieser Hinsicht eine wichtige Rolle. Die Rahmenbedingungen im Technikbereich sind daf\u00fcr optimal. Es stehen R\u00e4ume zur [&hellip;]<\/p>\n","protected":false},"author":2,"featured_media":0,"parent":0,"menu_order":0,"comment_status":"closed","ping_status":"closed","template":"","meta":{"_et_pb_use_builder":"on","_et_pb_old_content":"","footnotes":""},"class_list":["post-1053","page","type-page","status-publish","hentry"],"_links":{"self":[{"href":"https:\/\/www.xn--hbs-frth-b6a.de\/index.php\/wp-json\/wp\/v2\/pages\/1053","targetHints":{"allow":["GET"]}}],"collection":[{"href":"https:\/\/www.xn--hbs-frth-b6a.de\/index.php\/wp-json\/wp\/v2\/pages"}],"about":[{"href":"https:\/\/www.xn--hbs-frth-b6a.de\/index.php\/wp-json\/wp\/v2\/types\/page"}],"author":[{"embeddable":true,"href":"https:\/\/www.xn--hbs-frth-b6a.de\/index.php\/wp-json\/wp\/v2\/users\/2"}],"replies":[{"embeddable":true,"href":"https:\/\/www.xn--hbs-frth-b6a.de\/index.php\/wp-json\/wp\/v2\/comments?post=1053"}],"version-history":[{"count":6,"href":"https:\/\/www.xn--hbs-frth-b6a.de\/index.php\/wp-json\/wp\/v2\/pages\/1053\/revisions"}],"predecessor-version":[{"id":6077,"href":"https:\/\/www.xn--hbs-frth-b6a.de\/index.php\/wp-json\/wp\/v2\/pages\/1053\/revisions\/6077"}],"wp:attachment":[{"href":"https:\/\/www.xn--hbs-frth-b6a.de\/index.php\/wp-json\/wp\/v2\/media?parent=1053"}],"curies":[{"name":"wp","href":"https:\/\/api.w.org\/{rel}","templated":true}]}}