{"id":1031,"date":"2019-11-18T13:58:49","date_gmt":"2019-11-18T12:58:49","guid":{"rendered":"http:\/\/5.189.168.161\/hbs-fuerth\/?page_id=1031"},"modified":"2022-11-25T11:06:01","modified_gmt":"2022-11-25T10:06:01","slug":"kunst","status":"publish","type":"page","link":"https:\/\/www.xn--hbs-frth-b6a.de\/index.php\/kunst\/","title":{"rendered":"Kunst"},"content":{"rendered":"<p>[et_pb_section fb_built=&#8220;1&#8243; _builder_version=&#8220;4.0.6&#8243; custom_padding=&#8220;42px|||||&#8220;][et_pb_row column_structure=&#8220;3_4,1_4&#8243; _builder_version=&#8220;4.0.6&#8243; custom_margin=&#8220;-6px|auto||auto||&#8220; custom_padding=&#8220;0px|||||&#8220;][et_pb_column type=&#8220;3_4&#8243; _builder_version=&#8220;4.0.6&#8243;][et_pb_text _builder_version=&#8220;4.0.6&#8243; hover_enabled=&#8220;0&#8243;]<\/p>\n<div class=\"Preview_row__3Fkye row\">\n<div class=\"Preview_componentWrapper__2i4QI\" data-id=\"D0D32719-8443-4162-A559-7317B5067D2D\" data-kind=\"TEXT\">\n<div class=\"Preview_component__SbiKo text-align-null\" data-id=\"D0D32719-8443-4162-A559-7317B5067D2D\" data-kind=\"Component\" data-specific-kind=\"TEXT\">\n<div class=\"styles_contentContainer__lrPIa textnormal styles_text__3jGMu\" data-mve-font-change=\"0\">\n<h1 class=\"textheading1\">Fachbereich Kunst<\/h1>\n<\/div>\n<\/div>\n<\/div>\n<\/div>\n<div class=\"Preview_row__3Fkye row\">\n<div class=\"Preview_componentWrapper__2i4QI\" data-id=\"09535C12-10AB-41E1-8546-AC12BA78840C\" data-kind=\"TEXT\">\n<div class=\"Preview_component__SbiKo text-align-null\" data-id=\"09535C12-10AB-41E1-8546-AC12BA78840C\" data-kind=\"Component\" data-specific-kind=\"TEXT\">\n<div class=\"styles_contentContainer__lrPIa textnormal styles_text__3jGMu\" data-mve-font-change=\"0\">\n<p>Das Fach Kunst wird in den Jahrg\u00e4ngen 5, 6, 9 und 10 unterrichtet. In den Jahrg\u00e4ngen 7, 8, 9 und 10 werden dann im Wahlpflichtunterricht verschiedene Kunst-Kurse wie z.B. \u201eMalen mit Acrylfarben\u201c oder \u201eWebdesign\u201c angeboten.<\/p>\n<p>Im Fach Kunst geht es um die Entwicklung von Kreativit\u00e4t, die Aneignung von Fertigkeiten zur Herstellung eigener Kunstwerke und um die reflexive Auseinandersetzung mit Kunst und \u00c4sthetik.<\/p>\n<p>Die besondere Bedeutung von Kunst an unserer Schule ist in Zusammenhang mit den Inhalten unseres Leitbildes zu sehen. In diesem Sinne geht es uns darum, dass unsere Sch\u00fcler sich als schaffende und wirkende, als selbstt\u00e4tige Menschen erleben, die stolz auf das sind, was sie unter Anleitung produziert haben. So werden auch Kunstwerke der Sch\u00fcler im Klassenraum, im Schulgeb\u00e4ude und im Foyer ausgestellt und die Sch\u00fcler k\u00f6nnen dar\u00fcber hinaus an einer organisierten Vernissage\/Ausstellung mitwirken.<\/p>\n<p>Die Sch\u00fcler sollen wissen, dass das, was sie tun, wichtig ist und von anderen wahrgenommen wird. Das st\u00e4rkt zum einen ihr Selbstbewusstsein und zum anderen f\u00f6rdert der Spa\u00df am Produzieren von eigenen Werken die Leistungsbereitschaft.<\/p>\n<\/div>\n<\/div>\n<\/div>\n<\/div>\n<p>[\/et_pb_text][et_pb_text _builder_version=&#8220;4.0.6&#8243; hover_enabled=&#8220;0&#8243;]<\/p>\n<div class=\"Preview_row__3Fkye row\">\n<div class=\"Preview_componentWrapper__2i4QI\" data-id=\"CC52BD0A-17DA-48FF-AD07-DBDCD79AC8BB\" data-kind=\"TEXT\">\n<div class=\"Preview_component__SbiKo text-align-null\" data-id=\"CC52BD0A-17DA-48FF-AD07-DBDCD79AC8BB\" data-kind=\"Component\" data-specific-kind=\"TEXT\">\n<div class=\"styles_contentContainer__lrPIa textnormal styles_text__3jGMu\" data-mve-font-change=\"0\">\n<h2 class=\"textheading3\">Thema: Tiere abstrahieren<\/h2>\n<\/div>\n<\/div>\n<\/div>\n<\/div>\n<div class=\"Preview_row__3Fkye row\">\n<div class=\"Preview_componentWrapper__2i4QI\" data-id=\"8545C7FB-2B19-4145-A9C9-7385581B0437\" data-kind=\"TEXT\">\n<div class=\"Preview_component__SbiKo text-align-null\" data-id=\"8545C7FB-2B19-4145-A9C9-7385581B0437\" data-kind=\"Component\" data-specific-kind=\"TEXT\">\n<div class=\"styles_contentContainer__lrPIa textnormal styles_text__3jGMu\" data-mve-font-change=\"0\">\n<p>Kursleitung: Frau Burniki<\/p>\n<p>Klasse: 5\/1 (2019\/2020)<\/p>\n<p>Im Zuge des plastischen Gestaltens abstrahieren Sch\u00fcler Tiere ihrer Wahl mithilfe von geometrischen Holzformen. Die Gestaltungsprozesse wurden in Skizzen festgehalten. Zur Inspiration wurden ihnen zahlreiche Werke aus der Kunstgeschichte gezeigt.<\/p>\n<\/div>\n<\/div>\n<\/div>\n<\/div>\n<p>[\/et_pb_text][et_pb_gallery gallery_ids=&#8220;1075,1074,1073,1072&#8243; fullwidth=&#8220;on&#8220; _builder_version=&#8220;4.0.6&#8243; width=&#8220;50%&#8220; module_alignment=&#8220;center&#8220; custom_padding=&#8220;|1px||1px||&#8220; auto=&#8220;on&#8220; auto_speed=&#8220;5000&#8243; hover_enabled=&#8220;0&#8243;][\/et_pb_gallery][et_pb_text _builder_version=&#8220;4.0.6&#8243; hover_enabled=&#8220;0&#8243;]<\/p>\n<div class=\"Preview_row__3Fkye row\">\n<div class=\"Preview_componentWrapper__2i4QI\" data-id=\"A80DC514-80CA-44B4-A637-1532A13D32CA\" data-kind=\"TEXT\">\n<div class=\"Preview_component__SbiKo text-align-null\" data-id=\"A80DC514-80CA-44B4-A637-1532A13D32CA\" data-kind=\"Component\" data-specific-kind=\"TEXT\">\n<div class=\"styles_contentContainer__lrPIa textnormal styles_text__3jGMu\" data-mve-font-change=\"0\">\n<h2 class=\"textheading3\">Thema: Verfremdung von Verpackungen<\/h2>\n<\/div>\n<\/div>\n<\/div>\n<\/div>\n<div class=\"Preview_row__3Fkye row\">\n<div class=\"Preview_componentWrapper__2i4QI\" data-id=\"02A64D67-A4DD-422F-A6BB-2911AC9CC01F\" data-kind=\"TEXT\">\n<div class=\"Preview_component__SbiKo text-align-null\" data-id=\"02A64D67-A4DD-422F-A6BB-2911AC9CC01F\" data-kind=\"Component\" data-specific-kind=\"TEXT\">\n<div class=\"styles_contentContainer__lrPIa textnormal styles_text__3jGMu\" data-mve-font-change=\"0\">\n<p>Kursleitung: Frau Burniki<\/p>\n<p>Klasse: 5\/1 (2019\/2020)<\/p>\n<p>Die Sch\u00fcler der Klasse 5\/1 verfremden unterschiedliche Verpackungen, sodass der Eindruck entsteht, als ob das jeweilige Produkt aufgrund der Gr\u00f6\u00dfe nicht hineinpassen k\u00f6nnte.<\/p>\n<p>Ihre kreativen Ideen setzen sie mit Stift, Pinsel und Acrylfarbe um.<\/p>\n<p>Im Vorfeld wurden einige Verpackungen exemplarisch besprochen und hinsichtlich des Aufbaus, der Schrift, Farbe und der Wirkung analysiert<\/p>\n<\/div>\n<\/div>\n<\/div>\n<\/div>\n<p>[\/et_pb_text][et_pb_gallery gallery_ids=&#8220;1079,1078,1077,1076&#8243; fullwidth=&#8220;on&#8220; _builder_version=&#8220;4.0.6&#8243; width=&#8220;50%&#8220; module_alignment=&#8220;center&#8220; auto=&#8220;on&#8220; auto_speed=&#8220;5000&#8243;][\/et_pb_gallery][et_pb_text _builder_version=&#8220;4.0.6&#8243; hover_enabled=&#8220;0&#8243;]<\/p>\n<div class=\"Preview_row__3Fkye row\">\n<div class=\"Preview_componentWrapper__2i4QI\" data-id=\"F96A7597-6618-49E4-846E-85A6AB91D65B\" data-kind=\"TEXT\">\n<div class=\"Preview_component__SbiKo text-align-null\" data-id=\"F96A7597-6618-49E4-846E-85A6AB91D65B\" data-kind=\"Component\" data-specific-kind=\"TEXT\">\n<div class=\"styles_contentContainer__lrPIa textnormal styles_text__3jGMu\" data-mve-font-change=\"0\">\n<h2 class=\"textheading3\">Thema: Robert Delaunay<\/h2>\n<\/div>\n<\/div>\n<\/div>\n<\/div>\n<div class=\"Preview_row__3Fkye row\">\n<div class=\"Preview_componentWrapper__2i4QI\" data-id=\"541D0F59-DE26-45C6-B841-8687C2E164CE\" data-kind=\"TEXT\">\n<div class=\"Preview_component__SbiKo text-align-null\" data-id=\"541D0F59-DE26-45C6-B841-8687C2E164CE\" data-kind=\"Component\" data-specific-kind=\"TEXT\">\n<div class=\"styles_contentContainer__lrPIa textnormal styles_text__3jGMu\" data-mve-font-change=\"0\">\n<p>Kursleitung: Frau G\u00f6ttmann-Eich<\/p>\n<p>Klasse: 10\/3 (2019\/2020)<\/p>\n<\/div>\n<\/div>\n<\/div>\n<\/div>\n<p>[\/et_pb_text][et_pb_gallery gallery_ids=&#8220;1081,1080&#8243; fullwidth=&#8220;on&#8220; _builder_version=&#8220;4.0.6&#8243; width=&#8220;50%&#8220; module_alignment=&#8220;center&#8220; auto=&#8220;on&#8220; auto_speed=&#8220;5000&#8243;][\/et_pb_gallery][et_pb_text _builder_version=&#8220;4.0.6&#8243; hover_enabled=&#8220;0&#8243;]<\/p>\n<div class=\"Preview_row__3Fkye row\">\n<div class=\"Preview_componentWrapper__2i4QI\" data-id=\"CBD320E6-A0E1-4C91-8032-80FF4EAE009E\" data-kind=\"TEXT\">\n<div class=\"Preview_component__SbiKo text-align-null\" data-id=\"CBD320E6-A0E1-4C91-8032-80FF4EAE009E\" data-kind=\"Component\" data-specific-kind=\"TEXT\">\n<div class=\"styles_contentContainer__lrPIa textnormal styles_text__3jGMu\" data-mve-font-change=\"0\">\n<h2 class=\"textheading3\">Thema: Gustav Klimt<\/h2>\n<\/div>\n<\/div>\n<\/div>\n<\/div>\n<div class=\"Preview_row__3Fkye row\">\n<div class=\"Preview_componentWrapper__2i4QI\" data-id=\"A1B23D69-41C7-420C-9F0B-9E3E436EE213\" data-kind=\"TEXT\">\n<div class=\"Preview_component__SbiKo text-align-null\" data-id=\"A1B23D69-41C7-420C-9F0B-9E3E436EE213\" data-kind=\"Component\" data-specific-kind=\"TEXT\">\n<div class=\"styles_contentContainer__lrPIa textnormal styles_text__3jGMu\" data-mve-font-change=\"0\">\n<p>Kursleitung: Frau G\u00f6ttmann-Eich<\/p>\n<p>Klasse: 10\/3 (2019\/2020)<\/p>\n<\/div>\n<\/div>\n<\/div>\n<\/div>\n<p>[\/et_pb_text][et_pb_gallery gallery_ids=&#8220;1083,1082&#8243; fullwidth=&#8220;on&#8220; _builder_version=&#8220;4.0.6&#8243; width=&#8220;50%&#8220; module_alignment=&#8220;center&#8220; auto=&#8220;on&#8220; auto_speed=&#8220;5000&#8243;][\/et_pb_gallery][\/et_pb_column][et_pb_column type=&#8220;1_4&#8243; _builder_version=&#8220;4.0.6&#8243;][et_pb_blog posts_number=&#8220;3&#8243; _builder_version=&#8220;4.0.6&#8243;][\/et_pb_blog][\/et_pb_column][\/et_pb_row][\/et_pb_section]<\/p>\n","protected":false},"excerpt":{"rendered":"<p>[et_pb_section fb_built=&#8220;1&#8243; _builder_version=&#8220;4.0.6&#8243; custom_padding=&#8220;42px|||||&#8220;][et_pb_row column_structure=&#8220;3_4,1_4&#8243; _builder_version=&#8220;4.0.6&#8243; custom_margin=&#8220;-6px|auto||auto||&#8220; custom_padding=&#8220;0px|||||&#8220;][et_pb_column type=&#8220;3_4&#8243; _builder_version=&#8220;4.0.6&#8243;][et_pb_text _builder_version=&#8220;4.0.6&#8243; hover_enabled=&#8220;0&#8243;] Fachbereich Kunst Das Fach Kunst wird in den Jahrg\u00e4ngen 5, 6, 9 und 10 unterrichtet. In den Jahrg\u00e4ngen 7, 8, 9 und 10 werden dann im Wahlpflichtunterricht verschiedene Kunst-Kurse wie z.B. \u201eMalen mit Acrylfarben\u201c oder \u201eWebdesign\u201c angeboten. Im Fach Kunst geht es um [&hellip;]<\/p>\n","protected":false},"author":2,"featured_media":0,"parent":0,"menu_order":0,"comment_status":"closed","ping_status":"closed","template":"","meta":{"_et_pb_use_builder":"on","_et_pb_old_content":"","footnotes":""},"class_list":["post-1031","page","type-page","status-publish","hentry"],"_links":{"self":[{"href":"https:\/\/www.xn--hbs-frth-b6a.de\/index.php\/wp-json\/wp\/v2\/pages\/1031","targetHints":{"allow":["GET"]}}],"collection":[{"href":"https:\/\/www.xn--hbs-frth-b6a.de\/index.php\/wp-json\/wp\/v2\/pages"}],"about":[{"href":"https:\/\/www.xn--hbs-frth-b6a.de\/index.php\/wp-json\/wp\/v2\/types\/page"}],"author":[{"embeddable":true,"href":"https:\/\/www.xn--hbs-frth-b6a.de\/index.php\/wp-json\/wp\/v2\/users\/2"}],"replies":[{"embeddable":true,"href":"https:\/\/www.xn--hbs-frth-b6a.de\/index.php\/wp-json\/wp\/v2\/comments?post=1031"}],"version-history":[{"count":10,"href":"https:\/\/www.xn--hbs-frth-b6a.de\/index.php\/wp-json\/wp\/v2\/pages\/1031\/revisions"}],"predecessor-version":[{"id":6242,"href":"https:\/\/www.xn--hbs-frth-b6a.de\/index.php\/wp-json\/wp\/v2\/pages\/1031\/revisions\/6242"}],"wp:attachment":[{"href":"https:\/\/www.xn--hbs-frth-b6a.de\/index.php\/wp-json\/wp\/v2\/media?parent=1031"}],"curies":[{"name":"wp","href":"https:\/\/api.w.org\/{rel}","templated":true}]}}

<p>[et_pb_section fb_built=&#8220;1&#8243; _builder_version=&#8220;4.0.6&#8243; custom_padding=&#8220;42px|||||&#8220;][et_pb_row column_structure=&#8220;3_4,1_4&#8243; _builder_version=&#8220;4.0.6&#8243; custom_margin=&#8220;-6px|auto||auto||&#8220; custom_padding=&#8220;0px|||||&#8220;][et_pb_column type=&#8220;3_4&#8243; _builder_version=&#8220;4.0.6&#8243;][et_pb_text _builder_version=&#8220;4.0.6&#8243; hover_enabled=&#8220;0&#8243;]</p>
<div class="Preview_row__3Fkye row">
<div class="Preview_componentWrapper__2i4QI" data-id="D0D32719-8443-4162-A559-7317B5067D2D" data-kind="TEXT">
<div class="Preview_component__SbiKo text-align-null" data-id="D0D32719-8443-4162-A559-7317B5067D2D" data-kind="Component" data-specific-kind="TEXT">
<div class="styles_contentContainer__lrPIa textnormal styles_text__3jGMu" data-mve-font-change="0">
<h1 class="textheading1">Fachbereich Kunst</h1>
</div>
</div>
</div>
</div>
<div class="Preview_row__3Fkye row">
<div class="Preview_componentWrapper__2i4QI" data-id="09535C12-10AB-41E1-8546-AC12BA78840C" data-kind="TEXT">
<div class="Preview_component__SbiKo text-align-null" data-id="09535C12-10AB-41E1-8546-AC12BA78840C" data-kind="Component" data-specific-kind="TEXT">
<div class="styles_contentContainer__lrPIa textnormal styles_text__3jGMu" data-mve-font-change="0">
<p>Das Fach Kunst wird in den Jahrgängen 5, 6, 9 und 10 unterrichtet. In den Jahrgängen 7, 8, 9 und 10 werden dann im Wahlpflichtunterricht verschiedene Kunst-Kurse wie z.B. „Malen mit Acrylfarben“ oder „Webdesign“ angeboten.</p>
<p>Im Fach Kunst geht es um die Entwicklung von Kreativität, die Aneignung von Fertigkeiten zur Herstellung eigener Kunstwerke und um die reflexive Auseinandersetzung mit Kunst und Ästhetik.</p>
<p>Die besondere Bedeutung von Kunst an unserer Schule ist in Zusammenhang mit den Inhalten unseres Leitbildes zu sehen. In diesem Sinne geht es uns darum, dass unsere Schüler sich als schaffende und wirkende, als selbsttätige Menschen erleben, die stolz auf das sind, was sie unter Anleitung produziert haben. So werden auch Kunstwerke der Schüler im Klassenraum, im Schulgebäude und im Foyer ausgestellt und die Schüler können darüber hinaus an einer organisierten Vernissage/Ausstellung mitwirken.</p>
<p>Die Schüler sollen wissen, dass das, was sie tun, wichtig ist und von anderen wahrgenommen wird. Das stärkt zum einen ihr Selbstbewusstsein und zum anderen fördert der Spaß am Produzieren von eigenen Werken die Leistungsbereitschaft.</p>
</div>
</div>
</div>
</div>
<p>[/et_pb_text][et_pb_text _builder_version=&#8220;4.0.6&#8243; hover_enabled=&#8220;0&#8243;]</p>
<div class="Preview_row__3Fkye row">
<div class="Preview_componentWrapper__2i4QI" data-id="CC52BD0A-17DA-48FF-AD07-DBDCD79AC8BB" data-kind="TEXT">
<div class="Preview_component__SbiKo text-align-null" data-id="CC52BD0A-17DA-48FF-AD07-DBDCD79AC8BB" data-kind="Component" data-specific-kind="TEXT">
<div class="styles_contentContainer__lrPIa textnormal styles_text__3jGMu" data-mve-font-change="0">
<h2 class="textheading3">Thema: Tiere abstrahieren</h2>
</div>
</div>
</div>
</div>
<div class="Preview_row__3Fkye row">
<div class="Preview_componentWrapper__2i4QI" data-id="8545C7FB-2B19-4145-A9C9-7385581B0437" data-kind="TEXT">
<div class="Preview_component__SbiKo text-align-null" data-id="8545C7FB-2B19-4145-A9C9-7385581B0437" data-kind="Component" data-specific-kind="TEXT">
<div class="styles_contentContainer__lrPIa textnormal styles_text__3jGMu" data-mve-font-change="0">
<p>Kursleitung: Frau Burniki</p>
<p>Klasse: 5/1 (2019/2020)</p>
<p>Im Zuge des plastischen Gestaltens abstrahieren Schüler Tiere ihrer Wahl mithilfe von geometrischen Holzformen. Die Gestaltungsprozesse wurden in Skizzen festgehalten. Zur Inspiration wurden ihnen zahlreiche Werke aus der Kunstgeschichte gezeigt.</p>
</div>
</div>
</div>
</div>
<p>[/et_pb_text][et_pb_gallery gallery_ids=&#8220;1075,1074,1073,1072&#8243; fullwidth=&#8220;on&#8220; _builder_version=&#8220;4.0.6&#8243; width=&#8220;50%&#8220; module_alignment=&#8220;center&#8220; custom_padding=&#8220;|1px||1px||&#8220; auto=&#8220;on&#8220; auto_speed=&#8220;5000&#8243; hover_enabled=&#8220;0&#8243;][/et_pb_gallery][et_pb_text _builder_version=&#8220;4.0.6&#8243; hover_enabled=&#8220;0&#8243;]</p>
<div class="Preview_row__3Fkye row">
<div class="Preview_componentWrapper__2i4QI" data-id="A80DC514-80CA-44B4-A637-1532A13D32CA" data-kind="TEXT">
<div class="Preview_component__SbiKo text-align-null" data-id="A80DC514-80CA-44B4-A637-1532A13D32CA" data-kind="Component" data-specific-kind="TEXT">
<div class="styles_contentContainer__lrPIa textnormal styles_text__3jGMu" data-mve-font-change="0">
<h2 class="textheading3">Thema: Verfremdung von Verpackungen</h2>
</div>
</div>
</div>
</div>
<div class="Preview_row__3Fkye row">
<div class="Preview_componentWrapper__2i4QI" data-id="02A64D67-A4DD-422F-A6BB-2911AC9CC01F" data-kind="TEXT">
<div class="Preview_component__SbiKo text-align-null" data-id="02A64D67-A4DD-422F-A6BB-2911AC9CC01F" data-kind="Component" data-specific-kind="TEXT">
<div class="styles_contentContainer__lrPIa textnormal styles_text__3jGMu" data-mve-font-change="0">
<p>Kursleitung: Frau Burniki</p>
<p>Klasse: 5/1 (2019/2020)</p>
<p>Die Schüler der Klasse 5/1 verfremden unterschiedliche Verpackungen, sodass der Eindruck entsteht, als ob das jeweilige Produkt aufgrund der Größe nicht hineinpassen könnte.</p>
<p>Ihre kreativen Ideen setzen sie mit Stift, Pinsel und Acrylfarbe um.</p>
<p>Im Vorfeld wurden einige Verpackungen exemplarisch besprochen und hinsichtlich des Aufbaus, der Schrift, Farbe und der Wirkung analysiert</p>
</div>
</div>
</div>
</div>
<p>[/et_pb_text][et_pb_gallery gallery_ids=&#8220;1079,1078,1077,1076&#8243; fullwidth=&#8220;on&#8220; _builder_version=&#8220;4.0.6&#8243; width=&#8220;50%&#8220; module_alignment=&#8220;center&#8220; auto=&#8220;on&#8220; auto_speed=&#8220;5000&#8243;][/et_pb_gallery][et_pb_text _builder_version=&#8220;4.0.6&#8243; hover_enabled=&#8220;0&#8243;]</p>
<div class="Preview_row__3Fkye row">
<div class="Preview_componentWrapper__2i4QI" data-id="F96A7597-6618-49E4-846E-85A6AB91D65B" data-kind="TEXT">
<div class="Preview_component__SbiKo text-align-null" data-id="F96A7597-6618-49E4-846E-85A6AB91D65B" data-kind="Component" data-specific-kind="TEXT">
<div class="styles_contentContainer__lrPIa textnormal styles_text__3jGMu" data-mve-font-change="0">
<h2 class="textheading3">Thema: Robert Delaunay</h2>
</div>
</div>
</div>
</div>
<div class="Preview_row__3Fkye row">
<div class="Preview_componentWrapper__2i4QI" data-id="541D0F59-DE26-45C6-B841-8687C2E164CE" data-kind="TEXT">
<div class="Preview_component__SbiKo text-align-null" data-id="541D0F59-DE26-45C6-B841-8687C2E164CE" data-kind="Component" data-specific-kind="TEXT">
<div class="styles_contentContainer__lrPIa textnormal styles_text__3jGMu" data-mve-font-change="0">
<p>Kursleitung: Frau Göttmann-Eich</p>
<p>Klasse: 10/3 (2019/2020)</p>
</div>
</div>
</div>
</div>
<p>[/et_pb_text][et_pb_gallery gallery_ids=&#8220;1081,1080&#8243; fullwidth=&#8220;on&#8220; _builder_version=&#8220;4.0.6&#8243; width=&#8220;50%&#8220; module_alignment=&#8220;center&#8220; auto=&#8220;on&#8220; auto_speed=&#8220;5000&#8243;][/et_pb_gallery][et_pb_text _builder_version=&#8220;4.0.6&#8243; hover_enabled=&#8220;0&#8243;]</p>
<div class="Preview_row__3Fkye row">
<div class="Preview_componentWrapper__2i4QI" data-id="CBD320E6-A0E1-4C91-8032-80FF4EAE009E" data-kind="TEXT">
<div class="Preview_component__SbiKo text-align-null" data-id="CBD320E6-A0E1-4C91-8032-80FF4EAE009E" data-kind="Component" data-specific-kind="TEXT">
<div class="styles_contentContainer__lrPIa textnormal styles_text__3jGMu" data-mve-font-change="0">
<h2 class="textheading3">Thema: Gustav Klimt</h2>
</div>
</div>
</div>
</div>
<div class="Preview_row__3Fkye row">
<div class="Preview_componentWrapper__2i4QI" data-id="A1B23D69-41C7-420C-9F0B-9E3E436EE213" data-kind="TEXT">
<div class="Preview_component__SbiKo text-align-null" data-id="A1B23D69-41C7-420C-9F0B-9E3E436EE213" data-kind="Component" data-specific-kind="TEXT">
<div class="styles_contentContainer__lrPIa textnormal styles_text__3jGMu" data-mve-font-change="0">
<p>Kursleitung: Frau Göttmann-Eich</p>
<p>Klasse: 10/3 (2019/2020)</p>
</div>
</div>
</div>
</div>
<p>[/et_pb_text][et_pb_gallery gallery_ids=&#8220;1083,1082&#8243; fullwidth=&#8220;on&#8220; _builder_version=&#8220;4.0.6&#8243; width=&#8220;50%&#8220; module_alignment=&#8220;center&#8220; auto=&#8220;on&#8220; auto_speed=&#8220;5000&#8243;][/et_pb_gallery][/et_pb_column][et_pb_column type=&#8220;1_4&#8243; _builder_version=&#8220;4.0.6&#8243;][et_pb_blog posts_number=&#8220;3&#8243; _builder_version=&#8220;4.0.6&#8243;][/et_pb_blog][/et_pb_column][/et_pb_row][/et_pb_section]</p>

<p>[et_pb_section fb_built=&#8220;1&#8243; _builder_version=&#8220;4.0.6&#8243; custom_padding=&#8220;42px|||||&#8220;][et_pb_row column_structure=&#8220;3_4,1_4&#8243; _builder_version=&#8220;4.0.6&#8243; custom_margin=&#8220;-6px|auto||auto||&#8220; custom_padding=&#8220;0px|||||&#8220;][et_pb_column type=&#8220;3_4&#8243; _builder_version=&#8220;4.0.6&#8243;][et_pb_text _builder_version=&#8220;4.0.6&#8243; hover_enabled=&#8220;0&#8243;] Fachbereich Kunst Das Fach Kunst wird in den Jahrgängen 5, 6, 9 und 10 unterrichtet. In den Jahrgängen 7, 8, 9 und 10 werden dann im Wahlpflichtunterricht verschiedene Kunst-Kurse wie z.B. „Malen mit Acrylfarben“ oder „Webdesign“ angeboten. Im Fach Kunst geht es um [&hellip;]</p>
