{"id":1027,"date":"2019-11-18T13:57:54","date_gmt":"2019-11-18T12:57:54","guid":{"rendered":"http:\/\/5.189.168.161\/hbs-fuerth\/?page_id=1027"},"modified":"2024-09-11T23:25:10","modified_gmt":"2024-09-11T21:25:10","slug":"informatik","status":"publish","type":"page","link":"https:\/\/www.xn--hbs-frth-b6a.de\/index.php\/informatik\/","title":{"rendered":"Informatik"},"content":{"rendered":"<p>[et_pb_section fb_built=&#8220;1&#8243; _builder_version=&#8220;4.0.6&#8243;][et_pb_row column_structure=&#8220;3_4,1_4&#8243; _builder_version=&#8220;4.0.6&#8243;][et_pb_column type=&#8220;3_4&#8243; _builder_version=&#8220;4.0.6&#8243;][et_pb_text _builder_version=&#8220;4.0.6&#8243; hover_enabled=&#8220;0&#8243;]<\/p>\n<h1 class=\"textheading1\">Fach Informatik<\/h1>\n<h2>Digitale Welt<\/h2>\n<p>Das Fach \u201eDigitale Welt\u201c verbindet grundlegende Kompetenzen der Informatik mit der \u2013 in der Berufswelt immer mehr eine Schl\u00fcsselrolle einnehmenden \u2013 \u00f6konomischen und \u00f6kologischen Bildung. Es bildet den verpflichtenden Einstieg in das Themenfeld Informatik an der Heinrich-B\u00f6ll-Schule. Genauere Informationen zum Unterrichtsfach finden Sie <a href=\"https:\/\/www.xn--hbs-frth-b6a.de\/index.php\/digitale-welt\/\">hier<\/a>.<\/p>\n<p>&nbsp;<\/p>\n<h2 class=\"textheading2\">Wahlpflicht-Unterricht (WPU)<\/h2>\n<p>Der Informatikunterricht an der Heinrich-B\u00f6ll-Schule ist Bestandteil des Wahlpflicht-Unterrichts (WPU), der ab dem 7. Jahrgang erteilt wird. Hier haben die Sch\u00fclerinnen und Sch\u00fcler die M\u00f6glichkeit, sich jeweils f\u00fcr ein halbes oder ganzes\u00a0 Schuljahr in zwei Kurse im Umfang von jeweils zwei Wochenstunden einzuw\u00e4hlen.<\/p>\n<p><img loading=\"lazy\" decoding=\"async\" class=\"alignnone wp-image-4047 size-large\" src=\"https:\/\/www.xn--hbs-frth-b6a.de\/wp-content\/uploads\/2021\/03\/wpu_informatik_angebot-1024x316.png\" alt=\"Bild mit tabellarischer Auflistung von Schwerpunkten\" width=\"1024\" height=\"316\" \/><\/p>\n<p>F\u00fcr die Informatik sind das in den Jahrgangsstufen 7 und 8 folgende Kurse:<\/p>\n<ul class=\"mb-indent mobile-overpadded-left\">\n<li>Grundlagen von Windows und Einf\u00fchrung in Textverarbeitung<\/li>\n<li>Grundlagen der Tabellenkalkulation<\/li>\n<li>Grundlagen von Pr\u00e4sentationen<\/li>\n<\/ul>\n<p>F\u00fcr diese Kurse wird das Office-Paket von Microsoft verwendet.<\/p>\n<p>In den h\u00f6heren Jahrg\u00e4ngen finden Kurse statt, die sich entweder vertiefend mit den Office-Programmen besch\u00e4ftigen oder mit speziellen Inhalten wie Grafik- oder Webdesign und die \u00fcber ein ganzes Schuljahr hinweg laufen.<\/p>\n<p>&nbsp;<\/p>\n<h2>Arbeitsgemeinschaften<\/h2>\n<p>An der Heinrich-B\u00f6ll-Schule werden im Rahmen des Ganztagsangebots auch verschiedene Arbeitsgemeinschaften mit dem Schwerpunkt Informatik eingerichtet. Ein Augenmerk liegt hierbei auch darauf, besondere Angebote f\u00fcr M\u00e4dchen im MINT-Bereich zur Verf\u00fcgung zu stellen. Als MINT-freundliche Schule erhalten wir hier Zugang zu besonderen Angeboten, wie z.B. <a href=\"https:\/\/www.hbs-f\u00fcrth.de\/index.php\/informatik-aws-getit\/\">AWS-GetIT<\/a>.<\/p>\n<p>&nbsp;<\/p>\n<h2 class=\"textheading2\">Schulinterner Computerf\u00fchrerschein<\/h2>\n<p>Neben der Note, die am Ende eines Halbjahres erteilt wird, findet in jedem Informatikkurs auch eine theoretische oder praktische Pr\u00fcfung statt. Wer diese Pr\u00fcfung besteht, erh\u00e4lt eine Erfolgsbescheinigung. Sch\u00fclerinnen und Sch\u00fcler, die in ihrer Schullaufbahn mindestens drei dieser Nachweise erworben haben, erhalten den Computerf\u00fchrerschein der Heinrich-B\u00f6ll-Schule, der gerade bei Bewerbungen f\u00fcr Ausbildungspl\u00e4tze in diesem Bereich n\u00fctzlich ist.<\/p>\n<p>&nbsp;<\/p>\n<h2>Wettbewerbe<\/h2>\n<p>Alle Sch\u00fclerinnen und Sch\u00fcler der Heinrich-B\u00f6ll-Schule nehmen allj\u00e4hrlich am Informatik-Wettbewerb Informatik-Biber teil. Zus\u00e4tzlich steht den Sch\u00fclerinnen und Sch\u00fclern der Informatik-Kurse auch eine Begleitung f\u00fcr die Teilnahme am Jugendwettbewerb Informatik und dem Bundeswettbewerb Informatik zur Verf\u00fcgung.<\/p>\n<p><a href=\"https:\/\/www.xn--hbs-frth-b6a.de\/index.php\/informatik-wettbewerbe\/\">Link zu den Wettbewerben<\/a><\/p>\n<p>[\/et_pb_text][\/et_pb_column][et_pb_column type=&#8220;1_4&#8243; _builder_version=&#8220;4.0.6&#8243;][et_pb_blog posts_number=&#8220;3&#8243; include_categories=&#8220;24,28,10,9,7,26&#8243; _builder_version=&#8220;4.0.6&#8243;][\/et_pb_blog][\/et_pb_column][\/et_pb_row][\/et_pb_section]<\/p>\n","protected":false},"excerpt":{"rendered":"<p>[et_pb_section fb_built=&#8220;1&#8243; _builder_version=&#8220;4.0.6&#8243;][et_pb_row column_structure=&#8220;3_4,1_4&#8243; _builder_version=&#8220;4.0.6&#8243;][et_pb_column type=&#8220;3_4&#8243; _builder_version=&#8220;4.0.6&#8243;][et_pb_text _builder_version=&#8220;4.0.6&#8243; hover_enabled=&#8220;0&#8243;] Fach Informatik Digitale Welt Das Fach \u201eDigitale Welt\u201c verbindet grundlegende Kompetenzen der Informatik mit der \u2013 in der Berufswelt immer mehr eine Schl\u00fcsselrolle einnehmenden \u2013 \u00f6konomischen und \u00f6kologischen Bildung. Es bildet den verpflichtenden Einstieg in das Themenfeld Informatik an der Heinrich-B\u00f6ll-Schule. Genauere Informationen zum Unterrichtsfach finden [&hellip;]<\/p>\n","protected":false},"author":2,"featured_media":0,"parent":0,"menu_order":0,"comment_status":"closed","ping_status":"closed","template":"","meta":{"_et_pb_use_builder":"on","_et_pb_old_content":"","footnotes":""},"class_list":["post-1027","page","type-page","status-publish","hentry"],"_links":{"self":[{"href":"https:\/\/www.xn--hbs-frth-b6a.de\/index.php\/wp-json\/wp\/v2\/pages\/1027","targetHints":{"allow":["GET"]}}],"collection":[{"href":"https:\/\/www.xn--hbs-frth-b6a.de\/index.php\/wp-json\/wp\/v2\/pages"}],"about":[{"href":"https:\/\/www.xn--hbs-frth-b6a.de\/index.php\/wp-json\/wp\/v2\/types\/page"}],"author":[{"embeddable":true,"href":"https:\/\/www.xn--hbs-frth-b6a.de\/index.php\/wp-json\/wp\/v2\/users\/2"}],"replies":[{"embeddable":true,"href":"https:\/\/www.xn--hbs-frth-b6a.de\/index.php\/wp-json\/wp\/v2\/comments?post=1027"}],"version-history":[{"count":27,"href":"https:\/\/www.xn--hbs-frth-b6a.de\/index.php\/wp-json\/wp\/v2\/pages\/1027\/revisions"}],"predecessor-version":[{"id":16481,"href":"https:\/\/www.xn--hbs-frth-b6a.de\/index.php\/wp-json\/wp\/v2\/pages\/1027\/revisions\/16481"}],"wp:attachment":[{"href":"https:\/\/www.xn--hbs-frth-b6a.de\/index.php\/wp-json\/wp\/v2\/media?parent=1027"}],"curies":[{"name":"wp","href":"https:\/\/api.w.org\/{rel}","templated":true}]}}