{"id":1018,"date":"2019-11-18T12:48:14","date_gmt":"2019-11-18T11:48:14","guid":{"rendered":"http:\/\/5.189.168.161\/hbs-fuerth\/?page_id=1018"},"modified":"2026-04-02T11:46:31","modified_gmt":"2026-04-02T09:46:31","slug":"franzoesisch","status":"publish","type":"page","link":"https:\/\/www.xn--hbs-frth-b6a.de\/index.php\/franzoesisch\/","title":{"rendered":"Franz\u00f6sisch"},"content":{"rendered":"<p>[et_pb_section fb_built=&#8220;1&#8243; _builder_version=&#8220;4.0.6&#8243;][et_pb_row column_structure=&#8220;3_4,1_4&#8243; _builder_version=&#8220;4.0.6&#8243;][et_pb_column type=&#8220;3_4&#8243; _builder_version=&#8220;4.0.6&#8243;][et_pb_text _builder_version=&#8220;4.0.6&#8243; hover_enabled=&#8220;0&#8243;]<\/p>\n<h3><strong>Franz\u00f6sisch an der HBS \u2013 eine Erfolgsgeschichte<\/strong><\/h3>\n<p>Gerade die Fachschaft Franz\u00f6sisch zeigt eindrucksvoll, dass die Heinrich-B\u00f6ll-Schule auch auf gymnasialem Niveau \u00fcberzeugt. Nat\u00fcrlich ist eine zweite Fremdsprache an vielen Schulen Standard, doch das vielf\u00e4ltige Angebot der HBS braucht den Vergleich mit reinen Gymnasien keineswegs zu scheuen.<\/p>\n<p>Neben dem klassischen Franz\u00f6sischunterricht ist ein besonderes Aush\u00e4ngeschild die regelm\u00e4\u00dfige Teilnahme an den <strong>DELF-Pr\u00fcfungen<\/strong> (Dipl\u00f4me d\u2019\u00c9tudes en Langue Fran\u00e7aise), die seit 2009 fester Bestandteil unseres Schuljahres ist. Jedes Jahr stellen sich zahlreiche Sch\u00fclerinnen und Sch\u00fcler der Herausforderung, ein international anerkanntes Sprachzertifikat zu erwerben \u2013 mit gro\u00dfem Erfolg: Bereits \u00fcber 300 Jugendliche konnten das A1- oder A2-Diplom mit \u00fcberdurchschnittlich guten Ergebnissen abschlie\u00dfen. Zahlen, auf die so manches Gymnasium mit Stolz blicken w\u00fcrde.<\/p>\n<p>Doch damit nicht genug: Mehr als 40 Jahre lang organisierte die Fachschaft einen lebendigen <strong>Sch\u00fcleraustausch<\/strong> mit Partnerschulen in Thizy \u2013 bis 2019 fand dieser insgesamt 45-mal statt und wurde zu einem festen Bestandteil unseres Schulprofils. Seit 2005 ist au\u00dferdem die j\u00e4hrlich stattfindende <strong>Studienfahrt<\/strong> nach Paris ein Highlight im Franz\u00f6sischunterricht.<\/p>\n<p><img loading=\"lazy\" decoding=\"async\" src=\"https:\/\/www.xn--hbs-frth-b6a.de\/wp-content\/uploads\/2026\/04\/WhatsApp-Image-2026-02-18-at-20.02.09-scaled.jpeg\" width=\"708\" height=\"475\" alt=\"\" class=\"wp-image-23354 aligncenter size-full\" \/><\/p>\n<p>2024 konnte ein neues Kapitel aufgeschlagen werden: Zum ersten Mal nahm die HBS an einem <strong>Erasmus+-Projekt<\/strong> teil und arbeitete mit einem \u201ecoll\u00e8ge\u201c aus einem Pariser Vorort zusammen. Neben kulinarischen und kulturellen Eindr\u00fccken standen der Besuch einer franz\u00f6sischen Schule und der pers\u00f6nliche Austausch mit den Pariser Sch\u00fclerinnen und Sch\u00fclern im Mittelpunkt \u2013 eine einzigartige, bereichernde Erfahrung. Besonders sch\u00f6n: Der Gegenbesuch der franz\u00f6sischen G\u00e4ste im Odenwald war ebenso herzlich und inspirierend.<\/p>\n<p>Ein traditioneller H\u00f6hepunkt am Schuljahresende ist der <strong>\u201eFrankreichtag\u201c<\/strong>: In der letzten Woche vor den Sommerferien begeben sich alle Franz\u00f6sischlernenden auf einen Tagesausflug nach Stra\u00dfburg \u2013 ein kulturelles Erlebnis und ein lebendiger Abschluss des Schuljahres.<\/p>\n<h4><strong>Willst du auch Franz\u00f6sisch lernen? <\/strong><\/h4>\n<p>Derzeit unterrichten f\u00fcnf Lehrkr\u00e4fte an der HBS Franz\u00f6sisch: Frau Keil, Frau Schulze Icking, Herr Spottka, Frau von Jagow und Frau Walder.<\/p>\n<p>\u00a0<img loading=\"lazy\" decoding=\"async\" src=\"https:\/\/www.xn--hbs-frth-b6a.de\/wp-content\/uploads\/2026\/04\/WhatsApp-Image-2026-02-18-at-20.00.50.jpeg\" width=\"341\" height=\"454\" alt=\"\" class=\"wp-image-23355 aligncenter size-full\" \/><\/p>\n<p>An der HBS kann man ab der 7. Klasse Franz\u00f6sisch (verbindlich f\u00fcr zwei Jahre) w\u00e4hlen.<\/p>\n<p>Es wird vor allem den Sch\u00fclern\/innen empfohlen, die<\/p>\n<ul>\n<li>an Sprache und Sprachen gro\u00dfes Interesse haben<\/li>\n<li>gut in Englisch und Deutsch sind (A-Kurs, guter B-Kurs)<\/li>\n<li>sich f\u00fcr Frankreich und Franz\u00f6sisch wirklich interessieren<\/li>\n<li>an eine gymnasiale Oberstufe wechseln wollen.<\/li>\n<\/ul>\n<p>&nbsp;<\/p>\n<p>Ab der 8.Klasse wird in A- und B- Kurse differenziert und am Ende der 8.Klasse besteht die M\u00f6glichkeit, Franz\u00f6sisch abzuw\u00e4hlen.<\/p>\n<p>[\/et_pb_text][\/et_pb_column][et_pb_column type=&#8220;1_4&#8243; _builder_version=&#8220;4.0.6&#8243;][et_pb_blog posts_number=&#8220;3&#8243; _builder_version=&#8220;4.0.6&#8243;][\/et_pb_blog][\/et_pb_column][\/et_pb_row][\/et_pb_section]<\/p>\n","protected":false},"excerpt":{"rendered":"<p>[et_pb_section fb_built=&#8220;1&#8243; _builder_version=&#8220;4.0.6&#8243;][et_pb_row column_structure=&#8220;3_4,1_4&#8243; _builder_version=&#8220;4.0.6&#8243;][et_pb_column type=&#8220;3_4&#8243; _builder_version=&#8220;4.0.6&#8243;][et_pb_text _builder_version=&#8220;4.0.6&#8243; hover_enabled=&#8220;0&#8243;] Franz\u00f6sisch an der HBS \u2013 eine Erfolgsgeschichte Gerade die Fachschaft Franz\u00f6sisch zeigt eindrucksvoll, dass die Heinrich-B\u00f6ll-Schule auch auf gymnasialem Niveau \u00fcberzeugt. Nat\u00fcrlich ist eine zweite Fremdsprache an vielen Schulen Standard, doch das vielf\u00e4ltige Angebot der HBS braucht den Vergleich mit reinen Gymnasien keineswegs zu scheuen. Neben [&hellip;]<\/p>\n","protected":false},"author":2,"featured_media":0,"parent":0,"menu_order":0,"comment_status":"closed","ping_status":"closed","template":"","meta":{"_et_pb_use_builder":"on","_et_pb_old_content":"","footnotes":""},"class_list":["post-1018","page","type-page","status-publish","hentry"],"_links":{"self":[{"href":"https:\/\/www.xn--hbs-frth-b6a.de\/index.php\/wp-json\/wp\/v2\/pages\/1018","targetHints":{"allow":["GET"]}}],"collection":[{"href":"https:\/\/www.xn--hbs-frth-b6a.de\/index.php\/wp-json\/wp\/v2\/pages"}],"about":[{"href":"https:\/\/www.xn--hbs-frth-b6a.de\/index.php\/wp-json\/wp\/v2\/types\/page"}],"author":[{"embeddable":true,"href":"https:\/\/www.xn--hbs-frth-b6a.de\/index.php\/wp-json\/wp\/v2\/users\/2"}],"replies":[{"embeddable":true,"href":"https:\/\/www.xn--hbs-frth-b6a.de\/index.php\/wp-json\/wp\/v2\/comments?post=1018"}],"version-history":[{"count":9,"href":"https:\/\/www.xn--hbs-frth-b6a.de\/index.php\/wp-json\/wp\/v2\/pages\/1018\/revisions"}],"predecessor-version":[{"id":23357,"href":"https:\/\/www.xn--hbs-frth-b6a.de\/index.php\/wp-json\/wp\/v2\/pages\/1018\/revisions\/23357"}],"wp:attachment":[{"href":"https:\/\/www.xn--hbs-frth-b6a.de\/index.php\/wp-json\/wp\/v2\/media?parent=1018"}],"curies":[{"name":"wp","href":"https:\/\/api.w.org\/{rel}","templated":true}]}}